Last updated on 2024-07-01 03:49:09 CEST.
Flavor | Version | Tinstall | Tcheck | Ttotal | Status | Flags |
---|---|---|---|---|---|---|
r-devel-linux-x86_64-debian-clang | 0.0.1 | 11.85 | 85.17 | 97.02 | OK | |
r-devel-linux-x86_64-debian-gcc | 0.0.1 | 10.22 | 67.80 | 78.02 | OK | |
r-devel-linux-x86_64-fedora-clang | 0.0.1 | 123.78 | OK | |||
r-devel-linux-x86_64-fedora-gcc | 0.0.1 | 133.43 | OK | |||
r-devel-windows-x86_64 | 0.0.1 | 22.00 | 97.00 | 119.00 | OK | |
r-patched-linux-x86_64 | 0.0.1 | 9.77 | 82.89 | 92.66 | OK | |
r-release-linux-x86_64 | 0.0.1 | 9.26 | 80.92 | 90.18 | OK | |
r-release-macos-arm64 | 0.0.1 | 54.00 | NOTE | |||
r-release-macos-x86_64 | 0.0.1 | 87.00 | NOTE | |||
r-release-windows-x86_64 | 0.0.1 | 22.00 | 97.00 | 119.00 | OK | |
r-oldrel-macos-arm64 | 0.0.1 | 62.00 | NOTE | |||
r-oldrel-macos-x86_64 | 0.0.1 | 120.00 | NOTE | |||
r-oldrel-windows-x86_64 | 0.0.1 | 30.00 | 117.00 | 147.00 | OK |
Version: 0.0.1
Check: installed package size
Result: NOTE
installed size is 6.0Mb
sub-directories of 1Mb or more:
data 5.7Mb
Flavors: r-release-macos-arm64, r-release-macos-x86_64, r-oldrel-macos-arm64, r-oldrel-macos-x86_64