Last updated on 2024-07-01 03:49:09 CEST.
Flavor | Version | Tinstall | Tcheck | Ttotal | Status | Flags |
---|---|---|---|---|---|---|
r-devel-linux-x86_64-debian-clang | 0.2.6 | 86.26 | 268.13 | 354.39 | OK | |
r-devel-linux-x86_64-debian-gcc | 0.2.6 | 60.66 | 175.44 | 236.10 | OK | |
r-devel-linux-x86_64-fedora-clang | 0.2.6 | 452.31 | OK | |||
r-devel-linux-x86_64-fedora-gcc | 0.2.6 | 451.51 | OK | |||
r-devel-windows-x86_64 | 0.2.6 | 67.00 | 252.00 | 319.00 | OK | |
r-patched-linux-x86_64 | 0.2.6 | 75.24 | 257.41 | 332.65 | OK | |
r-release-linux-x86_64 | 0.2.6 | 75.50 | 221.13 | 296.63 | OK | |
r-release-macos-arm64 | 0.2.6 | 108.00 | NOTE | |||
r-release-macos-x86_64 | 0.2.6 | 181.00 | NOTE | |||
r-release-windows-x86_64 | 0.2.6 | 66.00 | 247.00 | 313.00 | OK | |
r-oldrel-macos-arm64 | 0.2.6 | 115.00 | NOTE | |||
r-oldrel-macos-x86_64 | 0.2.6 | 297.00 | NOTE | |||
r-oldrel-windows-x86_64 | 0.2.6 | 82.00 | 286.00 | 368.00 | OK |
Version: 0.2.6
Check: installed package size
Result: NOTE
installed size is 6.1Mb
sub-directories of 1Mb or more:
libs 4.7Mb
Flavors: r-release-macos-arm64, r-release-macos-x86_64, r-oldrel-macos-arm64, r-oldrel-macos-x86_64