Last updated on 2024-07-01 03:49:09 CEST.
Flavor | Version | Tinstall | Tcheck | Ttotal | Status | Flags |
---|---|---|---|---|---|---|
r-devel-linux-x86_64-debian-clang | 1.3.0 | 39.92 | 327.85 | 367.77 | NOTE | |
r-devel-linux-x86_64-debian-gcc | 1.3.0 | 36.00 | 236.67 | 272.67 | NOTE | |
r-devel-linux-x86_64-fedora-clang | 1.3.0.1 | 464.88 | NOTE | |||
r-devel-linux-x86_64-fedora-gcc | 1.3.0 | 429.14 | NOTE | |||
r-devel-windows-x86_64 | 1.3.0 | 30.00 | 222.00 | 252.00 | NOTE | |
r-patched-linux-x86_64 | 1.3.0 | 37.28 | 304.81 | 342.09 | NOTE | |
r-release-linux-x86_64 | 1.3.0 | 33.03 | 281.36 | 314.39 | NOTE | |
r-release-macos-arm64 | 1.3.0.1 | 124.00 | NOTE | |||
r-release-macos-x86_64 | 1.3.0.1 | 260.00 | NOTE | |||
r-release-windows-x86_64 | 1.3.0 | 30.00 | 223.00 | 253.00 | NOTE | |
r-oldrel-macos-arm64 | 1.3.0.1 | 158.00 | NOTE | |||
r-oldrel-macos-x86_64 | 1.3.0.1 | 254.00 | NOTE | |||
r-oldrel-windows-x86_64 | 1.3.0.1 | 26.00 | 186.00 | 212.00 | NOTE |
Version: 1.3.0
Check: package dependencies
Result: NOTE
Package suggested but not available for checking: ‘cmdstanr’
Flavors: r-devel-linux-x86_64-debian-clang, r-devel-linux-x86_64-debian-gcc, r-devel-linux-x86_64-fedora-gcc, r-devel-windows-x86_64, r-patched-linux-x86_64, r-release-linux-x86_64, r-release-windows-x86_64
Version: 1.3.0.1
Check: package dependencies
Result: NOTE
Package suggested but not available for checking: ‘cmdstanr’
Flavors: r-devel-linux-x86_64-fedora-clang, r-release-macos-arm64, r-release-macos-x86_64, r-oldrel-macos-arm64, r-oldrel-macos-x86_64, r-oldrel-windows-x86_64
Version: 1.3.0.1
Check: installed package size
Result: NOTE
installed size is 8.0Mb
sub-directories of 1Mb or more:
data 1.0Mb
doc 6.4Mb
Flavors: r-devel-linux-x86_64-fedora-clang, r-release-macos-arm64, r-release-macos-x86_64, r-oldrel-macos-arm64, r-oldrel-macos-x86_64, r-oldrel-windows-x86_64
Version: 1.3.0.1
Check: Rd cross-references
Result: NOTE
Undeclared package ‘gtable’ in Rd xrefs
Flavor: r-devel-linux-x86_64-fedora-clang
Version: 1.3.0
Check: installed package size
Result: NOTE
installed size is 8.0Mb
sub-directories of 1Mb or more:
data 1.0Mb
doc 6.4Mb
Flavors: r-devel-windows-x86_64, r-release-windows-x86_64