Last updated on 2024-07-01 03:49:09 CEST.
Flavor | Version | Tinstall | Tcheck | Ttotal | Status | Flags |
---|---|---|---|---|---|---|
r-devel-linux-x86_64-debian-clang | 0.4.3 | 18.98 | 159.05 | 178.03 | OK | |
r-devel-linux-x86_64-debian-gcc | 0.4.3 | 15.59 | 163.28 | 178.87 | OK | |
r-devel-linux-x86_64-fedora-clang | 0.4.3 | 316.27 | OK | |||
r-devel-linux-x86_64-fedora-gcc | 0.4.3 | 321.84 | OK | |||
r-devel-windows-x86_64 | 0.4.3 | 16.00 | 164.00 | 180.00 | OK | |
r-patched-linux-x86_64 | 0.4.3 | 14.14 | 182.16 | 196.30 | OK | |
r-release-linux-x86_64 | 0.4.3 | 14.20 | 208.15 | 222.35 | OK | |
r-release-macos-arm64 | 0.4.3 | 149.00 | NOTE | |||
r-release-macos-x86_64 | 0.4.3 | 127.00 | OK | |||
r-release-windows-x86_64 | 0.4.3 | 16.00 | 167.00 | 183.00 | OK | |
r-oldrel-macos-arm64 | 0.4.3 | 210.00 | NOTE | |||
r-oldrel-macos-x86_64 | 0.4.3 | 378.00 | NOTE | |||
r-oldrel-windows-x86_64 | 0.4.3 | 22.00 | 204.00 | 226.00 | OK |
Version: 0.4.3
Check: package dependencies
Result: NOTE
Package suggested but not available for checking: ‘leukemiasEset’
Flavor: r-release-macos-arm64
Version: 0.4.3
Check: package dependencies
Result: NOTE
Packages suggested but not available for checking:
'switchBox', 'leukemiasEset'
Flavors: r-oldrel-macos-arm64, r-oldrel-macos-x86_64