Last updated on 2024-07-02 15:50:45 CEST.
Flavor | Version | Tinstall | Tcheck | Ttotal | Status | Flags |
---|---|---|---|---|---|---|
r-devel-linux-x86_64-debian-clang | 0.3.5 | 3.19 | 33.97 | 37.16 | NOTE | |
r-devel-linux-x86_64-debian-gcc | 0.3.5 | 2.69 | 26.59 | 29.28 | NOTE | |
r-devel-linux-x86_64-fedora-clang | 0.3.5 | 45.97 | NOTE | |||
r-devel-linux-x86_64-fedora-gcc | 0.3.5 | 43.91 | NOTE | |||
r-devel-windows-x86_64 | 0.3.5 | 4.00 | 47.00 | 51.00 | NOTE | |
r-patched-linux-x86_64 | 0.3.5 | 3.06 | 32.93 | 35.99 | NOTE | |
r-release-linux-x86_64 | 0.3.5 | 2.88 | 32.78 | 35.66 | NOTE | |
r-release-macos-arm64 | 0.3.5 | 18.00 | NOTE | |||
r-release-macos-x86_64 | 0.3.5 | 27.00 | NOTE | |||
r-release-windows-x86_64 | 0.3.5 | 4.00 | 49.00 | 53.00 | NOTE | |
r-oldrel-macos-arm64 | 0.3.5 | 30.00 | NOTE | |||
r-oldrel-macos-x86_64 | 0.3.5 | 24.00 | NOTE | |||
r-oldrel-windows-x86_64 | 0.3.5 | 5.00 | 53.00 | 58.00 | NOTE |
Version: 0.3.5
Check: Rd files
Result: NOTE
checkRd: (-1) mkjnw.Rd:3: Escaped LaTeX specials: \&
checkRd: (-1) mkjnw.Rd:6: Escaped LaTeX specials: \&
Flavors: r-devel-linux-x86_64-debian-clang, r-devel-linux-x86_64-debian-gcc, r-devel-linux-x86_64-fedora-clang, r-devel-linux-x86_64-fedora-gcc, r-devel-windows-x86_64, r-patched-linux-x86_64, r-release-linux-x86_64, r-release-macos-arm64, r-release-macos-x86_64, r-release-windows-x86_64, r-oldrel-macos-arm64, r-oldrel-macos-x86_64, r-oldrel-windows-x86_64