Last updated on 2024-07-01 03:49:09 CEST.
Flavor | Version | Tinstall | Tcheck | Ttotal | Status | Flags |
---|---|---|---|---|---|---|
r-devel-linux-x86_64-debian-clang | 0.2-8 | 5.85 | 141.75 | 147.60 | OK | |
r-devel-linux-x86_64-debian-gcc | 0.2-8 | 3.64 | 96.09 | 99.73 | OK | |
r-devel-linux-x86_64-fedora-clang | 0.2-8 | 171.56 | NOTE | |||
r-devel-linux-x86_64-fedora-gcc | 0.2-8 | 180.37 | NOTE | |||
r-devel-windows-x86_64 | 0.2-8 | 10.00 | 138.00 | 148.00 | OK | |
r-patched-linux-x86_64 | 0.2-8 | 4.49 | 132.33 | 136.82 | OK | |
r-release-linux-x86_64 | 0.2-8 | 5.15 | 132.04 | 137.19 | OK | |
r-release-macos-arm64 | 0.2-8 | 61.00 | OK | |||
r-release-macos-x86_64 | 0.2-8 | 127.00 | OK | |||
r-release-windows-x86_64 | 0.2-8 | 10.00 | 142.00 | 152.00 | OK | |
r-oldrel-macos-arm64 | 0.2-8 | 85.00 | OK | |||
r-oldrel-macos-x86_64 | 0.2-8 | 182.00 | OK | |||
r-oldrel-windows-x86_64 | 0.2-8 | 11.00 | 154.00 | 165.00 | OK |
Version: 0.2-8
Check: data for non-ASCII characters
Result: NOTE
Note: found 121 marked UTF-8 strings
Flavors: r-devel-linux-x86_64-fedora-clang, r-devel-linux-x86_64-fedora-gcc