Last updated on 2024-07-01 03:49:09 CEST.
Flavor | Version | Tinstall | Tcheck | Ttotal | Status | Flags |
---|---|---|---|---|---|---|
r-devel-linux-x86_64-debian-clang | 1.0.0 | 7.13 | 111.14 | 118.27 | OK | |
r-devel-linux-x86_64-debian-gcc | 1.0.0 | 6.24 | 81.86 | 88.10 | OK | |
r-devel-linux-x86_64-fedora-clang | 1.0.0 | 145.01 | NOTE | |||
r-devel-linux-x86_64-fedora-gcc | 1.0.0 | 158.42 | OK | |||
r-devel-windows-x86_64 | 1.0.0 | 7.00 | 142.00 | 149.00 | OK | |
r-patched-linux-x86_64 | 1.0.0 | 5.35 | 105.51 | 110.86 | OK | |
r-release-linux-x86_64 | 1.0.0 | 5.16 | 104.37 | 109.53 | OK | |
r-release-macos-arm64 | 1.0.0 | 51.00 | OK | |||
r-release-macos-x86_64 | 1.0.0 | 70.00 | OK | |||
r-release-windows-x86_64 | 1.0.0 | 8.00 | 133.00 | 141.00 | OK | |
r-oldrel-macos-arm64 | 1.0.0 | 55.00 | OK | |||
r-oldrel-macos-x86_64 | 1.0.0 | 73.00 | NOTE | |||
r-oldrel-windows-x86_64 | 1.0.0 | 11.00 | 144.00 | 155.00 | OK |
Version: 1.0.0
Check: Rd cross-references
Result: NOTE
Undeclared package ‘graphlayouts’ in Rd xrefs
Flavor: r-devel-linux-x86_64-fedora-clang
Version: 1.0.0
Check: package dependencies
Result: NOTE
Package suggested but not available for checking: ‘ergm’
Flavor: r-oldrel-macos-x86_64