Last updated on 2024-07-01 03:49:08 CEST.
Flavor | Version | Tinstall | Tcheck | Ttotal | Status | Flags |
---|---|---|---|---|---|---|
r-devel-linux-x86_64-debian-clang | 3.5.4 | 248.64 | 321.93 | 570.57 | OK | |
r-devel-linux-x86_64-debian-gcc | 3.5.4 | 169.01 | 218.85 | 387.86 | OK | |
r-devel-linux-x86_64-fedora-clang | 3.5.4 | 755.04 | OK | |||
r-devel-linux-x86_64-fedora-gcc | 3.5.4 | 782.36 | OK | |||
r-devel-windows-x86_64 | 3.5.4 | 203.00 | 261.00 | 464.00 | OK | |
r-patched-linux-x86_64 | 3.5.4 | 213.30 | 303.34 | 516.64 | OK | |
r-release-linux-x86_64 | 3.5.4 | 211.33 | 299.00 | 510.33 | OK | |
r-release-macos-arm64 | 3.5.4 | 149.00 | NOTE | |||
r-release-macos-x86_64 | 3.5.4 | 198.00 | NOTE | |||
r-release-windows-x86_64 | 3.5.4 | 203.00 | 258.00 | 461.00 | OK | |
r-oldrel-macos-arm64 | 3.5.4 | 231.00 | NOTE | |||
r-oldrel-macos-x86_64 | 3.5.4 | 331.00 | NOTE | |||
r-oldrel-windows-x86_64 | 3.5.4 | 244.00 | 335.00 | 579.00 | OK |
Version: 3.5.4
Check: installed package size
Result: NOTE
installed size is 9.8Mb
sub-directories of 1Mb or more:
libs 8.2Mb
Flavors: r-release-macos-arm64, r-release-macos-x86_64, r-oldrel-macos-arm64, r-oldrel-macos-x86_64