Last updated on 2024-07-01 03:49:08 CEST.
Flavor | Version | Tinstall | Tcheck | Ttotal | Status | Flags |
---|---|---|---|---|---|---|
r-devel-linux-x86_64-debian-clang | 5.3 | 19.39 | 281.85 | 301.24 | NOTE | |
r-devel-linux-x86_64-debian-gcc | 5.3 | 12.27 | 191.97 | 204.24 | NOTE | |
r-devel-linux-x86_64-fedora-clang | 5.3 | 365.99 | NOTE | |||
r-devel-linux-x86_64-fedora-gcc | 5.3 | 361.74 | NOTE | |||
r-devel-windows-x86_64 | 5.3 | 17.00 | 195.00 | 212.00 | OK | |
r-patched-linux-x86_64 | 5.3 | 18.44 | 259.57 | 278.01 | NOTE | |
r-release-linux-x86_64 | 5.3 | 13.40 | 255.28 | 268.68 | NOTE | |
r-release-macos-arm64 | 5.3 | 90.00 | OK | |||
r-release-macos-x86_64 | 5.3 | 141.00 | OK | |||
r-release-windows-x86_64 | 5.3 | 16.00 | 193.00 | 209.00 | OK | |
r-oldrel-macos-arm64 | 5.3 | 102.00 | OK | |||
r-oldrel-macos-x86_64 | 5.3 | 142.00 | OK | |||
r-oldrel-windows-x86_64 | 5.3 | 23.00 | 236.00 | 259.00 | OK |
Version: 5.3
Check: package dependencies
Result: NOTE
Package suggested but not available for checking: ‘rglwidget’
Flavors: r-devel-linux-x86_64-debian-clang, r-devel-linux-x86_64-debian-gcc, r-devel-linux-x86_64-fedora-clang, r-devel-linux-x86_64-fedora-gcc, r-patched-linux-x86_64, r-release-linux-x86_64