Last updated on 2024-07-01 03:49:08 CEST.
Flavor | Version | Tinstall | Tcheck | Ttotal | Status | Flags |
---|---|---|---|---|---|---|
r-devel-linux-x86_64-debian-clang | 0.2.8 | 14.48 | 132.39 | 146.87 | OK | |
r-devel-linux-x86_64-debian-gcc | 0.2.8 | 12.19 | 97.42 | 109.61 | OK | |
r-devel-linux-x86_64-fedora-clang | 0.3.0 | 181.44 | OK | |||
r-devel-linux-x86_64-fedora-gcc | 0.2.8 | 169.79 | OK | |||
r-devel-windows-x86_64 | 0.2.8 | 14.00 | 100.00 | 114.00 | OK | |
r-patched-linux-x86_64 | 0.2.8 | 21.24 | 124.31 | 145.55 | OK | |
r-release-linux-x86_64 | 0.2.8 | 8.38 | 126.63 | 135.01 | OK | |
r-release-macos-arm64 | 0.3.0 | 53.00 | OK | |||
r-release-macos-x86_64 | 0.3.0 | 144.00 | OK | |||
r-release-windows-x86_64 | 0.2.8 | 13.00 | 103.00 | 116.00 | OK | |
r-oldrel-macos-arm64 | 0.3.0 | 11.00 | ERROR | |||
r-oldrel-macos-x86_64 | 0.3.0 | 11.00 | ERROR | |||
r-oldrel-windows-x86_64 | 0.3.0 | 12.00 | 90.00 | 102.00 | OK |
Version: 0.3.0
Check: package dependencies
Result: ERROR
Packages required and available but unsuitable versions:
'mlr3', 'bbotk', 'mlr3fselect', 'mlr3learners', 'mlr3tuning',
'paradox'
See section ‘The DESCRIPTION file’ in the ‘Writing R Extensions’
manual.
Flavors: r-oldrel-macos-arm64, r-oldrel-macos-x86_64