Last updated on 2024-07-01 03:49:08 CEST.
Flavor | Version | Tinstall | Tcheck | Ttotal | Status | Flags |
---|---|---|---|---|---|---|
r-devel-linux-x86_64-debian-clang | 0.3.0 | 2.45 | 25.74 | 28.19 | OK | |
r-devel-linux-x86_64-debian-gcc | 0.3.0 | 1.95 | 19.75 | 21.70 | OK | |
r-devel-linux-x86_64-fedora-clang | 0.3.0 | 36.22 | NOTE | |||
r-devel-linux-x86_64-fedora-gcc | 0.3.0 | 34.84 | NOTE | |||
r-devel-windows-x86_64 | 0.3.0 | 5.00 | 47.00 | 52.00 | OK | |
r-patched-linux-x86_64 | 0.3.0 | 2.36 | 24.76 | 27.12 | OK | |
r-release-linux-x86_64 | 0.3.0 | 1.41 | 24.22 | 25.63 | OK | |
r-release-macos-arm64 | 0.3.0 | 20.00 | OK | |||
r-release-macos-x86_64 | 0.3.0 | 26.00 | OK | |||
r-release-windows-x86_64 | 0.3.0 | 5.00 | 47.00 | 52.00 | OK | |
r-oldrel-macos-arm64 | 0.3.0 | 19.00 | OK | |||
r-oldrel-macos-x86_64 | 0.3.0 | 27.00 | OK | |||
r-oldrel-windows-x86_64 | 0.3.0 | 5.00 | 47.00 | 52.00 | OK |
Version: 0.3.0
Check: dependencies in R code
Result: NOTE
Namespaces in Imports field not imported from:
‘DT’ ‘Metrics’ ‘data.table’ ‘dplyr’ ‘mlr3’ ‘mlr3learners’
‘mlr3measures’ ‘mlr3pipelines’ ‘patchwork’ ‘plyr’ ‘purrr’
‘shinyWidgets’ ‘shinyalert’ ‘shinydashboard’ ‘shinyjs’ ‘stats’
‘stringr’
All declared Imports should be used.
Flavors: r-devel-linux-x86_64-fedora-clang, r-devel-linux-x86_64-fedora-gcc