Last updated on 2024-07-01 03:49:08 CEST.
Flavor | Version | Tinstall | Tcheck | Ttotal | Status | Flags |
---|---|---|---|---|---|---|
r-devel-linux-x86_64-debian-clang | 2024.4.14 | 5.86 | 393.59 | 399.45 | OK | |
r-devel-linux-x86_64-debian-gcc | 2024.4.14 | 6.17 | 159.21 | 165.38 | ERROR | |
r-devel-linux-x86_64-fedora-clang | 2024.4.14 | 295.37 | ERROR | |||
r-devel-linux-x86_64-fedora-gcc | 2024.4.14 | 336.08 | ERROR | |||
r-devel-windows-x86_64 | 2024.4.14 | 7.00 | 267.00 | 274.00 | OK | |
r-patched-linux-x86_64 | 2024.4.14 | 10.62 | 383.81 | 394.43 | OK | |
r-release-linux-x86_64 | 2024.4.14 | 6.68 | 209.53 | 216.21 | ERROR | |
r-release-macos-arm64 | 2024.4.14 | 105.00 | OK | |||
r-release-macos-x86_64 | 2024.4.14 | 176.00 | OK | |||
r-release-windows-x86_64 | 2024.4.14 | 8.00 | 272.00 | 280.00 | OK | |
r-oldrel-macos-arm64 | 2024.4.14 | 101.00 | OK | |||
r-oldrel-macos-x86_64 | 2024.4.14 | 270.00 | OK | |||
r-oldrel-windows-x86_64 | 2024.4.14 | 9.00 | 195.00 | 204.00 | ERROR |
Version: 2024.4.14
Check: re-building of vignette outputs
Result: ERROR
Error(s) in re-building vignettes:
...
--- re-building ‘ResamplingSameOtherCV.Rmd’ using rmarkdown
** Processing: /home/hornik/tmp/R.check/r-devel-gcc/Work/PKGS/mlr3resampling.Rcheck/vign_test/mlr3resampling/vignettes/ResamplingSameOtherCV_files/figure-html/unnamed-chunk-3-1.png
1152x1152 pixels, 8 bits/pixel, 256 colors in palette
Reducing image to 8 bits/pixel, grayscale
Input IDAT size = 72898 bytes
Input file size = 73852 bytes
Trying:
zc = 9 zm = 8 zs = 0 f = 0 IDAT size = 65479
zc = 9 zm = 8 zs = 1 f = 0
zc = 1 zm = 8 zs = 2 f = 0
zc = 9 zm = 8 zs = 3 f = 0
zc = 9 zm = 8 zs = 0 f = 5
zc = 9 zm = 8 zs = 1 f = 5
zc = 1 zm = 8 zs = 2 f = 5
zc = 9 zm = 8 zs = 3 f = 5
Selecting parameters:
zc = 9 zm = 8 zs = 0 f = 0 IDAT size = 65479
Output IDAT size = 65479 bytes (7419 bytes decrease)
Output file size = 65557 bytes (8295 bytes = 11.23% decrease)
** Processing: /home/hornik/tmp/R.check/r-devel-gcc/Work/PKGS/mlr3resampling.Rcheck/vign_test/mlr3resampling/vignettes/ResamplingSameOtherCV_files/figure-html/unnamed-chunk-9-1.png
1152x1152 pixels, 3x8 bits/pixel, RGB
Input IDAT size = 73348 bytes
Input file size = 73522 bytes
Trying:
zc = 9 zm = 8 zs = 0 f = 0 IDAT size = 66703
zc = 9 zm = 8 zs = 1 f = 0
zc = 1 zm = 8 zs = 2 f = 0
zc = 9 zm = 8 zs = 3 f = 0
zc = 9 zm = 8 zs = 0 f = 5
zc = 9 zm = 8 zs = 1 f = 5
zc = 1 zm = 8 zs = 2 f = 5
zc = 9 zm = 8 zs = 3 f = 5
Selecting parameters:
zc = 9 zm = 8 zs = 0 f = 0 IDAT size = 66703
Output IDAT size = 66703 bytes (6645 bytes decrease)
Output file size = 66781 bytes (6741 bytes = 9.17% decrease)
** Processing: /home/hornik/tmp/R.check/r-devel-gcc/Work/PKGS/mlr3resampling.Rcheck/vign_test/mlr3resampling/vignettes/ResamplingSameOtherCV_files/figure-html/unnamed-chunk-13-1.png
1152x1152 pixels, 3x8 bits/pixel, RGB
Input IDAT size = 182482 bytes
Input file size = 182824 bytes
Trying:
zc = 9 zm = 8 zs = 0 f = 0 IDAT size = 149297
zc = 9 zm = 8 zs = 1 f = 0
zc = 1 zm = 8 zs = 2 f = 0
zc = 9 zm = 8 zs = 3 f = 0
zc = 9 zm = 8 zs = 0 f = 5
zc = 9 zm = 8 zs = 1 f = 5
zc = 1 zm = 8 zs = 2 f = 5
zc = 9 zm = 8 zs = 3 f = 5
Selecting parameters:
zc = 9 zm = 8 zs = 0 f = 0 IDAT size = 149297
Output IDAT size = 149297 bytes (33185 bytes decrease)
Output file size = 149375 bytes (33449 bytes = 18.30% decrease)
** Processing: /home/hornik/tmp/R.check/r-devel-gcc/Work/PKGS/mlr3resampling.Rcheck/vign_test/mlr3resampling/vignettes/ResamplingSameOtherCV_files/figure-html/unnamed-chunk-20-1.png
1152x1152 pixels, 3x8 bits/pixel, RGB
Input IDAT size = 78513 bytes
Input file size = 78699 bytes
Trying:
zc = 9 zm = 8 zs = 0 f = 0 IDAT size = 69581
zc = 9 zm = 8 zs = 1 f = 0
zc = 1 zm = 8 zs = 2 f = 0
zc = 9 zm = 8 zs = 3 f = 0
zc = 9 zm = 8 zs = 0 f = 5
zc = 9 zm = 8 zs = 1 f = 5
zc = 1 zm = 8 zs = 2 f = 5
zc = 9 zm = 8 zs = 3 f = 5
Selecting parameters:
zc = 9 zm = 8 zs = 0 f = 0 IDAT size = 69581
Output IDAT size = 69581 bytes (8932 bytes decrease)
Output file size = 69659 bytes (9040 bytes = 11.49% decrease)
--- finished re-building ‘ResamplingSameOtherCV.Rmd’
--- re-building ‘ResamplingSameOtherSizesCV.Rmd’ using rmarkdown
** Processing: /home/hornik/tmp/R.check/r-devel-gcc/Work/PKGS/mlr3resampling.Rcheck/vign_test/mlr3resampling/vignettes/ResamplingSameOtherSizesCV_files/figure-html/simulationScatter-1.png
1152x1152 pixels, 8 bits/pixel, 256 colors in palette
Reducing image to 8 bits/pixel, grayscale
Input IDAT size = 16181 bytes
Input file size = 17051 bytes
Trying:
zc = 9 zm = 8 zs = 0 f = 0 IDAT size = 14442
zc = 9 zm = 8 zs = 1 f = 0
zc = 1 zm = 8 zs = 2 f = 0
zc = 9 zm = 8 zs = 3 f = 0
zc = 9 zm = 8 zs = 0 f = 5
zc = 9 zm = 8 zs = 1 f = 5
zc = 1 zm = 8 zs = 2 f = 5
zc = 9 zm = 8 zs = 3 f = 5
Selecting parameters:
zc = 9 zm = 8 zs = 0 f = 0 IDAT size = 14442
Output IDAT size = 14442 bytes (1739 bytes decrease)
Output file size = 14520 bytes (2531 bytes = 14.84% decrease)
** Processing: /home/hornik/tmp/R.check/r-devel-gcc/Work/PKGS/mlr3resampling.Rcheck/vign_test/mlr3resampling/vignettes/ResamplingSameOtherSizesCV_files/figure-html/SameOtherCV-1.png
1152x1152 pixels, 3x8 bits/pixel, RGB
Input IDAT size = 79945 bytes
Input file size = 80131 bytes
Trying:
zc = 9 zm = 8 zs = 0 f = 0 IDAT size = 73109
zc = 9 zm = 8 zs = 1 f = 0
zc = 1 zm = 8 zs = 2 f = 0
zc = 9 zm = 8 zs = 3 f = 0
zc = 9 zm = 8 zs = 0 f = 5
zc = 9 zm = 8 zs = 1 f = 5
zc = 1 zm = 8 zs = 2 f = 5
zc = 9 zm = 8 zs = 3 f = 5
Selecting parameters:
zc = 9 zm = 8 zs = 0 f = 0 IDAT size = 73109
Output IDAT size = 73109 bytes (6836 bytes decrease)
Output file size = 73187 bytes (6944 bytes = 8.67% decrease)
** Processing: /home/hornik/tmp/R.check/r-devel-gcc/Work/PKGS/mlr3resampling.Rcheck/vign_test/mlr3resampling/vignettes/ResamplingSameOtherSizesCV_files/figure-html/SameOtherCV-2.png
1152x1152 pixels, 3x8 bits/pixel, RGB
Input IDAT size = 71229 bytes
Input file size = 71403 bytes
Trying:
zc = 9 zm = 8 zs = 0 f = 0 IDAT size = 65712
zc = 9 zm = 8 zs = 1 f = 0
zc = 1 zm = 8 zs = 2 f = 0
zc = 9 zm = 8 zs = 3 f = 0
zc = 9 zm = 8 zs = 0 f = 5 IDAT size = 64675
zc = 9 zm = 8 zs = 1 f = 5
zc = 1 zm = 8 zs = 2 f = 5
zc = 9 zm = 8 zs = 3 f = 5
Selecting parameters:
zc = 9 zm = 8 zs = 0 f = 5 IDAT size = 64675
Output IDAT size = 64675 bytes (6554 bytes decrease)
Output file size = 64753 bytes (6650 bytes = 9.31% decrease)
** Processing: /home/hornik/tmp/R.check/r-devel-gcc/Work/PKGS/mlr3resampling.Rcheck/vign_test/mlr3resampling/vignettes/ResamplingSameOtherSizesCV_files/figure-html/unnamed-chunk-4-1.png
1152x1152 pixels, 3x8 bits/pixel, RGB
Input IDAT size = 139851 bytes
Input file size = 140133 bytes
Trying:
zc = 9 zm = 8 zs = 0 f = 0 IDAT size = 114482
zc = 9 zm = 8 zs = 1 f = 0
zc = 1 zm = 8 zs = 2 f = 0
zc = 9 zm = 8 zs = 3 f = 0
zc = 9 zm = 8 zs = 0 f = 5
zc = 9 zm = 8 zs = 1 f = 5
zc = 1 zm = 8 zs = 2 f = 5
zc = 9 zm = 8 zs = 3 f = 5
Selecting parameters:
zc = 9 zm = 8 zs = 0 f = 0 IDAT size = 114482
Output IDAT size = 114482 bytes (25369 bytes decrease)
Output file size = 114560 bytes (25573 bytes = 18.25% decrease)
** Processing: /home/hornik/tmp/R.check/r-devel-gcc/Work/PKGS/mlr3resampling.Rcheck/vign_test/mlr3resampling/vignettes/ResamplingSameOtherSizesCV_files/figure-html/unnamed-chunk-7-1.png
1152x1152 pixels, 3x8 bits/pixel, RGB
Input IDAT size = 115736 bytes
Input file size = 115982 bytes
Trying:
zc = 9 zm = 8 zs = 0 f = 0 IDAT size = 97483
zc = 9 zm = 8 zs = 1 f = 0
zc = 1 zm = 8 zs = 2 f = 0
zc = 9 zm = 8 zs = 3 f = 0
zc = 9 zm = 8 zs = 0 f = 5
zc = 9 zm = 8 zs = 1 f = 5
zc = 1 zm = 8 zs = 2 f = 5
zc = 9 zm = 8 zs = 3 f = 5
Selecting parameters:
zc = 9 zm = 8 zs = 0 f = 0 IDAT size = 97483
Output IDAT size = 97483 bytes (18253 bytes decrease)
Output file size = 97561 bytes (18421 bytes = 15.88% decrease)
** Processing: /home/hornik/tmp/R.check/r-devel-gcc/Work/PKGS/mlr3resampling.Rcheck/vign_test/mlr3resampling/vignettes/ResamplingSameOtherSizesCV_files/figure-html/simulationShort-1.png
1152x1152 pixels, 8 bits/pixel, 256 colors in palette
Reducing image to 8 bits/pixel, grayscale
Input IDAT size = 44540 bytes
Input file size = 45458 bytes
Trying:
zc = 9 zm = 8 zs = 0 f = 0 IDAT size = 42756
zc = 9 zm = 8 zs = 1 f = 0 IDAT size = 42316
zc = 1 zm = 8 zs = 2 f = 0
zc = 9 zm = 8 zs = 3 f = 0
zc = 9 zm = 8 zs = 0 f = 5
zc = 9 zm = 8 zs = 1 f = 5
zc = 1 zm = 8 zs = 2 f = 5
zc = 9 zm = 8 zs = 3 f = 5
Selecting parameters:
zc = 9 zm = 8 zs = 1 f = 0 IDAT size = 42316
Output IDAT size = 42316 bytes (2224 bytes decrease)
Output file size = 42394 bytes (3064 bytes = 6.74% decrease)
** Processing: /home/hornik/tmp/R.check/r-devel-gcc/Work/PKGS/mlr3resampling.Rcheck/vign_test/mlr3resampling/vignettes/ResamplingSameOtherSizesCV_files/figure-html/unnamed-chunk-9-1.png
1152x1152 pixels, 3x8 bits/pixel, RGB
Input IDAT size = 53626 bytes
Input file size = 53776 bytes
Trying:
zc = 9 zm = 8 zs = 0 f = 0 IDAT size = 52686
zc = 9 zm = 8 zs = 1 f = 0
zc = 1 zm = 8 zs = 2 f = 0
zc = 9 zm = 8 zs = 3 f = 0
zc = 9 zm = 8 zs = 0 f = 5 IDAT size = 49440
zc = 9 zm = 8 zs = 1 f = 5
zc = 1 zm = 8 zs = 2 f = 5
zc = 9 zm = 8 zs = 3 f = 5
Selecting parameters:
zc = 9 zm = 8 zs = 0 f = 5 IDAT size = 49440
Output IDAT size = 49440 bytes (4186 bytes decrease)
Output file size = 49518 bytes (4258 bytes = 7.92% decrease)
** Processing: /home/hornik/tmp/R.check/r-devel-gcc/Work/PKGS/mlr3resampling.Rcheck/vign_test/mlr3resampling/vignettes/ResamplingSameOtherSizesCV_files/figure-html/unnamed-chunk-10-1.png
1152x1152 pixels, 3x8 bits/pixel, RGB
Input IDAT size = 88781 bytes
Input file size = 88979 bytes
Trying:
zc = 9 zm = 8 zs = 0 f = 0 IDAT size = 75807
zc = 9 zm = 8 zs = 1 f = 0
zc = 1 zm = 8 zs = 2 f = 0
zc = 9 zm = 8 zs = 3 f = 0
zc = 9 zm = 8 zs = 0 f = 5
zc = 9 zm = 8 zs = 1 f = 5
zc = 1 zm = 8 zs = 2 f = 5
zc = 9 zm = 8 zs = 3 f = 5
Selecting parameters:
zc = 9 zm = 8 zs = 0 f = 0 IDAT size = 75807
Output IDAT size = 75807 bytes (12974 bytes decrease)
Output file size = 75885 bytes (13094 bytes = 14.72% decrease)
** Processing: /home/hornik/tmp/R.check/r-devel-gcc/Work/PKGS/mlr3resampling.Rcheck/vign_test/mlr3resampling/vignettes/ResamplingSameOtherSizesCV_files/figure-html/unnamed-chunk-10-2.png
1152x1152 pixels, 3x8 bits/pixel, RGB
Input IDAT size = 88809 bytes
Input file size = 89007 bytes
Trying:
zc = 9 zm = 8 zs = 0 f = 0 IDAT size = 75714
zc = 9 zm = 8 zs = 1 f = 0
zc = 1 zm = 8 zs = 2 f = 0
zc = 9 zm = 8 zs = 3 f = 0
zc = 9 zm = 8 zs = 0 f = 5
zc = 9 zm = 8 zs = 1 f = 5
zc = 1 zm = 8 zs = 2 f = 5
zc = 9 zm = 8 zs = 3 f = 5
Selecting parameters:
zc = 9 zm = 8 zs = 0 f = 0 IDAT size = 75714
Output IDAT size = 75714 bytes (13095 bytes decrease)
Output file size = 75792 bytes (13215 bytes = 14.85% decrease)
** Processing: /home/hornik/tmp/R.check/r-devel-gcc/Work/PKGS/mlr3resampling.Rcheck/vign_test/mlr3resampling/vignettes/ResamplingSameOtherSizesCV_files/figure-html/unnamed-chunk-11-1.png
1152x1152 pixels, 3x8 bits/pixel, RGB
Input IDAT size = 137291 bytes
Input file size = 137561 bytes
Trying:
zc = 9 zm = 8 zs = 0 f = 0 IDAT size = 113373
zc = 9 zm = 8 zs = 1 f = 0
zc = 1 zm = 8 zs = 2 f = 0
zc = 9 zm = 8 zs = 3 f = 0
zc = 9 zm = 8 zs = 0 f = 5
zc = 9 zm = 8 zs = 1 f = 5
zc = 1 zm = 8 zs = 2 f = 5
zc = 9 zm = 8 zs = 3 f = 5
Selecting parameters:
zc = 9 zm = 8 zs = 0 f = 0 IDAT size = 113373
Output IDAT size = 113373 bytes (23918 bytes decrease)
Output file size = 113451 bytes (24110 bytes = 17.53% decrease)
** Processing: /home/hornik/tmp/R.check/r-devel-gcc/Work/PKGS/mlr3resampling.Rcheck/vign_test/mlr3resampling/vignettes/ResamplingSameOtherSizesCV_files/figure-html/unnamed-chunk-11-2.png
1152x1152 pixels, 3x8 bits/pixel, RGB
Input IDAT size = 108489 bytes
Input file size = 108723 bytes
Trying:
zc = 9 zm = 8 zs = 0 f = 0 IDAT size = 84422
zc = 9 zm = 8 zs = 1 f = 0
zc = 1 zm = 8 zs = 2 f = 0
zc = 9 zm = 8 zs = 3 f = 0
zc = 9 zm = 8 zs = 0 f = 5
zc = 9 zm = 8 zs = 1 f = 5
zc = 1 zm = 8 zs = 2 f = 5
zc = 9 zm = 8 zs = 3 f = 5
Selecting parameters:
zc = 9 zm = 8 zs = 0 f = 0 IDAT size = 84422
Output IDAT size = 84422 bytes (24067 bytes decrease)
Output file size = 84500 bytes (24223 bytes = 22.28% decrease)
Quitting from lines 477-480 [unnamed-chunk-17] (ResamplingSameOtherSizesCV.Rmd)
Error: processing vignette 'ResamplingSameOtherSizesCV.Rmd' failed with diagnostics:
'TunerGridSearch' is not an exported object from 'namespace:mlr3tuning'
--- failed re-building ‘ResamplingSameOtherSizesCV.Rmd’
--- re-building ‘ResamplingVariableSizeTrainCV.Rmd’ using rmarkdown
** Processing: /home/hornik/tmp/R.check/r-devel-gcc/Work/PKGS/mlr3resampling.Rcheck/vign_test/mlr3resampling/vignettes/ResamplingVariableSizeTrainCV_files/figure-html/unnamed-chunk-4-1.png
1152x1152 pixels, 8 bits/pixel, 256 colors in palette
Reducing image to 8 bits/pixel, grayscale
Input IDAT size = 73151 bytes
Input file size = 74105 bytes
Trying:
zc = 9 zm = 8 zs = 0 f = 0 IDAT size = 64618
zc = 9 zm = 8 zs = 1 f = 0
zc = 1 zm = 8 zs = 2 f = 0
zc = 9 zm = 8 zs = 3 f = 0
zc = 9 zm = 8 zs = 0 f = 5
zc = 9 zm = 8 zs = 1 f = 5
zc = 1 zm = 8 zs = 2 f = 5
zc = 9 zm = 8 zs = 3 f = 5
Selecting parameters:
zc = 9 zm = 8 zs = 0 f = 0 IDAT size = 64618
Output IDAT size = 64618 bytes (8533 bytes decrease)
Output file size = 64696 bytes (9409 bytes = 12.70% decrease)
** Processing: /home/hornik/tmp/R.check/r-devel-gcc/Work/PKGS/mlr3resampling.Rcheck/vign_test/mlr3resampling/vignettes/ResamplingVariableSizeTrainCV_files/figure-html/unnamed-chunk-11-1.png
1152x1152 pixels, 3x8 bits/pixel, RGB
Input IDAT size = 173316 bytes
Input file size = 173646 bytes
Trying:
zc = 9 zm = 8 zs = 0 f = 0 IDAT size = 138804
zc = 9 zm = 8 zs = 1 f = 0
zc = 1 zm = 8 zs = 2 f = 0
zc = 9 zm = 8 zs = 3 f = 0
zc = 9 zm = 8 zs = 0 f = 5
zc = 9 zm = 8 zs = 1 f = 5
zc = 1 zm = 8 zs = 2 f = 5
zc = 9 zm = 8 zs = 3 f = 5
Selecting parameters:
zc = 9 zm = 8 zs = 0 f = 0 IDAT size = 138804
Output IDAT size = 138804 bytes (34512 bytes decrease)
Output file size = 138882 bytes (34764 bytes = 20.02% decrease)
** Processing: /home/hornik/tmp/R.check/r-devel-gcc/Work/PKGS/mlr3resampling.Rcheck/vign_test/mlr3resampling/vignettes/ResamplingVariableSizeTrainCV_files/figure-html/unnamed-chunk-12-1.png
1152x1152 pixels, 3x8 bits/pixel, RGB
Input IDAT size = 104454 bytes
Input file size = 104676 bytes
Trying:
zc = 9 zm = 8 zs = 0 f = 0 IDAT size = 89300
zc = 9 zm = 8 zs = 1 f = 0
zc = 1 zm = 8 zs = 2 f = 0
zc = 9 zm = 8 zs = 3 f = 0
zc = 9 zm = 8 zs = 0 f = 5
zc = 9 zm = 8 zs = 1 f = 5
zc = 1 zm = 8 zs = 2 f = 5
zc = 9 zm = 8 zs = 3 f = 5
Selecting parameters:
zc = 9 zm = 8 zs = 0 f = 0 IDAT size = 89300
Output IDAT size = 89300 bytes (15154 bytes decrease)
Output file size = 89378 bytes (15298 bytes = 14.61% decrease)
** Processing: /home/hornik/tmp/R.check/r-devel-gcc/Work/PKGS/mlr3resampling.Rcheck/vign_test/mlr3resampling/vignettes/ResamplingVariableSizeTrainCV_files/figure-html/unnamed-chunk-15-1.png
1152x1152 pixels, 3x8 bits/pixel, RGB
Input IDAT size = 222606 bytes
Input file size = 223008 bytes
Trying:
zc = 9 zm = 8 zs = 0 f = 0 IDAT size = 168628
zc = 9 zm = 8 zs = 1 f = 0
zc = 1 zm = 8 zs = 2 f = 0
zc = 9 zm = 8 zs = 3 f = 0
zc = 9 zm = 8 zs = 0 f = 5
zc = 9 zm = 8 zs = 1 f = 5
zc = 1 zm = 8 zs = 2 f = 5
zc = 9 zm = 8 zs = 3 f = 5
Selecting parameters:
zc = 9 zm = 8 zs = 0 f = 0 IDAT size = 168628
Output IDAT size = 168628 bytes (53978 bytes decrease)
Output file size = 168706 bytes (54302 bytes = 24.35% decrease)
** Processing: /home/hornik/tmp/R.check/r-devel-gcc/Work/PKGS/mlr3resampling.Rcheck/vign_test/mlr3resampling/vignettes/ResamplingVariableSizeTrainCV_files/figure-html/unnamed-chunk-19-1.png
1152x1152 pixels, 3x8 bits/pixel, RGB
Input IDAT size = 187169 bytes
Input file size = 187511 bytes
Trying:
zc = 9 zm = 8 zs = 0 f = 0 IDAT size = 155040
zc = 9 zm = 8 zs = 1 f = 0
zc = 1 zm = 8 zs = 2 f = 0
zc = 9 zm = 8 zs = 3 f = 0
zc = 9 zm = 8 zs = 0 f = 5
zc = 9 zm = 8 zs = 1 f = 5
zc = 1 zm = 8 zs = 2 f = 5
zc = 9 zm = 8 zs = 3 f = 5
Selecting parameters:
zc = 9 zm = 8 zs = 0 f = 0 IDAT size = 155040
Output IDAT size = 155040 bytes (32129 bytes decrease)
Output file size = 155118 bytes (32393 bytes = 17.28% decrease)
--- finished re-building ‘ResamplingVariableSizeTrainCV.Rmd’
SUMMARY: processing the following file failed:
‘ResamplingSameOtherSizesCV.Rmd’
Error: Vignette re-building failed.
Execution halted
Flavor: r-devel-linux-x86_64-debian-gcc
Version: 2024.4.14
Check: re-building of vignette outputs
Result: ERROR
Error(s) in re-building vignettes:
--- re-building ‘ResamplingSameOtherCV.Rmd’ using rmarkdown
** Processing: /data/gannet/ripley/R/packages/tests-clang/mlr3resampling.Rcheck/vign_test/mlr3resampling/vignettes/ResamplingSameOtherCV_files/figure-html/unnamed-chunk-3-1.png
1152x1152 pixels, 8 bits/pixel, 256 colors in palette
Reducing image to 8 bits/pixel, grayscale
Input IDAT size = 72898 bytes
Input file size = 73852 bytes
Trying:
zc = 9 zm = 8 zs = 0 f = 0 IDAT size = 65479
zc = 9 zm = 8 zs = 1 f = 0
zc = 1 zm = 8 zs = 2 f = 0
zc = 9 zm = 8 zs = 3 f = 0
zc = 9 zm = 8 zs = 0 f = 5
zc = 9 zm = 8 zs = 1 f = 5
zc = 1 zm = 8 zs = 2 f = 5
zc = 9 zm = 8 zs = 3 f = 5
Selecting parameters:
zc = 9 zm = 8 zs = 0 f = 0 IDAT size = 65479
Output IDAT size = 65479 bytes (7419 bytes decrease)
Output file size = 65557 bytes (8295 bytes = 11.23% decrease)
** Processing: /data/gannet/ripley/R/packages/tests-clang/mlr3resampling.Rcheck/vign_test/mlr3resampling/vignettes/ResamplingSameOtherCV_files/figure-html/unnamed-chunk-9-1.png
1152x1152 pixels, 3x8 bits/pixel, RGB
Input IDAT size = 73348 bytes
Input file size = 73522 bytes
Trying:
zc = 9 zm = 8 zs = 0 f = 0 IDAT size = 66703
zc = 9 zm = 8 zs = 1 f = 0
zc = 1 zm = 8 zs = 2 f = 0
zc = 9 zm = 8 zs = 3 f = 0
zc = 9 zm = 8 zs = 0 f = 5
zc = 9 zm = 8 zs = 1 f = 5
zc = 1 zm = 8 zs = 2 f = 5
zc = 9 zm = 8 zs = 3 f = 5
Selecting parameters:
zc = 9 zm = 8 zs = 0 f = 0 IDAT size = 66703
Output IDAT size = 66703 bytes (6645 bytes decrease)
Output file size = 66781 bytes (6741 bytes = 9.17% decrease)
** Processing: /data/gannet/ripley/R/packages/tests-clang/mlr3resampling.Rcheck/vign_test/mlr3resampling/vignettes/ResamplingSameOtherCV_files/figure-html/unnamed-chunk-13-1.png
1152x1152 pixels, 3x8 bits/pixel, RGB
Input IDAT size = 182482 bytes
Input file size = 182824 bytes
Trying:
zc = 9 zm = 8 zs = 0 f = 0 IDAT size = 149297
zc = 9 zm = 8 zs = 1 f = 0
zc = 1 zm = 8 zs = 2 f = 0
zc = 9 zm = 8 zs = 3 f = 0
zc = 9 zm = 8 zs = 0 f = 5
zc = 9 zm = 8 zs = 1 f = 5
zc = 1 zm = 8 zs = 2 f = 5
zc = 9 zm = 8 zs = 3 f = 5
Selecting parameters:
zc = 9 zm = 8 zs = 0 f = 0 IDAT size = 149297
Output IDAT size = 149297 bytes (33185 bytes decrease)
Output file size = 149375 bytes (33449 bytes = 18.30% decrease)
** Processing: /data/gannet/ripley/R/packages/tests-clang/mlr3resampling.Rcheck/vign_test/mlr3resampling/vignettes/ResamplingSameOtherCV_files/figure-html/unnamed-chunk-20-1.png
1152x1152 pixels, 3x8 bits/pixel, RGB
Input IDAT size = 78513 bytes
Input file size = 78699 bytes
Trying:
zc = 9 zm = 8 zs = 0 f = 0 IDAT size = 69581
zc = 9 zm = 8 zs = 1 f = 0
zc = 1 zm = 8 zs = 2 f = 0
zc = 9 zm = 8 zs = 3 f = 0
zc = 9 zm = 8 zs = 0 f = 5
zc = 9 zm = 8 zs = 1 f = 5
zc = 1 zm = 8 zs = 2 f = 5
zc = 9 zm = 8 zs = 3 f = 5
Selecting parameters:
zc = 9 zm = 8 zs = 0 f = 0 IDAT size = 69581
Output IDAT size = 69581 bytes (8932 bytes decrease)
Output file size = 69659 bytes (9040 bytes = 11.49% decrease)
--- finished re-building ‘ResamplingSameOtherCV.Rmd’
--- re-building ‘ResamplingSameOtherSizesCV.Rmd’ using rmarkdown
** Processing: /data/gannet/ripley/R/packages/tests-clang/mlr3resampling.Rcheck/vign_test/mlr3resampling/vignettes/ResamplingSameOtherSizesCV_files/figure-html/simulationScatter-1.png
1152x1152 pixels, 8 bits/pixel, 256 colors in palette
Reducing image to 8 bits/pixel, grayscale
Input IDAT size = 16181 bytes
Input file size = 17051 bytes
Trying:
zc = 9 zm = 8 zs = 0 f = 0 IDAT size = 14442
zc = 9 zm = 8 zs = 1 f = 0
zc = 1 zm = 8 zs = 2 f = 0
zc = 9 zm = 8 zs = 3 f = 0
zc = 9 zm = 8 zs = 0 f = 5
zc = 9 zm = 8 zs = 1 f = 5
zc = 1 zm = 8 zs = 2 f = 5
zc = 9 zm = 8 zs = 3 f = 5
Selecting parameters:
zc = 9 zm = 8 zs = 0 f = 0 IDAT size = 14442
Output IDAT size = 14442 bytes (1739 bytes decrease)
Output file size = 14520 bytes (2531 bytes = 14.84% decrease)
** Processing: /data/gannet/ripley/R/packages/tests-clang/mlr3resampling.Rcheck/vign_test/mlr3resampling/vignettes/ResamplingSameOtherSizesCV_files/figure-html/SameOtherCV-1.png
1152x1152 pixels, 3x8 bits/pixel, RGB
Input IDAT size = 79945 bytes
Input file size = 80131 bytes
Trying:
zc = 9 zm = 8 zs = 0 f = 0 IDAT size = 73109
zc = 9 zm = 8 zs = 1 f = 0
zc = 1 zm = 8 zs = 2 f = 0
zc = 9 zm = 8 zs = 3 f = 0
zc = 9 zm = 8 zs = 0 f = 5
zc = 9 zm = 8 zs = 1 f = 5
zc = 1 zm = 8 zs = 2 f = 5
zc = 9 zm = 8 zs = 3 f = 5
Selecting parameters:
zc = 9 zm = 8 zs = 0 f = 0 IDAT size = 73109
Output IDAT size = 73109 bytes (6836 bytes decrease)
Output file size = 73187 bytes (6944 bytes = 8.67% decrease)
** Processing: /data/gannet/ripley/R/packages/tests-clang/mlr3resampling.Rcheck/vign_test/mlr3resampling/vignettes/ResamplingSameOtherSizesCV_files/figure-html/SameOtherCV-2.png
1152x1152 pixels, 3x8 bits/pixel, RGB
Input IDAT size = 71229 bytes
Input file size = 71403 bytes
Trying:
zc = 9 zm = 8 zs = 0 f = 0 IDAT size = 65712
zc = 9 zm = 8 zs = 1 f = 0
zc = 1 zm = 8 zs = 2 f = 0
zc = 9 zm = 8 zs = 3 f = 0
zc = 9 zm = 8 zs = 0 f = 5 IDAT size = 64675
zc = 9 zm = 8 zs = 1 f = 5
zc = 1 zm = 8 zs = 2 f = 5
zc = 9 zm = 8 zs = 3 f = 5
Selecting parameters:
zc = 9 zm = 8 zs = 0 f = 5 IDAT size = 64675
Output IDAT size = 64675 bytes (6554 bytes decrease)
Output file size = 64753 bytes (6650 bytes = 9.31% decrease)
** Processing: /data/gannet/ripley/R/packages/tests-clang/mlr3resampling.Rcheck/vign_test/mlr3resampling/vignettes/ResamplingSameOtherSizesCV_files/figure-html/unnamed-chunk-4-1.png
1152x1152 pixels, 3x8 bits/pixel, RGB
Input IDAT size = 139859 bytes
Input file size = 140141 bytes
Trying:
zc = 9 zm = 8 zs = 0 f = 0 IDAT size = 114480
zc = 9 zm = 8 zs = 1 f = 0
zc = 1 zm = 8 zs = 2 f = 0
zc = 9 zm = 8 zs = 3 f = 0
zc = 9 zm = 8 zs = 0 f = 5
zc = 9 zm = 8 zs = 1 f = 5
zc = 1 zm = 8 zs = 2 f = 5
zc = 9 zm = 8 zs = 3 f = 5
Selecting parameters:
zc = 9 zm = 8 zs = 0 f = 0 IDAT size = 114480
Output IDAT size = 114480 bytes (25379 bytes decrease)
Output file size = 114558 bytes (25583 bytes = 18.26% decrease)
** Processing: /data/gannet/ripley/R/packages/tests-clang/mlr3resampling.Rcheck/vign_test/mlr3resampling/vignettes/ResamplingSameOtherSizesCV_files/figure-html/unnamed-chunk-7-1.png
1152x1152 pixels, 3x8 bits/pixel, RGB
Input IDAT size = 115736 bytes
Input file size = 115982 bytes
Trying:
zc = 9 zm = 8 zs = 0 f = 0 IDAT size = 97483
zc = 9 zm = 8 zs = 1 f = 0
zc = 1 zm = 8 zs = 2 f = 0
zc = 9 zm = 8 zs = 3 f = 0
zc = 9 zm = 8 zs = 0 f = 5
zc = 9 zm = 8 zs = 1 f = 5
zc = 1 zm = 8 zs = 2 f = 5
zc = 9 zm = 8 zs = 3 f = 5
Selecting parameters:
zc = 9 zm = 8 zs = 0 f = 0 IDAT size = 97483
Output IDAT size = 97483 bytes (18253 bytes decrease)
Output file size = 97561 bytes (18421 bytes = 15.88% decrease)
** Processing: /data/gannet/ripley/R/packages/tests-clang/mlr3resampling.Rcheck/vign_test/mlr3resampling/vignettes/ResamplingSameOtherSizesCV_files/figure-html/simulationShort-1.png
1152x1152 pixels, 8 bits/pixel, 256 colors in palette
Reducing image to 8 bits/pixel, grayscale
Input IDAT size = 44540 bytes
Input file size = 45458 bytes
Trying:
zc = 9 zm = 8 zs = 0 f = 0 IDAT size = 42756
zc = 9 zm = 8 zs = 1 f = 0 IDAT size = 42316
zc = 1 zm = 8 zs = 2 f = 0
zc = 9 zm = 8 zs = 3 f = 0
zc = 9 zm = 8 zs = 0 f = 5
zc = 9 zm = 8 zs = 1 f = 5
zc = 1 zm = 8 zs = 2 f = 5
zc = 9 zm = 8 zs = 3 f = 5
Selecting parameters:
zc = 9 zm = 8 zs = 1 f = 0 IDAT size = 42316
Output IDAT size = 42316 bytes (2224 bytes decrease)
Output file size = 42394 bytes (3064 bytes = 6.74% decrease)
** Processing: /data/gannet/ripley/R/packages/tests-clang/mlr3resampling.Rcheck/vign_test/mlr3resampling/vignettes/ResamplingSameOtherSizesCV_files/figure-html/unnamed-chunk-9-1.png
1152x1152 pixels, 3x8 bits/pixel, RGB
Input IDAT size = 53626 bytes
Input file size = 53776 bytes
Trying:
zc = 9 zm = 8 zs = 0 f = 0 IDAT size = 52686
zc = 9 zm = 8 zs = 1 f = 0
zc = 1 zm = 8 zs = 2 f = 0
zc = 9 zm = 8 zs = 3 f = 0
zc = 9 zm = 8 zs = 0 f = 5 IDAT size = 49440
zc = 9 zm = 8 zs = 1 f = 5
zc = 1 zm = 8 zs = 2 f = 5
zc = 9 zm = 8 zs = 3 f = 5
Selecting parameters:
zc = 9 zm = 8 zs = 0 f = 5 IDAT size = 49440
Output IDAT size = 49440 bytes (4186 bytes decrease)
Output file size = 49518 bytes (4258 bytes = 7.92% decrease)
** Processing: /data/gannet/ripley/R/packages/tests-clang/mlr3resampling.Rcheck/vign_test/mlr3resampling/vignettes/ResamplingSameOtherSizesCV_files/figure-html/unnamed-chunk-10-1.png
1152x1152 pixels, 3x8 bits/pixel, RGB
Input IDAT size = 88781 bytes
Input file size = 88979 bytes
Trying:
zc = 9 zm = 8 zs = 0 f = 0 IDAT size = 75807
zc = 9 zm = 8 zs = 1 f = 0
zc = 1 zm = 8 zs = 2 f = 0
zc = 9 zm = 8 zs = 3 f = 0
zc = 9 zm = 8 zs = 0 f = 5
zc = 9 zm = 8 zs = 1 f = 5
zc = 1 zm = 8 zs = 2 f = 5
zc = 9 zm = 8 zs = 3 f = 5
Selecting parameters:
zc = 9 zm = 8 zs = 0 f = 0 IDAT size = 75807
Output IDAT size = 75807 bytes (12974 bytes decrease)
Output file size = 75885 bytes (13094 bytes = 14.72% decrease)
** Processing: /data/gannet/ripley/R/packages/tests-clang/mlr3resampling.Rcheck/vign_test/mlr3resampling/vignettes/ResamplingSameOtherSizesCV_files/figure-html/unnamed-chunk-10-2.png
1152x1152 pixels, 3x8 bits/pixel, RGB
Input IDAT size = 88809 bytes
Input file size = 89007 bytes
Trying:
zc = 9 zm = 8 zs = 0 f = 0 IDAT size = 75714
zc = 9 zm = 8 zs = 1 f = 0
zc = 1 zm = 8 zs = 2 f = 0
zc = 9 zm = 8 zs = 3 f = 0
zc = 9 zm = 8 zs = 0 f = 5
zc = 9 zm = 8 zs = 1 f = 5
zc = 1 zm = 8 zs = 2 f = 5
zc = 9 zm = 8 zs = 3 f = 5
Selecting parameters:
zc = 9 zm = 8 zs = 0 f = 0 IDAT size = 75714
Output IDAT size = 75714 bytes (13095 bytes decrease)
Output file size = 75792 bytes (13215 bytes = 14.85% decrease)
** Processing: /data/gannet/ripley/R/packages/tests-clang/mlr3resampling.Rcheck/vign_test/mlr3resampling/vignettes/ResamplingSameOtherSizesCV_files/figure-html/unnamed-chunk-11-1.png
1152x1152 pixels, 3x8 bits/pixel, RGB
Input IDAT size = 137293 bytes
Input file size = 137563 bytes
Trying:
zc = 9 zm = 8 zs = 0 f = 0 IDAT size = 113376
zc = 9 zm = 8 zs = 1 f = 0
zc = 1 zm = 8 zs = 2 f = 0
zc = 9 zm = 8 zs = 3 f = 0
zc = 9 zm = 8 zs = 0 f = 5
zc = 9 zm = 8 zs = 1 f = 5
zc = 1 zm = 8 zs = 2 f = 5
zc = 9 zm = 8 zs = 3 f = 5
Selecting parameters:
zc = 9 zm = 8 zs = 0 f = 0 IDAT size = 113376
Output IDAT size = 113376 bytes (23917 bytes decrease)
Output file size = 113454 bytes (24109 bytes = 17.53% decrease)
** Processing: /data/gannet/ripley/R/packages/tests-clang/mlr3resampling.Rcheck/vign_test/mlr3resampling/vignettes/ResamplingSameOtherSizesCV_files/figure-html/unnamed-chunk-11-2.png
1152x1152 pixels, 3x8 bits/pixel, RGB
Input IDAT size = 108485 bytes
Input file size = 108719 bytes
Trying:
zc = 9 zm = 8 zs = 0 f = 0 IDAT size = 84429
zc = 9 zm = 8 zs = 1 f = 0
zc = 1 zm = 8 zs = 2 f = 0
zc = 9 zm = 8 zs = 3 f = 0
zc = 9 zm = 8 zs = 0 f = 5
zc = 9 zm = 8 zs = 1 f = 5
zc = 1 zm = 8 zs = 2 f = 5
zc = 9 zm = 8 zs = 3 f = 5
Selecting parameters:
zc = 9 zm = 8 zs = 0 f = 0 IDAT size = 84429
Output IDAT size = 84429 bytes (24056 bytes decrease)
Output file size = 84507 bytes (24212 bytes = 22.27% decrease)
Quitting from lines 477-480 [unnamed-chunk-17] (ResamplingSameOtherSizesCV.Rmd)
Error: processing vignette 'ResamplingSameOtherSizesCV.Rmd' failed with diagnostics:
'TunerGridSearch' is not an exported object from 'namespace:mlr3tuning'
--- failed re-building ‘ResamplingSameOtherSizesCV.Rmd’
--- re-building ‘ResamplingVariableSizeTrainCV.Rmd’ using rmarkdown
** Processing: /data/gannet/ripley/R/packages/tests-clang/mlr3resampling.Rcheck/vign_test/mlr3resampling/vignettes/ResamplingVariableSizeTrainCV_files/figure-html/unnamed-chunk-4-1.png
1152x1152 pixels, 8 bits/pixel, 256 colors in palette
Reducing image to 8 bits/pixel, grayscale
Input IDAT size = 73151 bytes
Input file size = 74105 bytes
Trying:
zc = 9 zm = 8 zs = 0 f = 0 IDAT size = 64618
zc = 9 zm = 8 zs = 1 f = 0
zc = 1 zm = 8 zs = 2 f = 0
zc = 9 zm = 8 zs = 3 f = 0
zc = 9 zm = 8 zs = 0 f = 5
zc = 9 zm = 8 zs = 1 f = 5
zc = 1 zm = 8 zs = 2 f = 5
zc = 9 zm = 8 zs = 3 f = 5
Selecting parameters:
zc = 9 zm = 8 zs = 0 f = 0 IDAT size = 64618
Output IDAT size = 64618 bytes (8533 bytes decrease)
Output file size = 64696 bytes (9409 bytes = 12.70% decrease)
** Processing: /data/gannet/ripley/R/packages/tests-clang/mlr3resampling.Rcheck/vign_test/mlr3resampling/vignettes/ResamplingVariableSizeTrainCV_files/figure-html/unnamed-chunk-11-1.png
1152x1152 pixels, 3x8 bits/pixel, RGB
Input IDAT size = 173317 bytes
Input file size = 173647 bytes
Trying:
zc = 9 zm = 8 zs = 0 f = 0 IDAT size = 138811
zc = 9 zm = 8 zs = 1 f = 0
zc = 1 zm = 8 zs = 2 f = 0
zc = 9 zm = 8 zs = 3 f = 0
zc = 9 zm = 8 zs = 0 f = 5
zc = 9 zm = 8 zs = 1 f = 5
zc = 1 zm = 8 zs = 2 f = 5
zc = 9 zm = 8 zs = 3 f = 5
Selecting parameters:
zc = 9 zm = 8 zs = 0 f = 0 IDAT size = 138811
Output IDAT size = 138811 bytes (34506 bytes decrease)
Output file size = 138889 bytes (34758 bytes = 20.02% decrease)
** Processing: /data/gannet/ripley/R/packages/tests-clang/mlr3resampling.Rcheck/vign_test/mlr3resampling/vignettes/ResamplingVariableSizeTrainCV_files/figure-html/unnamed-chunk-12-1.png
1152x1152 pixels, 3x8 bits/pixel, RGB
Input IDAT size = 104456 bytes
Input file size = 104678 bytes
Trying:
zc = 9 zm = 8 zs = 0 f = 0 IDAT size = 89303
zc = 9 zm = 8 zs = 1 f = 0
zc = 1 zm = 8 zs = 2 f = 0
zc = 9 zm = 8 zs = 3 f = 0
zc = 9 zm = 8 zs = 0 f = 5
zc = 9 zm = 8 zs = 1 f = 5
zc = 1 zm = 8 zs = 2 f = 5
zc = 9 zm = 8 zs = 3 f = 5
Selecting parameters:
zc = 9 zm = 8 zs = 0 f = 0 IDAT size = 89303
Output IDAT size = 89303 bytes (15153 bytes decrease)
Output file size = 89381 bytes (15297 bytes = 14.61% decrease)
** Processing: /data/gannet/ripley/R/packages/tests-clang/mlr3resampling.Rcheck/vign_test/mlr3resampling/vignettes/ResamplingVariableSizeTrainCV_files/figure-html/unnamed-chunk-15-1.png
1152x1152 pixels, 3x8 bits/pixel, RGB
Input IDAT size = 222606 bytes
Input file size = 223008 bytes
Trying:
zc = 9 zm = 8 zs = 0 f = 0 IDAT size = 168628
zc = 9 zm = 8 zs = 1 f = 0
zc = 1 zm = 8 zs = 2 f = 0
zc = 9 zm = 8 zs = 3 f = 0
zc = 9 zm = 8 zs = 0 f = 5
zc = 9 zm = 8 zs = 1 f = 5
zc = 1 zm = 8 zs = 2 f = 5
zc = 9 zm = 8 zs = 3 f = 5
Selecting parameters:
zc = 9 zm = 8 zs = 0 f = 0 IDAT size = 168628
Output IDAT size = 168628 bytes (53978 bytes decrease)
Output file size = 168706 bytes (54302 bytes = 24.35% decrease)
** Processing: /data/gannet/ripley/R/packages/tests-clang/mlr3resampling.Rcheck/vign_test/mlr3resampling/vignettes/ResamplingVariableSizeTrainCV_files/figure-html/unnamed-chunk-19-1.png
1152x1152 pixels, 3x8 bits/pixel, RGB
Input IDAT size = 187165 bytes
Input file size = 187507 bytes
Trying:
zc = 9 zm = 8 zs = 0 f = 0 IDAT size = 155029
zc = 9 zm = 8 zs = 1 f = 0
zc = 1 zm = 8 zs = 2 f = 0
zc = 9 zm = 8 zs = 3 f = 0
zc = 9 zm = 8 zs = 0 f = 5
zc = 9 zm = 8 zs = 1 f = 5
zc = 1 zm = 8 zs = 2 f = 5
zc = 9 zm = 8 zs = 3 f = 5
Selecting parameters:
zc = 9 zm = 8 zs = 0 f = 0 IDAT size = 155029
Output IDAT size = 155029 bytes (32136 bytes decrease)
Output file size = 155107 bytes (32400 bytes = 17.28% decrease)
--- finished re-building ‘ResamplingVariableSizeTrainCV.Rmd’
SUMMARY: processing the following file failed:
‘ResamplingSameOtherSizesCV.Rmd’
Error: Vignette re-building failed.
Execution halted
Flavor: r-devel-linux-x86_64-fedora-clang
Version: 2024.4.14
Check: re-building of vignette outputs
Result: ERROR
Error(s) in re-building vignettes:
--- re-building ‘ResamplingSameOtherCV.Rmd’ using rmarkdown
** Processing: /data/gannet/ripley/R/packages/tests-devel/mlr3resampling.Rcheck/vign_test/mlr3resampling/vignettes/ResamplingSameOtherCV_files/figure-html/unnamed-chunk-3-1.png
1152x1152 pixels, 8 bits/pixel, 256 colors in palette
Reducing image to 8 bits/pixel, grayscale
Input IDAT size = 72898 bytes
Input file size = 73852 bytes
Trying:
zc = 9 zm = 8 zs = 0 f = 0 IDAT size = 65479
zc = 9 zm = 8 zs = 1 f = 0
zc = 1 zm = 8 zs = 2 f = 0
zc = 9 zm = 8 zs = 3 f = 0
zc = 9 zm = 8 zs = 0 f = 5
zc = 9 zm = 8 zs = 1 f = 5
zc = 1 zm = 8 zs = 2 f = 5
zc = 9 zm = 8 zs = 3 f = 5
Selecting parameters:
zc = 9 zm = 8 zs = 0 f = 0 IDAT size = 65479
Output IDAT size = 65479 bytes (7419 bytes decrease)
Output file size = 65557 bytes (8295 bytes = 11.23% decrease)
** Processing: /data/gannet/ripley/R/packages/tests-devel/mlr3resampling.Rcheck/vign_test/mlr3resampling/vignettes/ResamplingSameOtherCV_files/figure-html/unnamed-chunk-9-1.png
1152x1152 pixels, 3x8 bits/pixel, RGB
Input IDAT size = 73348 bytes
Input file size = 73522 bytes
Trying:
zc = 9 zm = 8 zs = 0 f = 0 IDAT size = 66703
zc = 9 zm = 8 zs = 1 f = 0
zc = 1 zm = 8 zs = 2 f = 0
zc = 9 zm = 8 zs = 3 f = 0
zc = 9 zm = 8 zs = 0 f = 5
zc = 9 zm = 8 zs = 1 f = 5
zc = 1 zm = 8 zs = 2 f = 5
zc = 9 zm = 8 zs = 3 f = 5
Selecting parameters:
zc = 9 zm = 8 zs = 0 f = 0 IDAT size = 66703
Output IDAT size = 66703 bytes (6645 bytes decrease)
Output file size = 66781 bytes (6741 bytes = 9.17% decrease)
** Processing: /data/gannet/ripley/R/packages/tests-devel/mlr3resampling.Rcheck/vign_test/mlr3resampling/vignettes/ResamplingSameOtherCV_files/figure-html/unnamed-chunk-13-1.png
1152x1152 pixels, 3x8 bits/pixel, RGB
Input IDAT size = 182482 bytes
Input file size = 182824 bytes
Trying:
zc = 9 zm = 8 zs = 0 f = 0 IDAT size = 149297
zc = 9 zm = 8 zs = 1 f = 0
zc = 1 zm = 8 zs = 2 f = 0
zc = 9 zm = 8 zs = 3 f = 0
zc = 9 zm = 8 zs = 0 f = 5
zc = 9 zm = 8 zs = 1 f = 5
zc = 1 zm = 8 zs = 2 f = 5
zc = 9 zm = 8 zs = 3 f = 5
Selecting parameters:
zc = 9 zm = 8 zs = 0 f = 0 IDAT size = 149297
Output IDAT size = 149297 bytes (33185 bytes decrease)
Output file size = 149375 bytes (33449 bytes = 18.30% decrease)
** Processing: /data/gannet/ripley/R/packages/tests-devel/mlr3resampling.Rcheck/vign_test/mlr3resampling/vignettes/ResamplingSameOtherCV_files/figure-html/unnamed-chunk-20-1.png
1152x1152 pixels, 3x8 bits/pixel, RGB
Input IDAT size = 78513 bytes
Input file size = 78699 bytes
Trying:
zc = 9 zm = 8 zs = 0 f = 0 IDAT size = 69581
zc = 9 zm = 8 zs = 1 f = 0
zc = 1 zm = 8 zs = 2 f = 0
zc = 9 zm = 8 zs = 3 f = 0
zc = 9 zm = 8 zs = 0 f = 5
zc = 9 zm = 8 zs = 1 f = 5
zc = 1 zm = 8 zs = 2 f = 5
zc = 9 zm = 8 zs = 3 f = 5
Selecting parameters:
zc = 9 zm = 8 zs = 0 f = 0 IDAT size = 69581
Output IDAT size = 69581 bytes (8932 bytes decrease)
Output file size = 69659 bytes (9040 bytes = 11.49% decrease)
--- finished re-building ‘ResamplingSameOtherCV.Rmd’
--- re-building ‘ResamplingSameOtherSizesCV.Rmd’ using rmarkdown
** Processing: /data/gannet/ripley/R/packages/tests-devel/mlr3resampling.Rcheck/vign_test/mlr3resampling/vignettes/ResamplingSameOtherSizesCV_files/figure-html/simulationScatter-1.png
1152x1152 pixels, 8 bits/pixel, 256 colors in palette
Reducing image to 8 bits/pixel, grayscale
Input IDAT size = 16181 bytes
Input file size = 17051 bytes
Trying:
zc = 9 zm = 8 zs = 0 f = 0 IDAT size = 14442
zc = 9 zm = 8 zs = 1 f = 0
zc = 1 zm = 8 zs = 2 f = 0
zc = 9 zm = 8 zs = 3 f = 0
zc = 9 zm = 8 zs = 0 f = 5
zc = 9 zm = 8 zs = 1 f = 5
zc = 1 zm = 8 zs = 2 f = 5
zc = 9 zm = 8 zs = 3 f = 5
Selecting parameters:
zc = 9 zm = 8 zs = 0 f = 0 IDAT size = 14442
Output IDAT size = 14442 bytes (1739 bytes decrease)
Output file size = 14520 bytes (2531 bytes = 14.84% decrease)
** Processing: /data/gannet/ripley/R/packages/tests-devel/mlr3resampling.Rcheck/vign_test/mlr3resampling/vignettes/ResamplingSameOtherSizesCV_files/figure-html/SameOtherCV-1.png
1152x1152 pixels, 3x8 bits/pixel, RGB
Input IDAT size = 79945 bytes
Input file size = 80131 bytes
Trying:
zc = 9 zm = 8 zs = 0 f = 0 IDAT size = 73109
zc = 9 zm = 8 zs = 1 f = 0
zc = 1 zm = 8 zs = 2 f = 0
zc = 9 zm = 8 zs = 3 f = 0
zc = 9 zm = 8 zs = 0 f = 5
zc = 9 zm = 8 zs = 1 f = 5
zc = 1 zm = 8 zs = 2 f = 5
zc = 9 zm = 8 zs = 3 f = 5
Selecting parameters:
zc = 9 zm = 8 zs = 0 f = 0 IDAT size = 73109
Output IDAT size = 73109 bytes (6836 bytes decrease)
Output file size = 73187 bytes (6944 bytes = 8.67% decrease)
** Processing: /data/gannet/ripley/R/packages/tests-devel/mlr3resampling.Rcheck/vign_test/mlr3resampling/vignettes/ResamplingSameOtherSizesCV_files/figure-html/SameOtherCV-2.png
1152x1152 pixels, 3x8 bits/pixel, RGB
Input IDAT size = 71229 bytes
Input file size = 71403 bytes
Trying:
zc = 9 zm = 8 zs = 0 f = 0 IDAT size = 65712
zc = 9 zm = 8 zs = 1 f = 0
zc = 1 zm = 8 zs = 2 f = 0
zc = 9 zm = 8 zs = 3 f = 0
zc = 9 zm = 8 zs = 0 f = 5 IDAT size = 64675
zc = 9 zm = 8 zs = 1 f = 5
zc = 1 zm = 8 zs = 2 f = 5
zc = 9 zm = 8 zs = 3 f = 5
Selecting parameters:
zc = 9 zm = 8 zs = 0 f = 5 IDAT size = 64675
Output IDAT size = 64675 bytes (6554 bytes decrease)
Output file size = 64753 bytes (6650 bytes = 9.31% decrease)
** Processing: /data/gannet/ripley/R/packages/tests-devel/mlr3resampling.Rcheck/vign_test/mlr3resampling/vignettes/ResamplingSameOtherSizesCV_files/figure-html/unnamed-chunk-4-1.png
1152x1152 pixels, 3x8 bits/pixel, RGB
Input IDAT size = 139859 bytes
Input file size = 140141 bytes
Trying:
zc = 9 zm = 8 zs = 0 f = 0 IDAT size = 114480
zc = 9 zm = 8 zs = 1 f = 0
zc = 1 zm = 8 zs = 2 f = 0
zc = 9 zm = 8 zs = 3 f = 0
zc = 9 zm = 8 zs = 0 f = 5
zc = 9 zm = 8 zs = 1 f = 5
zc = 1 zm = 8 zs = 2 f = 5
zc = 9 zm = 8 zs = 3 f = 5
Selecting parameters:
zc = 9 zm = 8 zs = 0 f = 0 IDAT size = 114480
Output IDAT size = 114480 bytes (25379 bytes decrease)
Output file size = 114558 bytes (25583 bytes = 18.26% decrease)
** Processing: /data/gannet/ripley/R/packages/tests-devel/mlr3resampling.Rcheck/vign_test/mlr3resampling/vignettes/ResamplingSameOtherSizesCV_files/figure-html/unnamed-chunk-7-1.png
1152x1152 pixels, 3x8 bits/pixel, RGB
Input IDAT size = 115736 bytes
Input file size = 115982 bytes
Trying:
zc = 9 zm = 8 zs = 0 f = 0 IDAT size = 97483
zc = 9 zm = 8 zs = 1 f = 0
zc = 1 zm = 8 zs = 2 f = 0
zc = 9 zm = 8 zs = 3 f = 0
zc = 9 zm = 8 zs = 0 f = 5
zc = 9 zm = 8 zs = 1 f = 5
zc = 1 zm = 8 zs = 2 f = 5
zc = 9 zm = 8 zs = 3 f = 5
Selecting parameters:
zc = 9 zm = 8 zs = 0 f = 0 IDAT size = 97483
Output IDAT size = 97483 bytes (18253 bytes decrease)
Output file size = 97561 bytes (18421 bytes = 15.88% decrease)
** Processing: /data/gannet/ripley/R/packages/tests-devel/mlr3resampling.Rcheck/vign_test/mlr3resampling/vignettes/ResamplingSameOtherSizesCV_files/figure-html/simulationShort-1.png
1152x1152 pixels, 8 bits/pixel, 256 colors in palette
Reducing image to 8 bits/pixel, grayscale
Input IDAT size = 44540 bytes
Input file size = 45458 bytes
Trying:
zc = 9 zm = 8 zs = 0 f = 0 IDAT size = 42756
zc = 9 zm = 8 zs = 1 f = 0 IDAT size = 42316
zc = 1 zm = 8 zs = 2 f = 0
zc = 9 zm = 8 zs = 3 f = 0
zc = 9 zm = 8 zs = 0 f = 5
zc = 9 zm = 8 zs = 1 f = 5
zc = 1 zm = 8 zs = 2 f = 5
zc = 9 zm = 8 zs = 3 f = 5
Selecting parameters:
zc = 9 zm = 8 zs = 1 f = 0 IDAT size = 42316
Output IDAT size = 42316 bytes (2224 bytes decrease)
Output file size = 42394 bytes (3064 bytes = 6.74% decrease)
** Processing: /data/gannet/ripley/R/packages/tests-devel/mlr3resampling.Rcheck/vign_test/mlr3resampling/vignettes/ResamplingSameOtherSizesCV_files/figure-html/unnamed-chunk-9-1.png
1152x1152 pixels, 3x8 bits/pixel, RGB
Input IDAT size = 53626 bytes
Input file size = 53776 bytes
Trying:
zc = 9 zm = 8 zs = 0 f = 0 IDAT size = 52686
zc = 9 zm = 8 zs = 1 f = 0
zc = 1 zm = 8 zs = 2 f = 0
zc = 9 zm = 8 zs = 3 f = 0
zc = 9 zm = 8 zs = 0 f = 5 IDAT size = 49440
zc = 9 zm = 8 zs = 1 f = 5
zc = 1 zm = 8 zs = 2 f = 5
zc = 9 zm = 8 zs = 3 f = 5
Selecting parameters:
zc = 9 zm = 8 zs = 0 f = 5 IDAT size = 49440
Output IDAT size = 49440 bytes (4186 bytes decrease)
Output file size = 49518 bytes (4258 bytes = 7.92% decrease)
** Processing: /data/gannet/ripley/R/packages/tests-devel/mlr3resampling.Rcheck/vign_test/mlr3resampling/vignettes/ResamplingSameOtherSizesCV_files/figure-html/unnamed-chunk-10-1.png
1152x1152 pixels, 3x8 bits/pixel, RGB
Input IDAT size = 88781 bytes
Input file size = 88979 bytes
Trying:
zc = 9 zm = 8 zs = 0 f = 0 IDAT size = 75807
zc = 9 zm = 8 zs = 1 f = 0
zc = 1 zm = 8 zs = 2 f = 0
zc = 9 zm = 8 zs = 3 f = 0
zc = 9 zm = 8 zs = 0 f = 5
zc = 9 zm = 8 zs = 1 f = 5
zc = 1 zm = 8 zs = 2 f = 5
zc = 9 zm = 8 zs = 3 f = 5
Selecting parameters:
zc = 9 zm = 8 zs = 0 f = 0 IDAT size = 75807
Output IDAT size = 75807 bytes (12974 bytes decrease)
Output file size = 75885 bytes (13094 bytes = 14.72% decrease)
** Processing: /data/gannet/ripley/R/packages/tests-devel/mlr3resampling.Rcheck/vign_test/mlr3resampling/vignettes/ResamplingSameOtherSizesCV_files/figure-html/unnamed-chunk-10-2.png
1152x1152 pixels, 3x8 bits/pixel, RGB
Input IDAT size = 88809 bytes
Input file size = 89007 bytes
Trying:
zc = 9 zm = 8 zs = 0 f = 0 IDAT size = 75714
zc = 9 zm = 8 zs = 1 f = 0
zc = 1 zm = 8 zs = 2 f = 0
zc = 9 zm = 8 zs = 3 f = 0
zc = 9 zm = 8 zs = 0 f = 5
zc = 9 zm = 8 zs = 1 f = 5
zc = 1 zm = 8 zs = 2 f = 5
zc = 9 zm = 8 zs = 3 f = 5
Selecting parameters:
zc = 9 zm = 8 zs = 0 f = 0 IDAT size = 75714
Output IDAT size = 75714 bytes (13095 bytes decrease)
Output file size = 75792 bytes (13215 bytes = 14.85% decrease)
** Processing: /data/gannet/ripley/R/packages/tests-devel/mlr3resampling.Rcheck/vign_test/mlr3resampling/vignettes/ResamplingSameOtherSizesCV_files/figure-html/unnamed-chunk-11-1.png
1152x1152 pixels, 3x8 bits/pixel, RGB
Input IDAT size = 137293 bytes
Input file size = 137563 bytes
Trying:
zc = 9 zm = 8 zs = 0 f = 0 IDAT size = 113376
zc = 9 zm = 8 zs = 1 f = 0
zc = 1 zm = 8 zs = 2 f = 0
zc = 9 zm = 8 zs = 3 f = 0
zc = 9 zm = 8 zs = 0 f = 5
zc = 9 zm = 8 zs = 1 f = 5
zc = 1 zm = 8 zs = 2 f = 5
zc = 9 zm = 8 zs = 3 f = 5
Selecting parameters:
zc = 9 zm = 8 zs = 0 f = 0 IDAT size = 113376
Output IDAT size = 113376 bytes (23917 bytes decrease)
Output file size = 113454 bytes (24109 bytes = 17.53% decrease)
** Processing: /data/gannet/ripley/R/packages/tests-devel/mlr3resampling.Rcheck/vign_test/mlr3resampling/vignettes/ResamplingSameOtherSizesCV_files/figure-html/unnamed-chunk-11-2.png
1152x1152 pixels, 3x8 bits/pixel, RGB
Input IDAT size = 108485 bytes
Input file size = 108719 bytes
Trying:
zc = 9 zm = 8 zs = 0 f = 0 IDAT size = 84429
zc = 9 zm = 8 zs = 1 f = 0
zc = 1 zm = 8 zs = 2 f = 0
zc = 9 zm = 8 zs = 3 f = 0
zc = 9 zm = 8 zs = 0 f = 5
zc = 9 zm = 8 zs = 1 f = 5
zc = 1 zm = 8 zs = 2 f = 5
zc = 9 zm = 8 zs = 3 f = 5
Selecting parameters:
zc = 9 zm = 8 zs = 0 f = 0 IDAT size = 84429
Output IDAT size = 84429 bytes (24056 bytes decrease)
Output file size = 84507 bytes (24212 bytes = 22.27% decrease)
Quitting from lines 477-480 [unnamed-chunk-17] (ResamplingSameOtherSizesCV.Rmd)
Error: processing vignette 'ResamplingSameOtherSizesCV.Rmd' failed with diagnostics:
object 'ContextOptimization' not found
--- failed re-building ‘ResamplingSameOtherSizesCV.Rmd’
--- re-building ‘ResamplingVariableSizeTrainCV.Rmd’ using rmarkdown
** Processing: /data/gannet/ripley/R/packages/tests-devel/mlr3resampling.Rcheck/vign_test/mlr3resampling/vignettes/ResamplingVariableSizeTrainCV_files/figure-html/unnamed-chunk-4-1.png
1152x1152 pixels, 8 bits/pixel, 256 colors in palette
Reducing image to 8 bits/pixel, grayscale
Input IDAT size = 73151 bytes
Input file size = 74105 bytes
Trying:
zc = 9 zm = 8 zs = 0 f = 0 IDAT size = 64618
zc = 9 zm = 8 zs = 1 f = 0
zc = 1 zm = 8 zs = 2 f = 0
zc = 9 zm = 8 zs = 3 f = 0
zc = 9 zm = 8 zs = 0 f = 5
zc = 9 zm = 8 zs = 1 f = 5
zc = 1 zm = 8 zs = 2 f = 5
zc = 9 zm = 8 zs = 3 f = 5
Selecting parameters:
zc = 9 zm = 8 zs = 0 f = 0 IDAT size = 64618
Output IDAT size = 64618 bytes (8533 bytes decrease)
Output file size = 64696 bytes (9409 bytes = 12.70% decrease)
** Processing: /data/gannet/ripley/R/packages/tests-devel/mlr3resampling.Rcheck/vign_test/mlr3resampling/vignettes/ResamplingVariableSizeTrainCV_files/figure-html/unnamed-chunk-11-1.png
1152x1152 pixels, 3x8 bits/pixel, RGB
Input IDAT size = 173317 bytes
Input file size = 173647 bytes
Trying:
zc = 9 zm = 8 zs = 0 f = 0 IDAT size = 138811
zc = 9 zm = 8 zs = 1 f = 0
zc = 1 zm = 8 zs = 2 f = 0
zc = 9 zm = 8 zs = 3 f = 0
zc = 9 zm = 8 zs = 0 f = 5
zc = 9 zm = 8 zs = 1 f = 5
zc = 1 zm = 8 zs = 2 f = 5
zc = 9 zm = 8 zs = 3 f = 5
Selecting parameters:
zc = 9 zm = 8 zs = 0 f = 0 IDAT size = 138811
Output IDAT size = 138811 bytes (34506 bytes decrease)
Output file size = 138889 bytes (34758 bytes = 20.02% decrease)
** Processing: /data/gannet/ripley/R/packages/tests-devel/mlr3resampling.Rcheck/vign_test/mlr3resampling/vignettes/ResamplingVariableSizeTrainCV_files/figure-html/unnamed-chunk-12-1.png
1152x1152 pixels, 3x8 bits/pixel, RGB
Input IDAT size = 104456 bytes
Input file size = 104678 bytes
Trying:
zc = 9 zm = 8 zs = 0 f = 0 IDAT size = 89303
zc = 9 zm = 8 zs = 1 f = 0
zc = 1 zm = 8 zs = 2 f = 0
zc = 9 zm = 8 zs = 3 f = 0
zc = 9 zm = 8 zs = 0 f = 5
zc = 9 zm = 8 zs = 1 f = 5
zc = 1 zm = 8 zs = 2 f = 5
zc = 9 zm = 8 zs = 3 f = 5
Selecting parameters:
zc = 9 zm = 8 zs = 0 f = 0 IDAT size = 89303
Output IDAT size = 89303 bytes (15153 bytes decrease)
Output file size = 89381 bytes (15297 bytes = 14.61% decrease)
** Processing: /data/gannet/ripley/R/packages/tests-devel/mlr3resampling.Rcheck/vign_test/mlr3resampling/vignettes/ResamplingVariableSizeTrainCV_files/figure-html/unnamed-chunk-15-1.png
1152x1152 pixels, 3x8 bits/pixel, RGB
Input IDAT size = 222606 bytes
Input file size = 223008 bytes
Trying:
zc = 9 zm = 8 zs = 0 f = 0 IDAT size = 168628
zc = 9 zm = 8 zs = 1 f = 0
zc = 1 zm = 8 zs = 2 f = 0
zc = 9 zm = 8 zs = 3 f = 0
zc = 9 zm = 8 zs = 0 f = 5
zc = 9 zm = 8 zs = 1 f = 5
zc = 1 zm = 8 zs = 2 f = 5
zc = 9 zm = 8 zs = 3 f = 5
Selecting parameters:
zc = 9 zm = 8 zs = 0 f = 0 IDAT size = 168628
Output IDAT size = 168628 bytes (53978 bytes decrease)
Output file size = 168706 bytes (54302 bytes = 24.35% decrease)
** Processing: /data/gannet/ripley/R/packages/tests-devel/mlr3resampling.Rcheck/vign_test/mlr3resampling/vignettes/ResamplingVariableSizeTrainCV_files/figure-html/unnamed-chunk-19-1.png
1152x1152 pixels, 3x8 bits/pixel, RGB
Input IDAT size = 187165 bytes
Input file size = 187507 bytes
Trying:
zc = 9 zm = 8 zs = 0 f = 0 IDAT size = 155029
zc = 9 zm = 8 zs = 1 f = 0
zc = 1 zm = 8 zs = 2 f = 0
zc = 9 zm = 8 zs = 3 f = 0
zc = 9 zm = 8 zs = 0 f = 5
zc = 9 zm = 8 zs = 1 f = 5
zc = 1 zm = 8 zs = 2 f = 5
zc = 9 zm = 8 zs = 3 f = 5
Selecting parameters:
zc = 9 zm = 8 zs = 0 f = 0 IDAT size = 155029
Output IDAT size = 155029 bytes (32136 bytes decrease)
Output file size = 155107 bytes (32400 bytes = 17.28% decrease)
--- finished re-building ‘ResamplingVariableSizeTrainCV.Rmd’
SUMMARY: processing the following file failed:
‘ResamplingSameOtherSizesCV.Rmd’
Error: Vignette re-building failed.
Execution halted
Flavor: r-devel-linux-x86_64-fedora-gcc
Version: 2024.4.14
Check: re-building of vignette outputs
Result: ERROR
Error(s) in re-building vignettes:
...
--- re-building ‘ResamplingSameOtherCV.Rmd’ using rmarkdown
** Processing: /home/hornik/tmp/R.check/r-release-gcc/Work/PKGS/mlr3resampling.Rcheck/vign_test/mlr3resampling/vignettes/ResamplingSameOtherCV_files/figure-html/unnamed-chunk-3-1.png
1152x1152 pixels, 8 bits/pixel, 256 colors in palette
Reducing image to 8 bits/pixel, grayscale
Input IDAT size = 72898 bytes
Input file size = 73852 bytes
Trying:
zc = 9 zm = 8 zs = 0 f = 0 IDAT size = 65479
zc = 9 zm = 8 zs = 1 f = 0
zc = 1 zm = 8 zs = 2 f = 0
zc = 9 zm = 8 zs = 3 f = 0
zc = 9 zm = 8 zs = 0 f = 5
zc = 9 zm = 8 zs = 1 f = 5
zc = 1 zm = 8 zs = 2 f = 5
zc = 9 zm = 8 zs = 3 f = 5
Selecting parameters:
zc = 9 zm = 8 zs = 0 f = 0 IDAT size = 65479
Output IDAT size = 65479 bytes (7419 bytes decrease)
Output file size = 65557 bytes (8295 bytes = 11.23% decrease)
** Processing: /home/hornik/tmp/R.check/r-release-gcc/Work/PKGS/mlr3resampling.Rcheck/vign_test/mlr3resampling/vignettes/ResamplingSameOtherCV_files/figure-html/unnamed-chunk-9-1.png
1152x1152 pixels, 3x8 bits/pixel, RGB
Input IDAT size = 73348 bytes
Input file size = 73522 bytes
Trying:
zc = 9 zm = 8 zs = 0 f = 0 IDAT size = 66703
zc = 9 zm = 8 zs = 1 f = 0
zc = 1 zm = 8 zs = 2 f = 0
zc = 9 zm = 8 zs = 3 f = 0
zc = 9 zm = 8 zs = 0 f = 5
zc = 9 zm = 8 zs = 1 f = 5
zc = 1 zm = 8 zs = 2 f = 5
zc = 9 zm = 8 zs = 3 f = 5
Selecting parameters:
zc = 9 zm = 8 zs = 0 f = 0 IDAT size = 66703
Output IDAT size = 66703 bytes (6645 bytes decrease)
Output file size = 66781 bytes (6741 bytes = 9.17% decrease)
** Processing: /home/hornik/tmp/R.check/r-release-gcc/Work/PKGS/mlr3resampling.Rcheck/vign_test/mlr3resampling/vignettes/ResamplingSameOtherCV_files/figure-html/unnamed-chunk-13-1.png
1152x1152 pixels, 3x8 bits/pixel, RGB
Input IDAT size = 182482 bytes
Input file size = 182824 bytes
Trying:
zc = 9 zm = 8 zs = 0 f = 0 IDAT size = 149297
zc = 9 zm = 8 zs = 1 f = 0
zc = 1 zm = 8 zs = 2 f = 0
zc = 9 zm = 8 zs = 3 f = 0
zc = 9 zm = 8 zs = 0 f = 5
zc = 9 zm = 8 zs = 1 f = 5
zc = 1 zm = 8 zs = 2 f = 5
zc = 9 zm = 8 zs = 3 f = 5
Selecting parameters:
zc = 9 zm = 8 zs = 0 f = 0 IDAT size = 149297
Output IDAT size = 149297 bytes (33185 bytes decrease)
Output file size = 149375 bytes (33449 bytes = 18.30% decrease)
** Processing: /home/hornik/tmp/R.check/r-release-gcc/Work/PKGS/mlr3resampling.Rcheck/vign_test/mlr3resampling/vignettes/ResamplingSameOtherCV_files/figure-html/unnamed-chunk-20-1.png
1152x1152 pixels, 3x8 bits/pixel, RGB
Input IDAT size = 78513 bytes
Input file size = 78699 bytes
Trying:
zc = 9 zm = 8 zs = 0 f = 0 IDAT size = 69581
zc = 9 zm = 8 zs = 1 f = 0
zc = 1 zm = 8 zs = 2 f = 0
zc = 9 zm = 8 zs = 3 f = 0
zc = 9 zm = 8 zs = 0 f = 5
zc = 9 zm = 8 zs = 1 f = 5
zc = 1 zm = 8 zs = 2 f = 5
zc = 9 zm = 8 zs = 3 f = 5
Selecting parameters:
zc = 9 zm = 8 zs = 0 f = 0 IDAT size = 69581
Output IDAT size = 69581 bytes (8932 bytes decrease)
Output file size = 69659 bytes (9040 bytes = 11.49% decrease)
--- finished re-building ‘ResamplingSameOtherCV.Rmd’
--- re-building ‘ResamplingSameOtherSizesCV.Rmd’ using rmarkdown
** Processing: /home/hornik/tmp/R.check/r-release-gcc/Work/PKGS/mlr3resampling.Rcheck/vign_test/mlr3resampling/vignettes/ResamplingSameOtherSizesCV_files/figure-html/simulationScatter-1.png
1152x1152 pixels, 8 bits/pixel, 256 colors in palette
Reducing image to 8 bits/pixel, grayscale
Input IDAT size = 16181 bytes
Input file size = 17051 bytes
Trying:
zc = 9 zm = 8 zs = 0 f = 0 IDAT size = 14442
zc = 9 zm = 8 zs = 1 f = 0
zc = 1 zm = 8 zs = 2 f = 0
zc = 9 zm = 8 zs = 3 f = 0
zc = 9 zm = 8 zs = 0 f = 5
zc = 9 zm = 8 zs = 1 f = 5
zc = 1 zm = 8 zs = 2 f = 5
zc = 9 zm = 8 zs = 3 f = 5
Selecting parameters:
zc = 9 zm = 8 zs = 0 f = 0 IDAT size = 14442
Output IDAT size = 14442 bytes (1739 bytes decrease)
Output file size = 14520 bytes (2531 bytes = 14.84% decrease)
** Processing: /home/hornik/tmp/R.check/r-release-gcc/Work/PKGS/mlr3resampling.Rcheck/vign_test/mlr3resampling/vignettes/ResamplingSameOtherSizesCV_files/figure-html/SameOtherCV-1.png
1152x1152 pixels, 3x8 bits/pixel, RGB
Input IDAT size = 79945 bytes
Input file size = 80131 bytes
Trying:
zc = 9 zm = 8 zs = 0 f = 0 IDAT size = 73109
zc = 9 zm = 8 zs = 1 f = 0
zc = 1 zm = 8 zs = 2 f = 0
zc = 9 zm = 8 zs = 3 f = 0
zc = 9 zm = 8 zs = 0 f = 5
zc = 9 zm = 8 zs = 1 f = 5
zc = 1 zm = 8 zs = 2 f = 5
zc = 9 zm = 8 zs = 3 f = 5
Selecting parameters:
zc = 9 zm = 8 zs = 0 f = 0 IDAT size = 73109
Output IDAT size = 73109 bytes (6836 bytes decrease)
Output file size = 73187 bytes (6944 bytes = 8.67% decrease)
** Processing: /home/hornik/tmp/R.check/r-release-gcc/Work/PKGS/mlr3resampling.Rcheck/vign_test/mlr3resampling/vignettes/ResamplingSameOtherSizesCV_files/figure-html/SameOtherCV-2.png
1152x1152 pixels, 3x8 bits/pixel, RGB
Input IDAT size = 71229 bytes
Input file size = 71403 bytes
Trying:
zc = 9 zm = 8 zs = 0 f = 0 IDAT size = 65712
zc = 9 zm = 8 zs = 1 f = 0
zc = 1 zm = 8 zs = 2 f = 0
zc = 9 zm = 8 zs = 3 f = 0
zc = 9 zm = 8 zs = 0 f = 5 IDAT size = 64675
zc = 9 zm = 8 zs = 1 f = 5
zc = 1 zm = 8 zs = 2 f = 5
zc = 9 zm = 8 zs = 3 f = 5
Selecting parameters:
zc = 9 zm = 8 zs = 0 f = 5 IDAT size = 64675
Output IDAT size = 64675 bytes (6554 bytes decrease)
Output file size = 64753 bytes (6650 bytes = 9.31% decrease)
** Processing: /home/hornik/tmp/R.check/r-release-gcc/Work/PKGS/mlr3resampling.Rcheck/vign_test/mlr3resampling/vignettes/ResamplingSameOtherSizesCV_files/figure-html/unnamed-chunk-4-1.png
1152x1152 pixels, 3x8 bits/pixel, RGB
Input IDAT size = 139851 bytes
Input file size = 140133 bytes
Trying:
zc = 9 zm = 8 zs = 0 f = 0 IDAT size = 114482
zc = 9 zm = 8 zs = 1 f = 0
zc = 1 zm = 8 zs = 2 f = 0
zc = 9 zm = 8 zs = 3 f = 0
zc = 9 zm = 8 zs = 0 f = 5
zc = 9 zm = 8 zs = 1 f = 5
zc = 1 zm = 8 zs = 2 f = 5
zc = 9 zm = 8 zs = 3 f = 5
Selecting parameters:
zc = 9 zm = 8 zs = 0 f = 0 IDAT size = 114482
Output IDAT size = 114482 bytes (25369 bytes decrease)
Output file size = 114560 bytes (25573 bytes = 18.25% decrease)
** Processing: /home/hornik/tmp/R.check/r-release-gcc/Work/PKGS/mlr3resampling.Rcheck/vign_test/mlr3resampling/vignettes/ResamplingSameOtherSizesCV_files/figure-html/unnamed-chunk-7-1.png
1152x1152 pixels, 3x8 bits/pixel, RGB
Input IDAT size = 115736 bytes
Input file size = 115982 bytes
Trying:
zc = 9 zm = 8 zs = 0 f = 0 IDAT size = 97483
zc = 9 zm = 8 zs = 1 f = 0
zc = 1 zm = 8 zs = 2 f = 0
zc = 9 zm = 8 zs = 3 f = 0
zc = 9 zm = 8 zs = 0 f = 5
zc = 9 zm = 8 zs = 1 f = 5
zc = 1 zm = 8 zs = 2 f = 5
zc = 9 zm = 8 zs = 3 f = 5
Selecting parameters:
zc = 9 zm = 8 zs = 0 f = 0 IDAT size = 97483
Output IDAT size = 97483 bytes (18253 bytes decrease)
Output file size = 97561 bytes (18421 bytes = 15.88% decrease)
** Processing: /home/hornik/tmp/R.check/r-release-gcc/Work/PKGS/mlr3resampling.Rcheck/vign_test/mlr3resampling/vignettes/ResamplingSameOtherSizesCV_files/figure-html/simulationShort-1.png
1152x1152 pixels, 8 bits/pixel, 256 colors in palette
Reducing image to 8 bits/pixel, grayscale
Input IDAT size = 44540 bytes
Input file size = 45458 bytes
Trying:
zc = 9 zm = 8 zs = 0 f = 0 IDAT size = 42756
zc = 9 zm = 8 zs = 1 f = 0 IDAT size = 42316
zc = 1 zm = 8 zs = 2 f = 0
zc = 9 zm = 8 zs = 3 f = 0
zc = 9 zm = 8 zs = 0 f = 5
zc = 9 zm = 8 zs = 1 f = 5
zc = 1 zm = 8 zs = 2 f = 5
zc = 9 zm = 8 zs = 3 f = 5
Selecting parameters:
zc = 9 zm = 8 zs = 1 f = 0 IDAT size = 42316
Output IDAT size = 42316 bytes (2224 bytes decrease)
Output file size = 42394 bytes (3064 bytes = 6.74% decrease)
** Processing: /home/hornik/tmp/R.check/r-release-gcc/Work/PKGS/mlr3resampling.Rcheck/vign_test/mlr3resampling/vignettes/ResamplingSameOtherSizesCV_files/figure-html/unnamed-chunk-9-1.png
1152x1152 pixels, 3x8 bits/pixel, RGB
Input IDAT size = 53626 bytes
Input file size = 53776 bytes
Trying:
zc = 9 zm = 8 zs = 0 f = 0 IDAT size = 52686
zc = 9 zm = 8 zs = 1 f = 0
zc = 1 zm = 8 zs = 2 f = 0
zc = 9 zm = 8 zs = 3 f = 0
zc = 9 zm = 8 zs = 0 f = 5 IDAT size = 49440
zc = 9 zm = 8 zs = 1 f = 5
zc = 1 zm = 8 zs = 2 f = 5
zc = 9 zm = 8 zs = 3 f = 5
Selecting parameters:
zc = 9 zm = 8 zs = 0 f = 5 IDAT size = 49440
Output IDAT size = 49440 bytes (4186 bytes decrease)
Output file size = 49518 bytes (4258 bytes = 7.92% decrease)
** Processing: /home/hornik/tmp/R.check/r-release-gcc/Work/PKGS/mlr3resampling.Rcheck/vign_test/mlr3resampling/vignettes/ResamplingSameOtherSizesCV_files/figure-html/unnamed-chunk-10-1.png
1152x1152 pixels, 3x8 bits/pixel, RGB
Input IDAT size = 88781 bytes
Input file size = 88979 bytes
Trying:
zc = 9 zm = 8 zs = 0 f = 0 IDAT size = 75807
zc = 9 zm = 8 zs = 1 f = 0
zc = 1 zm = 8 zs = 2 f = 0
zc = 9 zm = 8 zs = 3 f = 0
zc = 9 zm = 8 zs = 0 f = 5
zc = 9 zm = 8 zs = 1 f = 5
zc = 1 zm = 8 zs = 2 f = 5
zc = 9 zm = 8 zs = 3 f = 5
Selecting parameters:
zc = 9 zm = 8 zs = 0 f = 0 IDAT size = 75807
Output IDAT size = 75807 bytes (12974 bytes decrease)
Output file size = 75885 bytes (13094 bytes = 14.72% decrease)
** Processing: /home/hornik/tmp/R.check/r-release-gcc/Work/PKGS/mlr3resampling.Rcheck/vign_test/mlr3resampling/vignettes/ResamplingSameOtherSizesCV_files/figure-html/unnamed-chunk-10-2.png
1152x1152 pixels, 3x8 bits/pixel, RGB
Input IDAT size = 88809 bytes
Input file size = 89007 bytes
Trying:
zc = 9 zm = 8 zs = 0 f = 0 IDAT size = 75714
zc = 9 zm = 8 zs = 1 f = 0
zc = 1 zm = 8 zs = 2 f = 0
zc = 9 zm = 8 zs = 3 f = 0
zc = 9 zm = 8 zs = 0 f = 5
zc = 9 zm = 8 zs = 1 f = 5
zc = 1 zm = 8 zs = 2 f = 5
zc = 9 zm = 8 zs = 3 f = 5
Selecting parameters:
zc = 9 zm = 8 zs = 0 f = 0 IDAT size = 75714
Output IDAT size = 75714 bytes (13095 bytes decrease)
Output file size = 75792 bytes (13215 bytes = 14.85% decrease)
** Processing: /home/hornik/tmp/R.check/r-release-gcc/Work/PKGS/mlr3resampling.Rcheck/vign_test/mlr3resampling/vignettes/ResamplingSameOtherSizesCV_files/figure-html/unnamed-chunk-11-1.png
1152x1152 pixels, 3x8 bits/pixel, RGB
Input IDAT size = 137291 bytes
Input file size = 137561 bytes
Trying:
zc = 9 zm = 8 zs = 0 f = 0 IDAT size = 113373
zc = 9 zm = 8 zs = 1 f = 0
zc = 1 zm = 8 zs = 2 f = 0
zc = 9 zm = 8 zs = 3 f = 0
zc = 9 zm = 8 zs = 0 f = 5
zc = 9 zm = 8 zs = 1 f = 5
zc = 1 zm = 8 zs = 2 f = 5
zc = 9 zm = 8 zs = 3 f = 5
Selecting parameters:
zc = 9 zm = 8 zs = 0 f = 0 IDAT size = 113373
Output IDAT size = 113373 bytes (23918 bytes decrease)
Output file size = 113451 bytes (24110 bytes = 17.53% decrease)
** Processing: /home/hornik/tmp/R.check/r-release-gcc/Work/PKGS/mlr3resampling.Rcheck/vign_test/mlr3resampling/vignettes/ResamplingSameOtherSizesCV_files/figure-html/unnamed-chunk-11-2.png
1152x1152 pixels, 3x8 bits/pixel, RGB
Input IDAT size = 108489 bytes
Input file size = 108723 bytes
Trying:
zc = 9 zm = 8 zs = 0 f = 0 IDAT size = 84422
zc = 9 zm = 8 zs = 1 f = 0
zc = 1 zm = 8 zs = 2 f = 0
zc = 9 zm = 8 zs = 3 f = 0
zc = 9 zm = 8 zs = 0 f = 5
zc = 9 zm = 8 zs = 1 f = 5
zc = 1 zm = 8 zs = 2 f = 5
zc = 9 zm = 8 zs = 3 f = 5
Selecting parameters:
zc = 9 zm = 8 zs = 0 f = 0 IDAT size = 84422
Output IDAT size = 84422 bytes (24067 bytes decrease)
Output file size = 84500 bytes (24223 bytes = 22.28% decrease)
Quitting from lines 477-480 [unnamed-chunk-17] (ResamplingSameOtherSizesCV.Rmd)
Error: processing vignette 'ResamplingSameOtherSizesCV.Rmd' failed with diagnostics:
'TunerGridSearch' is not an exported object from 'namespace:mlr3tuning'
--- failed re-building ‘ResamplingSameOtherSizesCV.Rmd’
--- re-building ‘ResamplingVariableSizeTrainCV.Rmd’ using rmarkdown
** Processing: /home/hornik/tmp/R.check/r-release-gcc/Work/PKGS/mlr3resampling.Rcheck/vign_test/mlr3resampling/vignettes/ResamplingVariableSizeTrainCV_files/figure-html/unnamed-chunk-4-1.png
1152x1152 pixels, 8 bits/pixel, 256 colors in palette
Reducing image to 8 bits/pixel, grayscale
Input IDAT size = 73151 bytes
Input file size = 74105 bytes
Trying:
zc = 9 zm = 8 zs = 0 f = 0 IDAT size = 64618
zc = 9 zm = 8 zs = 1 f = 0
zc = 1 zm = 8 zs = 2 f = 0
zc = 9 zm = 8 zs = 3 f = 0
zc = 9 zm = 8 zs = 0 f = 5
zc = 9 zm = 8 zs = 1 f = 5
zc = 1 zm = 8 zs = 2 f = 5
zc = 9 zm = 8 zs = 3 f = 5
Selecting parameters:
zc = 9 zm = 8 zs = 0 f = 0 IDAT size = 64618
Output IDAT size = 64618 bytes (8533 bytes decrease)
Output file size = 64696 bytes (9409 bytes = 12.70% decrease)
** Processing: /home/hornik/tmp/R.check/r-release-gcc/Work/PKGS/mlr3resampling.Rcheck/vign_test/mlr3resampling/vignettes/ResamplingVariableSizeTrainCV_files/figure-html/unnamed-chunk-11-1.png
1152x1152 pixels, 3x8 bits/pixel, RGB
Input IDAT size = 173316 bytes
Input file size = 173646 bytes
Trying:
zc = 9 zm = 8 zs = 0 f = 0 IDAT size = 138804
zc = 9 zm = 8 zs = 1 f = 0
zc = 1 zm = 8 zs = 2 f = 0
zc = 9 zm = 8 zs = 3 f = 0
zc = 9 zm = 8 zs = 0 f = 5
zc = 9 zm = 8 zs = 1 f = 5
zc = 1 zm = 8 zs = 2 f = 5
zc = 9 zm = 8 zs = 3 f = 5
Selecting parameters:
zc = 9 zm = 8 zs = 0 f = 0 IDAT size = 138804
Output IDAT size = 138804 bytes (34512 bytes decrease)
Output file size = 138882 bytes (34764 bytes = 20.02% decrease)
** Processing: /home/hornik/tmp/R.check/r-release-gcc/Work/PKGS/mlr3resampling.Rcheck/vign_test/mlr3resampling/vignettes/ResamplingVariableSizeTrainCV_files/figure-html/unnamed-chunk-12-1.png
1152x1152 pixels, 3x8 bits/pixel, RGB
Input IDAT size = 104454 bytes
Input file size = 104676 bytes
Trying:
zc = 9 zm = 8 zs = 0 f = 0 IDAT size = 89300
zc = 9 zm = 8 zs = 1 f = 0
zc = 1 zm = 8 zs = 2 f = 0
zc = 9 zm = 8 zs = 3 f = 0
zc = 9 zm = 8 zs = 0 f = 5
zc = 9 zm = 8 zs = 1 f = 5
zc = 1 zm = 8 zs = 2 f = 5
zc = 9 zm = 8 zs = 3 f = 5
Selecting parameters:
zc = 9 zm = 8 zs = 0 f = 0 IDAT size = 89300
Output IDAT size = 89300 bytes (15154 bytes decrease)
Output file size = 89378 bytes (15298 bytes = 14.61% decrease)
** Processing: /home/hornik/tmp/R.check/r-release-gcc/Work/PKGS/mlr3resampling.Rcheck/vign_test/mlr3resampling/vignettes/ResamplingVariableSizeTrainCV_files/figure-html/unnamed-chunk-15-1.png
1152x1152 pixels, 3x8 bits/pixel, RGB
Input IDAT size = 222606 bytes
Input file size = 223008 bytes
Trying:
zc = 9 zm = 8 zs = 0 f = 0 IDAT size = 168628
zc = 9 zm = 8 zs = 1 f = 0
zc = 1 zm = 8 zs = 2 f = 0
zc = 9 zm = 8 zs = 3 f = 0
zc = 9 zm = 8 zs = 0 f = 5
zc = 9 zm = 8 zs = 1 f = 5
zc = 1 zm = 8 zs = 2 f = 5
zc = 9 zm = 8 zs = 3 f = 5
Selecting parameters:
zc = 9 zm = 8 zs = 0 f = 0 IDAT size = 168628
Output IDAT size = 168628 bytes (53978 bytes decrease)
Output file size = 168706 bytes (54302 bytes = 24.35% decrease)
** Processing: /home/hornik/tmp/R.check/r-release-gcc/Work/PKGS/mlr3resampling.Rcheck/vign_test/mlr3resampling/vignettes/ResamplingVariableSizeTrainCV_files/figure-html/unnamed-chunk-19-1.png
1152x1152 pixels, 3x8 bits/pixel, RGB
Input IDAT size = 187169 bytes
Input file size = 187511 bytes
Trying:
zc = 9 zm = 8 zs = 0 f = 0 IDAT size = 155040
zc = 9 zm = 8 zs = 1 f = 0
zc = 1 zm = 8 zs = 2 f = 0
zc = 9 zm = 8 zs = 3 f = 0
zc = 9 zm = 8 zs = 0 f = 5
zc = 9 zm = 8 zs = 1 f = 5
zc = 1 zm = 8 zs = 2 f = 5
zc = 9 zm = 8 zs = 3 f = 5
Selecting parameters:
zc = 9 zm = 8 zs = 0 f = 0 IDAT size = 155040
Output IDAT size = 155040 bytes (32129 bytes decrease)
Output file size = 155118 bytes (32393 bytes = 17.28% decrease)
--- finished re-building ‘ResamplingVariableSizeTrainCV.Rmd’
SUMMARY: processing the following file failed:
‘ResamplingSameOtherSizesCV.Rmd’
Error: Vignette re-building failed.
Execution halted
Flavor: r-release-linux-x86_64
Version: 2024.4.14
Check: re-building of vignette outputs
Result: ERROR
Error(s) in re-building vignettes:
--- re-building 'ResamplingSameOtherCV.Rmd' using rmarkdown
--- finished re-building 'ResamplingSameOtherCV.Rmd'
--- re-building 'ResamplingSameOtherSizesCV.Rmd' using rmarkdown
Quitting from lines 477-480 [unnamed-chunk-17] (ResamplingSameOtherSizesCV.Rmd)
Error: processing vignette 'ResamplingSameOtherSizesCV.Rmd' failed with diagnostics:
'TunerGridSearch' is not an exported object from 'namespace:mlr3tuning'
--- failed re-building 'ResamplingSameOtherSizesCV.Rmd'
--- re-building 'ResamplingVariableSizeTrainCV.Rmd' using rmarkdown
--- finished re-building 'ResamplingVariableSizeTrainCV.Rmd'
SUMMARY: processing the following file failed:
'ResamplingSameOtherSizesCV.Rmd'
Error: Vignette re-building failed.
Execution halted
Flavor: r-oldrel-windows-x86_64