Last updated on 2024-07-01 03:49:08 CEST.
Flavor | Version | Tinstall | Tcheck | Ttotal | Status | Flags |
---|---|---|---|---|---|---|
r-devel-linux-x86_64-debian-clang | 0.2.0 | 37.09 | 254.36 | 291.45 | NOTE | |
r-devel-linux-x86_64-debian-gcc | 0.2.0 | 28.16 | 183.35 | 211.51 | NOTE | |
r-devel-linux-x86_64-fedora-clang | 0.2.0 | 384.34 | NOTE | |||
r-devel-linux-x86_64-fedora-gcc | 0.2.0 | 398.45 | NOTE | |||
r-devel-windows-x86_64 | 0.2.0 | 29.00 | 497.00 | 526.00 | NOTE | |
r-patched-linux-x86_64 | 0.2.0 | 31.87 | 252.32 | 284.19 | NOTE | |
r-release-linux-x86_64 | 0.2.0 | 32.20 | 242.93 | 275.13 | NOTE | |
r-release-macos-arm64 | 0.2.0 | 114.00 | NOTE | |||
r-release-macos-x86_64 | 0.2.0 | 163.00 | NOTE | |||
r-release-windows-x86_64 | 0.2.0 | 31.00 | 487.00 | 518.00 | NOTE | |
r-oldrel-macos-arm64 | 0.2.0 | 131.00 | OK | |||
r-oldrel-macos-x86_64 | 0.2.0 | 189.00 | OK | |||
r-oldrel-windows-x86_64 | 0.2.0 | 38.00 | 497.00 | 535.00 | OK |
Version: 0.2.0
Check: Rd files
Result: NOTE
checkRd: (-1) print.selectEM.Rd:18: Lost braces
18 | The function \code{print.selectEM} is the print method for the class{selectEM}, which is the output
| ^
Flavors: r-devel-linux-x86_64-debian-clang, r-devel-linux-x86_64-debian-gcc, r-devel-linux-x86_64-fedora-clang, r-devel-linux-x86_64-fedora-gcc, r-devel-windows-x86_64, r-patched-linux-x86_64, r-release-linux-x86_64, r-release-macos-arm64, r-release-macos-x86_64, r-release-windows-x86_64