Last updated on 2024-07-01 03:49:08 CEST.
Flavor | Version | Tinstall | Tcheck | Ttotal | Status | Flags |
---|---|---|---|---|---|---|
r-devel-linux-x86_64-debian-clang | 0.4-5 | 16.79 | 211.68 | 228.47 | OK | |
r-devel-linux-x86_64-debian-gcc | 0.4-5 | 14.26 | 148.65 | 162.91 | OK | |
r-devel-linux-x86_64-fedora-clang | 0.4-5 | 293.44 | OK | |||
r-devel-linux-x86_64-fedora-gcc | 0.4-5 | 279.21 | OK | |||
r-devel-windows-x86_64 | 0.4-5 | 14.00 | 159.00 | 173.00 | OK | |
r-patched-linux-x86_64 | 0.4-5 | 10.74 | 196.48 | 207.22 | OK | |
r-release-linux-x86_64 | 0.4-5 | 10.99 | 190.13 | 201.12 | OK | |
r-release-macos-arm64 | 0.4-5 | 83.00 | OK | |||
r-release-macos-x86_64 | 0.4-5 | 122.00 | OK | |||
r-release-windows-x86_64 | 0.4-5 | 15.00 | 164.00 | 179.00 | OK | |
r-oldrel-macos-arm64 | 0.4-5 | 93.00 | OK | |||
r-oldrel-macos-x86_64 | 0.4-5 | 119.00 | NOTE | |||
r-oldrel-windows-x86_64 | 0.4-5 | 21.00 | 207.00 | 228.00 | OK |
Version: 0.4-5
Check: package dependencies
Result: NOTE
Package suggested but not available for checking: ‘glmmTMB’
Flavor: r-oldrel-macos-x86_64