Last updated on 2024-07-01 03:49:08 CEST.
Flavor | Version | Tinstall | Tcheck | Ttotal | Status | Flags |
---|---|---|---|---|---|---|
r-devel-linux-x86_64-debian-clang | 1.4.0 | 69.54 | 34.27 | 103.81 | NOTE | |
r-devel-linux-x86_64-debian-gcc | 1.4.0 | 45.23 | 25.47 | 70.70 | NOTE | |
r-devel-linux-x86_64-fedora-clang | 1.4.0 | 149.44 | NOTE | |||
r-devel-linux-x86_64-fedora-gcc | 1.4.0 | 157.29 | NOTE | |||
r-devel-windows-x86_64 | 1.4.0 | 53.00 | 73.00 | 126.00 | NOTE | |
r-patched-linux-x86_64 | 1.4.0 | 61.48 | 32.51 | 93.99 | NOTE | |
r-release-linux-x86_64 | 1.4.0 | 59.50 | 31.74 | 91.24 | NOTE | |
r-release-macos-arm64 | 1.4.0 | 34.00 | NOTE | |||
r-release-macos-x86_64 | 1.4.0 | 39.00 | NOTE | |||
r-release-windows-x86_64 | 1.4.0 | 54.00 | 73.00 | 127.00 | NOTE | |
r-oldrel-macos-arm64 | 1.4.0 | 39.00 | NOTE | |||
r-oldrel-macos-x86_64 | 1.4.0 | 70.00 | NOTE | |||
r-oldrel-windows-x86_64 | 1.4.0 | 68.00 | 80.00 | 148.00 | NOTE |
Version: 1.4.0
Check: C++ specification
Result: NOTE
Specified C++11: please drop specification unless essential
Flavors: r-devel-linux-x86_64-debian-clang, r-devel-linux-x86_64-debian-gcc, r-devel-linux-x86_64-fedora-clang, r-devel-linux-x86_64-fedora-gcc, r-devel-windows-x86_64, r-patched-linux-x86_64, r-release-linux-x86_64, r-release-macos-arm64, r-release-macos-x86_64, r-release-windows-x86_64, r-oldrel-macos-arm64, r-oldrel-macos-x86_64, r-oldrel-windows-x86_64
Version: 1.4.0
Check: package subdirectories
Result: NOTE
Problems with news in ‘NEWS.md’:
No news entries found.
Flavors: r-devel-linux-x86_64-debian-clang, r-devel-linux-x86_64-debian-gcc, r-devel-linux-x86_64-fedora-clang, r-devel-linux-x86_64-fedora-gcc, r-devel-windows-x86_64, r-patched-linux-x86_64, r-release-linux-x86_64, r-release-macos-arm64, r-release-macos-x86_64, r-release-windows-x86_64, r-oldrel-macos-arm64, r-oldrel-macos-x86_64, r-oldrel-windows-x86_64