Last updated on 2024-07-01 03:49:08 CEST.
Flavor | Version | Tinstall | Tcheck | Ttotal | Status | Flags |
---|---|---|---|---|---|---|
r-devel-linux-x86_64-debian-clang | 0.2.0 | 2.64 | 74.85 | 77.49 | NOTE | |
r-devel-linux-x86_64-debian-gcc | 0.2.0 | 2.07 | 55.40 | 57.47 | NOTE | |
r-devel-linux-x86_64-fedora-clang | 0.2.0 | 94.42 | NOTE | |||
r-devel-linux-x86_64-fedora-gcc | 0.2.0 | 91.09 | NOTE | |||
r-devel-windows-x86_64 | 0.2.0 | 4.00 | 85.00 | 89.00 | NOTE | |
r-patched-linux-x86_64 | 0.2.0 | 8.40 | 73.03 | 81.43 | NOTE | |
r-release-linux-x86_64 | 0.2.0 | 1.66 | 72.73 | 74.39 | NOTE | |
r-release-macos-arm64 | 0.2.0 | 37.00 | NOTE | |||
r-release-macos-x86_64 | 0.2.0 | 50.00 | NOTE | |||
r-release-windows-x86_64 | 0.2.0 | 4.00 | 82.00 | 86.00 | NOTE | |
r-oldrel-macos-arm64 | 0.2.0 | 39.00 | NOTE | |||
r-oldrel-macos-x86_64 | 0.2.0 | 60.00 | NOTE | |||
r-oldrel-windows-x86_64 | 0.2.0 | 4.00 | 91.00 | 95.00 | NOTE |
Version: 0.2.0
Check: LazyData
Result: NOTE
'LazyData' is specified without a 'data' directory
Flavors: r-devel-linux-x86_64-debian-clang, r-devel-linux-x86_64-debian-gcc, r-devel-linux-x86_64-fedora-clang, r-devel-linux-x86_64-fedora-gcc, r-devel-windows-x86_64, r-patched-linux-x86_64, r-release-linux-x86_64, r-release-macos-arm64, r-release-macos-x86_64, r-release-windows-x86_64, r-oldrel-macos-arm64, r-oldrel-macos-x86_64, r-oldrel-windows-x86_64