Last updated on 2024-07-01 03:49:08 CEST.
Flavor | Version | Tinstall | Tcheck | Ttotal | Status | Flags |
---|---|---|---|---|---|---|
r-devel-linux-x86_64-debian-clang | 0.1.10 | 17.23 | 98.23 | 115.46 | OK | |
r-devel-linux-x86_64-debian-gcc | 0.1.10 | 10.02 | 71.54 | 81.56 | OK | |
r-devel-linux-x86_64-fedora-clang | 0.1.10 | 140.51 | NOTE | |||
r-devel-linux-x86_64-fedora-gcc | 0.1.10 | 132.57 | OK | |||
r-devel-windows-x86_64 | 0.1.10 | 15.00 | 97.00 | 112.00 | OK | |
r-patched-linux-x86_64 | 0.1.10 | 13.34 | 92.28 | 105.62 | OK | |
r-release-linux-x86_64 | 0.1.10 | 13.69 | 94.46 | 108.15 | OK | |
r-release-macos-arm64 | 0.1.10 | 41.00 | OK | |||
r-release-macos-x86_64 | 0.1.10 | 75.00 | OK | |||
r-release-windows-x86_64 | 0.1.10 | 15.00 | 94.00 | 109.00 | OK | |
r-oldrel-macos-arm64 | 0.1.10 | 46.00 | OK | |||
r-oldrel-macos-x86_64 | 0.1.10 | 72.00 | OK | |||
r-oldrel-windows-x86_64 | 0.1.10 | 20.00 | 110.00 | 130.00 | OK |
Version: 0.1.10
Check: installed package size
Result: NOTE
installed size is 8.2Mb
sub-directories of 1Mb or more:
libs 7.3Mb
Flavor: r-devel-linux-x86_64-fedora-clang