Last updated on 2024-07-01 03:49:07 CEST.
Flavor | Version | Tinstall | Tcheck | Ttotal | Status | Flags |
---|---|---|---|---|---|---|
r-devel-linux-x86_64-debian-clang | 1.1 | 4.47 | 61.30 | 65.77 | OK | |
r-devel-linux-x86_64-debian-gcc | 1.1 | 3.00 | 46.80 | 49.80 | OK | |
r-devel-linux-x86_64-fedora-clang | 1.1 | 88.05 | OK | |||
r-devel-linux-x86_64-fedora-gcc | 1.1 | 97.52 | OK | |||
r-devel-windows-x86_64 | 1.1 | 6.00 | 79.00 | 85.00 | OK | |
r-patched-linux-x86_64 | 1.1 | 5.07 | 60.05 | 65.12 | OK | |
r-release-linux-x86_64 | 1.1 | 3.95 | 60.59 | 64.54 | OK | |
r-release-macos-arm64 | 1.1 | 37.00 | OK | |||
r-release-macos-x86_64 | 1.1 | 52.00 | OK | |||
r-release-windows-x86_64 | 1.1 | 6.00 | 78.00 | 84.00 | OK | |
r-oldrel-macos-arm64 | 1.1 | 40.00 | NOTE | |||
r-oldrel-macos-x86_64 | 1.1 | 55.00 | NOTE | |||
r-oldrel-windows-x86_64 | 1.1 | 7.00 | 95.00 | 102.00 | OK |
Version: 1.1
Check: package dependencies
Result: NOTE
Packages suggested but not available for checking: 'DAPAR', 'ProteoMM'
Flavors: r-oldrel-macos-arm64, r-oldrel-macos-x86_64