Last updated on 2024-07-02 15:50:44 CEST.
Flavor | Version | Tinstall | Tcheck | Ttotal | Status | Flags |
---|---|---|---|---|---|---|
r-devel-linux-x86_64-debian-clang | 0.4.21 | 6.04 | 58.89 | 64.93 | OK | |
r-devel-linux-x86_64-debian-gcc | 0.4.21 | 4.20 | 42.16 | 46.36 | OK | |
r-devel-linux-x86_64-fedora-clang | 0.4.21 | 84.51 | NOTE | |||
r-devel-linux-x86_64-fedora-gcc | 0.4.21 | 89.32 | NOTE | |||
r-devel-windows-x86_64 | 0.4.21 | 8.00 | 90.00 | 98.00 | OK | |
r-patched-linux-x86_64 | 0.4.21 | 6.35 | 54.17 | 60.52 | OK | |
r-release-linux-x86_64 | 0.4.21 | 4.56 | 56.07 | 60.63 | OK | |
r-release-macos-arm64 | 0.4.21 | 31.00 | OK | |||
r-release-macos-x86_64 | 0.4.21 | 76.00 | OK | |||
r-release-windows-x86_64 | 0.4.21 | 8.00 | 92.00 | 100.00 | OK | |
r-oldrel-macos-arm64 | 0.4.21 | 38.00 | OK | |||
r-oldrel-macos-x86_64 | 0.4.21 | 139.00 | OK | |||
r-oldrel-windows-x86_64 | 0.4.21 | 9.00 | 90.00 | 99.00 | OK |
Version: 0.4.21
Check: compiled code
Result: NOTE
File ‘mhsmm/libs/mhsmm.so’:
Found no calls to: ‘R_registerRoutines’, ‘R_useDynamicSymbols’
It is good practice to register native routines and to disable symbol
search.
See ‘Writing portable packages’ in the ‘Writing R Extensions’ manual.
Flavors: r-devel-linux-x86_64-fedora-clang, r-devel-linux-x86_64-fedora-gcc