Last updated on 2024-07-01 03:49:07 CEST.
Flavor | Version | Tinstall | Tcheck | Ttotal | Status | Flags |
---|---|---|---|---|---|---|
r-devel-linux-x86_64-debian-clang | 1.0.5 | 99.98 | 611.59 | 711.57 | OK | |
r-devel-linux-x86_64-debian-gcc | 1.0.5 | 80.46 | 440.13 | 520.59 | OK | |
r-devel-linux-x86_64-fedora-clang | 1.0.5 | 751.83 | OK | |||
r-devel-linux-x86_64-fedora-gcc | 1.0.5 | 864.05 | OK | |||
r-devel-windows-x86_64 | 1.0.5 | 76.00 | 404.00 | 480.00 | OK | |
r-patched-linux-x86_64 | 1.0.5 | 71.38 | 587.19 | 658.57 | OK | |
r-release-linux-x86_64 | 1.0.5 | 74.41 | 574.67 | 649.08 | OK | |
r-release-macos-arm64 | 1.0.5 | 215.00 | NOTE | |||
r-release-macos-x86_64 | 1.0.5 | 369.00 | NOTE | |||
r-release-windows-x86_64 | 1.0.5 | 76.00 | 398.00 | 474.00 | OK | |
r-oldrel-macos-arm64 | 1.0.5 | 205.00 | NOTE | |||
r-oldrel-macos-x86_64 | 1.0.5 | 507.00 | NOTE | |||
r-oldrel-windows-x86_64 | 1.0.5 | 106.00 | 556.00 | 662.00 | OK |
Version: 1.0.5
Check: installed package size
Result: NOTE
installed size is 23.3Mb
sub-directories of 1Mb or more:
doc 1.7Mb
libs 20.6Mb
Flavors: r-release-macos-arm64, r-release-macos-x86_64, r-oldrel-macos-arm64, r-oldrel-macos-x86_64