Last updated on 2024-07-01 03:49:07 CEST.
Flavor | Version | Tinstall | Tcheck | Ttotal | Status | Flags |
---|---|---|---|---|---|---|
r-devel-linux-x86_64-debian-clang | 1.16 | 139.43 | 236.38 | 375.81 | OK | |
r-devel-linux-x86_64-debian-gcc | 1.16 | 110.49 | 159.58 | 270.07 | OK | |
r-devel-linux-x86_64-fedora-clang | 1.16 | 487.22 | NOTE | |||
r-devel-linux-x86_64-fedora-gcc | 1.16 | 497.11 | NOTE | |||
r-devel-windows-x86_64 | 1.16 | 110.00 | 203.00 | 313.00 | OK | |
r-patched-linux-x86_64 | 1.16 | 125.34 | 219.95 | 345.29 | OK | |
r-release-linux-x86_64 | 1.16 | 119.46 | 211.72 | 331.18 | OK | |
r-release-macos-arm64 | 1.16 | 102.00 | NOTE | |||
r-release-macos-x86_64 | 1.16 | 142.00 | WARN | |||
r-release-windows-x86_64 | 1.16 | 111.00 | 207.00 | 318.00 | OK | |
r-oldrel-macos-arm64 | 1.16 | 116.00 | NOTE | |||
r-oldrel-macos-x86_64 | 1.16 | 292.00 | NOTE | |||
r-oldrel-windows-x86_64 | 1.16 | 143.00 | 248.00 | 391.00 | OK |
Version: 1.16
Check: data for non-ASCII characters
Result: NOTE
Note: found 6 marked UTF-8 strings
Flavors: r-devel-linux-x86_64-fedora-clang, r-devel-linux-x86_64-fedora-gcc
Version: 1.16
Check: installed package size
Result: NOTE
installed size is 9.6Mb
sub-directories of 1Mb or more:
data 1.1Mb
libs 6.5Mb
Flavors: r-release-macos-arm64, r-release-macos-x86_64, r-oldrel-macos-arm64, r-oldrel-macos-x86_64
Version: 1.16
Check: re-building of vignette outputs
Result: WARN
Error(s) in re-building vignettes:
...
--- re-building ‘mev-vignette.Rnw’ using knitr_notangle
Error: processing vignette 'mev-vignette.Rnw' failed with diagnostics:
Running 'texi2dvi' on 'mev-vignette.tex' failed.
LaTeX errors:
! Undefined control sequence.
l.98 \hlkwd{library}\hldef
{(mev)}
?
! Emergency stop.
! Emergency stop.
l.98
End of file on the terminal!
! ==> Fatal error occurred, no output PDF file produced!
--- failed re-building ‘mev-vignette.Rnw’
SUMMARY: processing the following file failed:
‘mev-vignette.Rnw’
Error: Vignette re-building failed.
Execution halted
Flavor: r-release-macos-x86_64