Last updated on 2024-07-01 03:49:07 CEST.
Flavor | Version | Tinstall | Tcheck | Ttotal | Status | Flags |
---|---|---|---|---|---|---|
r-devel-linux-x86_64-debian-clang | 1.0.3 | 20.27 | 215.97 | 236.24 | OK | |
r-devel-linux-x86_64-debian-gcc | 1.0.3 | 16.15 | 163.11 | 179.26 | OK | |
r-devel-linux-x86_64-fedora-clang | 1.0.3 | 301.21 | NOTE | |||
r-devel-linux-x86_64-fedora-gcc | 1.0.3 | 296.65 | OK | |||
r-devel-windows-x86_64 | 1.0.3 | 18.00 | 184.00 | 202.00 | NOTE | |
r-patched-linux-x86_64 | 1.0.3 | 17.31 | 212.12 | 229.43 | OK | |
r-release-linux-x86_64 | 1.0.3 | 11.25 | 209.89 | 221.14 | OK | |
r-release-macos-arm64 | 1.0.3 | 98.00 | NOTE | |||
r-release-macos-x86_64 | 1.0.3 | 164.00 | NOTE | |||
r-release-windows-x86_64 | 1.0.3 | 18.00 | 184.00 | 202.00 | NOTE | |
r-oldrel-macos-arm64 | 1.0.3 | 169.00 | NOTE | |||
r-oldrel-macos-x86_64 | 1.0.3 | 216.00 | NOTE | |||
r-oldrel-windows-x86_64 | 1.0.3 | 23.00 | 218.00 | 241.00 | NOTE |
Version: 1.0.3
Check: installed package size
Result: NOTE
installed size is 5.2Mb
sub-directories of 1Mb or more:
data 4.1Mb
Flavors: r-devel-linux-x86_64-fedora-clang, r-devel-windows-x86_64, r-release-macos-arm64, r-release-macos-x86_64, r-release-windows-x86_64, r-oldrel-macos-arm64, r-oldrel-macos-x86_64, r-oldrel-windows-x86_64