Last updated on 2024-07-01 03:49:07 CEST.
Flavor | Version | Tinstall | Tcheck | Ttotal | Status | Flags |
---|---|---|---|---|---|---|
r-devel-linux-x86_64-debian-clang | 0.1.0 | 3.32 | 37.53 | 40.85 | NOTE | |
r-devel-linux-x86_64-debian-gcc | 0.1.0 | 2.96 | 29.17 | 32.13 | NOTE | |
r-devel-linux-x86_64-fedora-clang | 0.1.0 | 57.48 | NOTE | |||
r-devel-linux-x86_64-fedora-gcc | 0.1.0 | 65.36 | NOTE | |||
r-devel-windows-x86_64 | 0.1.0 | 5.00 | 50.00 | 55.00 | NOTE | |
r-patched-linux-x86_64 | 0.1.0 | 2.12 | 36.86 | 38.98 | NOTE | |
r-release-linux-x86_64 | 0.1.0 | 2.57 | 37.13 | 39.70 | NOTE | |
r-release-macos-arm64 | 0.1.0 | 28.00 | NOTE | |||
r-release-macos-x86_64 | 0.1.0 | 41.00 | NOTE | |||
r-release-windows-x86_64 | 0.1.0 | 5.00 | 50.00 | 55.00 | NOTE | |
r-oldrel-macos-arm64 | 0.1.0 | 26.00 | OK | |||
r-oldrel-macos-x86_64 | 0.1.0 | 36.00 | OK | |||
r-oldrel-windows-x86_64 | 0.1.0 | 5.00 | 54.00 | 59.00 | OK |
Version: 0.1.0
Check: Rd files
Result: NOTE
checkRd: (-1) ensembler.classifier.Rd:47: Lost braces; missing escapes or markup?
47 | {ensembler_return[1]}{Test data predictions.}
| ^
checkRd: (-1) ensembler.classifier.Rd:47: Lost braces
47 | {ensembler_return[1]}{Test data predictions.}
| ^
checkRd: (-1) ensembler.classifier.Rd:48: Lost braces; missing escapes or markup?
48 | {ensembler_return[2]}{Prediction labels.}
| ^
checkRd: (-1) ensembler.classifier.Rd:48: Lost braces
48 | {ensembler_return[2]}{Prediction labels.}
| ^
checkRd: (-1) ensembler.classifier.Rd:49: Lost braces; missing escapes or markup?
49 | {ensembler_return[3]}{Model Result.}
| ^
checkRd: (-1) ensembler.classifier.Rd:49: Lost braces
49 | {ensembler_return[3]}{Model Result.}
| ^
checkRd: (-1) ensembler.classifier.Rd:50: Lost braces; missing escapes or markup?
50 | {ensembler_return[4]}{Unseen data predictions.}
| ^
checkRd: (-1) ensembler.classifier.Rd:50: Lost braces
50 | {ensembler_return[4]}{Unseen data predictions.}
| ^
checkRd: (-1) ensembler.regression.Rd:47: Lost braces; missing escapes or markup?
47 | {ensembler_return[1]}{Test data predictions.}
| ^
checkRd: (-1) ensembler.regression.Rd:47: Lost braces
47 | {ensembler_return[1]}{Test data predictions.}
| ^
checkRd: (-1) ensembler.regression.Rd:48: Lost braces; missing escapes or markup?
48 | {ensembler_return[2]}{Prediction values.}
| ^
checkRd: (-1) ensembler.regression.Rd:48: Lost braces
48 | {ensembler_return[2]}{Prediction values.}
| ^
checkRd: (-1) ensembler.regression.Rd:49: Lost braces; missing escapes or markup?
49 | {ensembler_return[3]}{Model Result.}
| ^
checkRd: (-1) ensembler.regression.Rd:49: Lost braces
49 | {ensembler_return[3]}{Model Result.}
| ^
checkRd: (-1) ensembler.regression.Rd:50: Lost braces; missing escapes or markup?
50 | {ensembler_return[4]}{Unseen data predictions.}
| ^
checkRd: (-1) ensembler.regression.Rd:50: Lost braces
50 | {ensembler_return[4]}{Unseen data predictions.}
| ^
Flavors: r-devel-linux-x86_64-debian-clang, r-devel-linux-x86_64-debian-gcc, r-devel-linux-x86_64-fedora-clang, r-devel-linux-x86_64-fedora-gcc, r-devel-windows-x86_64, r-patched-linux-x86_64, r-release-linux-x86_64, r-release-macos-arm64, r-release-macos-x86_64, r-release-windows-x86_64
Version: 0.1.0
Check: dependencies in R code
Result: NOTE
Namespaces in Imports field not imported from:
‘e1071’ ‘gbm’ ‘ggplot2’ ‘graphics’ ‘randomForest’
All declared Imports should be used.
Flavors: r-devel-linux-x86_64-fedora-clang, r-devel-linux-x86_64-fedora-gcc