Last updated on 2024-07-01 03:49:07 CEST.
Flavor | Version | Tinstall | Tcheck | Ttotal | Status | Flags |
---|---|---|---|---|---|---|
r-devel-linux-x86_64-debian-clang | 1.0 | 7.39 | 54.21 | 61.60 | OK | |
r-devel-linux-x86_64-debian-gcc | 1.0 | 3.92 | 40.90 | 44.82 | OK | |
r-devel-linux-x86_64-fedora-clang | 1.0 | 83.56 | NOTE | |||
r-devel-linux-x86_64-fedora-gcc | 1.0 | 89.49 | NOTE | |||
r-devel-windows-x86_64 | 1.0 | 8.00 | 63.00 | 71.00 | OK | |
r-patched-linux-x86_64 | 1.0 | 5.34 | 51.76 | 57.10 | OK | |
r-release-linux-x86_64 | 1.0 | 3.88 | 52.28 | 56.16 | OK | |
r-release-macos-arm64 | 1.0 | 32.00 | OK | |||
r-release-macos-x86_64 | 1.0 | 70.00 | OK | |||
r-release-windows-x86_64 | 1.0 | 8.00 | 63.00 | 71.00 | OK | |
r-oldrel-macos-arm64 | 1.0 | 33.00 | OK | |||
r-oldrel-macos-x86_64 | 1.0 | 47.00 | OK | |||
r-oldrel-windows-x86_64 | 1.0 | 8.00 | 68.00 | 76.00 | OK |
Version: 1.0
Check: dependencies in R code
Result: NOTE
Namespace in Imports field not imported from: ‘gt’
All declared Imports should be used.
Flavors: r-devel-linux-x86_64-fedora-clang, r-devel-linux-x86_64-fedora-gcc