Last updated on 2024-07-01 03:49:07 CEST.
Flavor | Version | Tinstall | Tcheck | Ttotal | Status | Flags |
---|---|---|---|---|---|---|
r-devel-linux-x86_64-debian-clang | 1.1.1 | 3.22 | 29.79 | 33.01 | NOTE | |
r-devel-linux-x86_64-debian-gcc | 1.1.1 | 2.55 | 23.12 | 25.67 | NOTE | |
r-devel-linux-x86_64-fedora-clang | 1.1.1 | 45.27 | NOTE | |||
r-devel-linux-x86_64-fedora-gcc | 1.1.1 | 54.67 | NOTE | |||
r-devel-windows-x86_64 | 1.1.1 | 8.00 | 48.00 | 56.00 | NOTE | |
r-patched-linux-x86_64 | 1.1.1 | 2.97 | 28.53 | 31.50 | OK | |
r-release-linux-x86_64 | 1.1.1 | 3.17 | 28.42 | 31.59 | OK | |
r-release-macos-arm64 | 1.1.1 | 22.00 | OK | |||
r-release-macos-x86_64 | 1.1.1 | 35.00 | OK | |||
r-release-windows-x86_64 | 1.1.1 | 5.00 | 46.00 | 51.00 | OK | |
r-oldrel-macos-arm64 | 1.1.1 | 29.00 | OK | |||
r-oldrel-macos-x86_64 | 1.1.1 | 85.00 | OK | |||
r-oldrel-windows-x86_64 | 1.1.1 | 6.00 | 49.00 | 55.00 | OK |
Version: 1.1.1
Check: compiled code
Result: NOTE
File ‘memo/libs/memo.so’:
Found non-API call to R: ‘PRCODE’
Compiled code should not call non-API entry points in R.
See ‘Writing portable packages’ in the ‘Writing R Extensions’ manual.
See section ‘Moving into C API compliance’ in the ‘Writing R
Extensions’ manual for issues with use of non-API entry points.
Flavors: r-devel-linux-x86_64-debian-clang, r-devel-linux-x86_64-debian-gcc, r-devel-linux-x86_64-fedora-gcc
Version: 1.1.1
Check: compiled code
Result: NOTE
File ‘memo/libs/memo.so’:
Found non-API call to R: ‘PRCODE’
Compiled code should not call non-API entry points in R.
See ‘Writing portable packages’ in the ‘Writing R Extensions’ manual,
and section ‘Moving into C API compliance’ for issues with the use of
non-API entry points.
Flavor: r-devel-linux-x86_64-fedora-clang
Version: 1.1.1
Check: compiled code
Result: NOTE
File 'memo/libs/x64/memo.dll':
Found non-API call to R: 'PRCODE'
Compiled code should not call non-API entry points in R.
See 'Writing portable packages' in the 'Writing R Extensions' manual.
See section 'Moving into C API compliance' in the 'Writing R
Extensions' manual for issues with use of non-API entry points.
Flavor: r-devel-windows-x86_64