Last updated on 2024-07-01 03:49:07 CEST.
Flavor | Version | Tinstall | Tcheck | Ttotal | Status | Flags |
---|---|---|---|---|---|---|
r-devel-linux-x86_64-debian-clang | 0.99.31.7 | 35.99 | 192.84 | 228.83 | OK | |
r-devel-linux-x86_64-debian-gcc | 0.99.31.7 | 33.82 | 136.63 | 170.45 | OK | |
r-devel-linux-x86_64-fedora-clang | 0.99.31.7 | 294.00 | NOTE | |||
r-devel-linux-x86_64-fedora-gcc | 0.99.31.7 | 290.13 | OK | |||
r-devel-windows-x86_64 | 0.99.31.7 | 35.00 | 161.00 | 196.00 | NOTE | |
r-patched-linux-x86_64 | 0.99.31.7 | 44.28 | 188.56 | 232.84 | OK | |
r-release-linux-x86_64 | 0.99.31.7 | 41.51 | 186.13 | 227.64 | OK | |
r-release-macos-arm64 | 0.99.31.7 | 74.00 | NOTE | |||
r-release-macos-x86_64 | 0.99.31.7 | 154.00 | NOTE | |||
r-release-windows-x86_64 | 0.99.31.7 | 35.00 | 162.00 | 197.00 | NOTE | |
r-oldrel-macos-arm64 | 0.99.31.7 | 101.00 | NOTE | |||
r-oldrel-macos-x86_64 | 0.99.31.7 | 252.00 | NOTE | |||
r-oldrel-windows-x86_64 | 0.99.31.7 | 34.00 | 198.00 | 232.00 | NOTE |
Version: 0.99.31.7
Check: installed package size
Result: NOTE
installed size is 5.4Mb
sub-directories of 1Mb or more:
R 1.4Mb
doc 3.1Mb
Flavors: r-devel-linux-x86_64-fedora-clang, r-devel-windows-x86_64, r-release-macos-arm64, r-release-macos-x86_64, r-release-windows-x86_64, r-oldrel-macos-arm64, r-oldrel-macos-x86_64, r-oldrel-windows-x86_64