Last updated on 2024-07-01 03:49:07 CEST.
Flavor | Version | Tinstall | Tcheck | Ttotal | Status | Flags |
---|---|---|---|---|---|---|
r-devel-linux-x86_64-debian-clang | 0.2.7 | 42.31 | 83.39 | 125.70 | NOTE | |
r-devel-linux-x86_64-debian-gcc | 0.2.7 | 32.96 | 63.76 | 96.72 | NOTE | |
r-devel-linux-x86_64-fedora-clang | 0.2.7 | 163.84 | NOTE | |||
r-devel-linux-x86_64-fedora-gcc | 0.2.7 | 157.71 | NOTE | |||
r-devel-windows-x86_64 | 0.2.7 | 39.00 | 90.00 | 129.00 | NOTE | |
r-patched-linux-x86_64 | 0.2.7 | 45.79 | 78.89 | 124.68 | NOTE | |
r-release-linux-x86_64 | 0.2.7 | 29.45 | 77.58 | 107.03 | NOTE | |
r-release-macos-arm64 | 0.2.7 | 59.00 | NOTE | |||
r-release-macos-x86_64 | 0.2.7 | 83.00 | NOTE | |||
r-release-windows-x86_64 | 0.2.7 | 37.00 | 89.00 | 126.00 | NOTE | |
r-oldrel-macos-arm64 | 0.2.7 | 61.00 | NOTE | |||
r-oldrel-macos-x86_64 | 0.2.7 | 97.00 | NOTE | |||
r-oldrel-windows-x86_64 | 0.2.7 | 51.00 | 101.00 | 152.00 | OK |
Version: 0.2.7
Check: Rd files
Result: NOTE
checkRd: (-1) Elections.Rd:8: Lost braces
8 | An object of class \\code{tbl_df} (inherits from \\code{tbl}, \\code{data.frame})
| ^
checkRd: (-1) Elections.Rd:8: Lost braces
8 | An object of class \\code{tbl_df} (inherits from \\code{tbl}, \\code{data.frame})
| ^
checkRd: (-1) Elections.Rd:8: Lost braces
8 | An object of class \\code{tbl_df} (inherits from \\code{tbl}, \\code{data.frame})
| ^
checkRd: (-1) Violations.Rd:39-45: Lost braces
39 | {
| ^
Flavors: r-devel-linux-x86_64-debian-clang, r-devel-linux-x86_64-debian-gcc, r-devel-linux-x86_64-fedora-clang, r-devel-linux-x86_64-fedora-gcc, r-devel-windows-x86_64, r-patched-linux-x86_64, r-release-linux-x86_64, r-release-macos-arm64, r-release-macos-x86_64, r-release-windows-x86_64
Version: 0.2.7
Check: data for non-ASCII characters
Result: NOTE
Note: found 2866 marked UTF-8 strings
Flavors: r-devel-linux-x86_64-fedora-clang, r-devel-linux-x86_64-fedora-gcc
Version: 0.2.7
Check: installed package size
Result: NOTE
installed size is 5.4Mb
sub-directories of 1Mb or more:
data 5.1Mb
Flavors: r-release-macos-arm64, r-release-macos-x86_64, r-oldrel-macos-arm64, r-oldrel-macos-x86_64