Last updated on 2024-07-01 03:49:07 CEST.
Flavor | Version | Tinstall | Tcheck | Ttotal | Status | Flags |
---|---|---|---|---|---|---|
r-devel-linux-x86_64-debian-clang | 0.7.7 | 143.70 | 353.78 | 497.48 | OK | |
r-devel-linux-x86_64-debian-gcc | 0.7.7 | 104.48 | 262.38 | 366.86 | OK | |
r-devel-linux-x86_64-fedora-clang | 0.7.7 | 628.67 | OK | |||
r-devel-linux-x86_64-fedora-gcc | 0.7.7 | 655.34 | OK | |||
r-devel-windows-x86_64 | 0.7.7 | 105.00 | 300.00 | 405.00 | OK | |
r-patched-linux-x86_64 | 0.7.7 | 120.53 | 344.96 | 465.49 | OK | |
r-release-linux-x86_64 | 0.7.7 | 119.37 | 338.56 | 457.93 | OK | |
r-release-macos-arm64 | 0.7.7 | 155.00 | NOTE | |||
r-release-macos-x86_64 | 0.7.7 | 234.00 | NOTE | |||
r-release-windows-x86_64 | 0.7.7 | 105.00 | 301.00 | 406.00 | OK | |
r-oldrel-macos-arm64 | 0.7.7 | 169.00 | NOTE | |||
r-oldrel-macos-x86_64 | 0.7.7 | 370.00 | NOTE | |||
r-oldrel-windows-x86_64 | 0.7.7 | 133.00 | 387.00 | 520.00 | OK |
Version: 0.7.7
Check: installed package size
Result: NOTE
installed size is 20.9Mb
sub-directories of 1Mb or more:
R 2.0Mb
libs 18.4Mb
Flavors: r-release-macos-arm64, r-release-macos-x86_64, r-oldrel-macos-arm64, r-oldrel-macos-x86_64