Last updated on 2024-07-01 03:49:07 CEST.
Flavor | Version | Tinstall | Tcheck | Ttotal | Status | Flags |
---|---|---|---|---|---|---|
r-devel-linux-x86_64-debian-clang | 0.2.7 | 38.89 | 123.34 | 162.23 | OK | |
r-devel-linux-x86_64-debian-gcc | 0.2.7 | 22.96 | 89.07 | 112.03 | OK | |
r-devel-linux-x86_64-fedora-clang | 0.2.7 | 201.46 | NOTE | |||
r-devel-linux-x86_64-fedora-gcc | 0.2.7 | 188.45 | OK | |||
r-devel-windows-x86_64 | 0.2.7 | 30.00 | 136.00 | 166.00 | OK | |
r-patched-linux-x86_64 | 0.2.7 | 31.83 | 117.85 | 149.68 | OK | |
r-release-linux-x86_64 | 0.2.7 | 18.36 | 116.75 | 135.11 | OK | |
r-release-macos-arm64 | 0.2.7 | 75.00 | OK | |||
r-release-macos-x86_64 | 0.2.7 | 105.00 | OK | |||
r-release-windows-x86_64 | 0.2.7 | 30.00 | 137.00 | 167.00 | OK | |
r-oldrel-macos-arm64 | 0.2.7 | 88.00 | OK | |||
r-oldrel-macos-x86_64 | 0.2.7 | 139.00 | OK | |||
r-oldrel-windows-x86_64 | 0.2.7 | 35.00 | 171.00 | 206.00 | OK |
Version: 0.2.7
Check: Rd cross-references
Result: NOTE
Undeclared package ‘NLP’ in Rd xrefs
Flavor: r-devel-linux-x86_64-fedora-clang