Last updated on 2024-07-01 03:49:07 CEST.
Flavor | Version | Tinstall | Tcheck | Ttotal | Status | Flags |
---|---|---|---|---|---|---|
r-devel-linux-x86_64-debian-clang | 0.0.1 | 11.86 | 107.54 | 119.40 | OK | |
r-devel-linux-x86_64-debian-gcc | 0.0.1 | 8.94 | 80.72 | 89.66 | OK | |
r-devel-linux-x86_64-fedora-clang | 0.0.1 | 156.34 | NOTE | |||
r-devel-linux-x86_64-fedora-gcc | 0.0.1 | 161.03 | NOTE | |||
r-devel-windows-x86_64 | 0.0.1 | 10.00 | 96.00 | 106.00 | OK | |
r-patched-linux-x86_64 | 0.0.1 | 11.37 | 104.04 | 115.41 | OK | |
r-release-linux-x86_64 | 0.0.1 | 11.86 | 105.59 | 117.45 | OK | |
r-release-macos-arm64 | 0.0.1 | 49.00 | OK | |||
r-release-macos-x86_64 | 0.0.1 | 77.00 | OK | |||
r-release-windows-x86_64 | 0.0.1 | 10.00 | 96.00 | 106.00 | OK | |
r-oldrel-macos-arm64 | 0.0.1 | 55.00 | OK | |||
r-oldrel-macos-x86_64 | 0.0.1 | 90.00 | OK | |||
r-oldrel-windows-x86_64 | 0.0.1 | 13.00 | 115.00 | 128.00 | OK |
Version: 0.0.1
Check: dependencies in R code
Result: NOTE
Namespace in Imports field not imported from: ‘MASS’
All declared Imports should be used.
Flavors: r-devel-linux-x86_64-fedora-clang, r-devel-linux-x86_64-fedora-gcc