Last updated on 2024-07-01 03:49:07 CEST.
Flavor | Version | Tinstall | Tcheck | Ttotal | Status | Flags |
---|---|---|---|---|---|---|
r-devel-linux-x86_64-debian-clang | 0.9.6 | 8.83 | 105.75 | 114.58 | NOTE | |
r-devel-linux-x86_64-debian-gcc | 0.9.6 | 6.04 | 79.40 | 85.44 | NOTE | |
r-devel-linux-x86_64-fedora-clang | 0.9.6 | 142.46 | NOTE | |||
r-devel-linux-x86_64-fedora-gcc | 0.9.6 | 150.62 | NOTE | |||
r-devel-windows-x86_64 | 0.9.6 | 8.00 | 108.00 | 116.00 | NOTE | |
r-patched-linux-x86_64 | 0.9.6 | 6.64 | 100.91 | 107.55 | NOTE | |
r-release-linux-x86_64 | 0.9.6 | 4.89 | 100.36 | 105.25 | NOTE | |
r-release-macos-arm64 | 0.9.6 | 54.00 | NOTE | |||
r-release-macos-x86_64 | 0.9.6 | 76.00 | NOTE | |||
r-release-windows-x86_64 | 0.9.6 | 8.00 | 107.00 | 115.00 | NOTE | |
r-oldrel-macos-arm64 | 0.9.6 | 55.00 | OK | |||
r-oldrel-macos-x86_64 | 0.9.6 | 86.00 | OK | |||
r-oldrel-windows-x86_64 | 0.9.6 | 11.00 | 120.00 | 131.00 | OK |
Version: 0.9.6
Check: Rd files
Result: NOTE
checkRd: (-1) vectors3d.Rd:86: Lost braces
86 | \code{\link{arrows3d}}, code{\link[rgl]{texts3d}}, code{\link[rgl]{rgl.material}}
| ^
checkRd: (-1) vectors3d.Rd:86: Lost braces
86 | \code{\link{arrows3d}}, code{\link[rgl]{texts3d}}, code{\link[rgl]{rgl.material}}
| ^
Flavors: r-devel-linux-x86_64-debian-clang, r-devel-linux-x86_64-debian-gcc, r-devel-linux-x86_64-fedora-clang, r-devel-linux-x86_64-fedora-gcc, r-devel-windows-x86_64, r-patched-linux-x86_64, r-release-linux-x86_64, r-release-macos-arm64, r-release-macos-x86_64, r-release-windows-x86_64