Last updated on 2024-07-01 03:49:07 CEST.
Flavor | Version | Tinstall | Tcheck | Ttotal | Status | Flags |
---|---|---|---|---|---|---|
r-devel-linux-x86_64-debian-clang | 0.1.0 | 3.17 | 32.78 | 35.95 | NOTE | |
r-devel-linux-x86_64-debian-gcc | 0.1.0 | 2.70 | 25.57 | 28.27 | NOTE | |
r-devel-linux-x86_64-fedora-clang | 0.1.0 | 46.67 | NOTE | |||
r-devel-linux-x86_64-fedora-gcc | 0.1.0 | 43.82 | NOTE | |||
r-devel-windows-x86_64 | 0.1.0 | 4.00 | 50.00 | 54.00 | NOTE | |
r-patched-linux-x86_64 | 0.1.0 | 3.76 | 32.13 | 35.89 | NOTE | |
r-release-linux-x86_64 | 0.1.0 | 3.19 | 32.41 | 35.60 | NOTE | |
r-release-macos-arm64 | 0.1.0 | 18.00 | NOTE | |||
r-release-macos-x86_64 | 0.1.0 | 31.00 | NOTE | |||
r-release-windows-x86_64 | 0.1.0 | 5.00 | 48.00 | 53.00 | NOTE | |
r-oldrel-macos-arm64 | 0.1.0 | 27.00 | OK | |||
r-oldrel-macos-x86_64 | 0.1.0 | 26.00 | OK | |||
r-oldrel-windows-x86_64 | 0.1.0 | 4.00 | 54.00 | 58.00 | OK |
Version: 0.1.0
Check: Rd files
Result: NOTE
checkRd: (-1) Match.Rd:90: Lost braces; missing escapes or markup?
90 | expression in braces. For example, the condition "{[ab]*}" is equivalent
| ^
Flavors: r-devel-linux-x86_64-debian-clang, r-devel-linux-x86_64-debian-gcc, r-devel-linux-x86_64-fedora-clang, r-devel-linux-x86_64-fedora-gcc, r-devel-windows-x86_64, r-patched-linux-x86_64, r-release-linux-x86_64, r-release-macos-arm64, r-release-macos-x86_64, r-release-windows-x86_64