Last updated on 2024-07-01 03:49:07 CEST.
Flavor | Version | Tinstall | Tcheck | Ttotal | Status | Flags |
---|---|---|---|---|---|---|
r-devel-linux-x86_64-debian-clang | 1.0-4 | 217.25 | 166.86 | 384.11 | OK | |
r-devel-linux-x86_64-debian-gcc | 1.0-4 | 162.01 | 119.85 | 281.86 | OK | |
r-devel-linux-x86_64-fedora-clang | 1.0-4 | 558.70 | NOTE | |||
r-devel-linux-x86_64-fedora-gcc | 1.0-4 | 581.00 | OK | |||
r-devel-windows-x86_64 | 1.0-4 | 177.00 | 177.00 | 354.00 | NOTE | |
r-patched-linux-x86_64 | 1.0-4 | 193.81 | 160.10 | 353.91 | OK | |
r-release-linux-x86_64 | 1.0-4 | 186.93 | 159.03 | 345.96 | OK | |
r-release-macos-arm64 | 1.0-4 | 112.00 | NOTE | |||
r-release-macos-x86_64 | 1.0-4 | 152.00 | NOTE | |||
r-release-windows-x86_64 | 1.0-4 | 174.00 | 178.00 | 352.00 | NOTE | |
r-oldrel-macos-arm64 | 1.0-4 | 120.00 | NOTE | |||
r-oldrel-macos-x86_64 | 1.0-4 | 152.00 | NOTE | |||
r-oldrel-windows-x86_64 | 1.0-4 | 213.00 | 210.00 | 423.00 | NOTE |
Version: 1.0-4
Check: installed package size
Result: NOTE
installed size is 5.1Mb
sub-directories of 1Mb or more:
java 3.3Mb
Flavors: r-devel-linux-x86_64-fedora-clang, r-devel-windows-x86_64, r-release-macos-arm64, r-release-macos-x86_64, r-release-windows-x86_64, r-oldrel-macos-arm64, r-oldrel-macos-x86_64, r-oldrel-windows-x86_64