Last updated on 2024-07-01 03:49:07 CEST.
Flavor | Version | Tinstall | Tcheck | Ttotal | Status | Flags |
---|---|---|---|---|---|---|
r-devel-linux-x86_64-debian-clang | 0.1.3 | 5.51 | 49.13 | 54.64 | NOTE | |
r-devel-linux-x86_64-debian-gcc | 0.1.3 | 3.03 | 36.67 | 39.70 | NOTE | |
r-devel-linux-x86_64-fedora-clang | 0.1.3 | 69.61 | NOTE | |||
r-devel-linux-x86_64-fedora-gcc | 0.1.3 | 76.33 | NOTE | |||
r-devel-windows-x86_64 | 0.1.3 | 7.00 | 59.00 | 66.00 | NOTE | |
r-patched-linux-x86_64 | 0.1.3 | 4.03 | 46.71 | 50.74 | NOTE | |
r-release-linux-x86_64 | 0.1.3 | 2.74 | 45.48 | 48.22 | NOTE | |
r-release-macos-arm64 | 0.1.3 | 29.00 | NOTE | |||
r-release-macos-x86_64 | 0.1.3 | 44.00 | NOTE | |||
r-release-windows-x86_64 | 0.1.3 | 6.00 | 57.00 | 63.00 | NOTE | |
r-oldrel-macos-arm64 | 0.1.3 | 31.00 | NOTE | |||
r-oldrel-macos-x86_64 | 0.1.3 | 45.00 | NOTE | |||
r-oldrel-windows-x86_64 | 0.1.3 | 6.00 | 62.00 | 68.00 | NOTE |
Version: 0.1.3
Check: LazyData
Result: NOTE
'LazyData' is specified without a 'data' directory
Flavors: r-devel-linux-x86_64-debian-clang, r-devel-linux-x86_64-debian-gcc, r-devel-linux-x86_64-fedora-clang, r-devel-linux-x86_64-fedora-gcc, r-devel-windows-x86_64, r-patched-linux-x86_64, r-release-linux-x86_64, r-release-macos-arm64, r-release-macos-x86_64, r-release-windows-x86_64, r-oldrel-macos-arm64, r-oldrel-macos-x86_64, r-oldrel-windows-x86_64