Last updated on 2024-07-01 03:49:07 CEST.
Flavor | Version | Tinstall | Tcheck | Ttotal | Status | Flags |
---|---|---|---|---|---|---|
r-devel-linux-x86_64-debian-clang | 1.0.0 | 112.65 | 108.67 | 221.32 | OK | |
r-devel-linux-x86_64-debian-gcc | 1.0.0 | 82.18 | 80.53 | 162.71 | OK | |
r-devel-linux-x86_64-fedora-clang | 1.0.0 | 305.08 | OK | |||
r-devel-linux-x86_64-fedora-gcc | 1.0.0 | 323.41 | OK | |||
r-devel-windows-x86_64 | 1.0.0 | 91.00 | 125.00 | 216.00 | OK | |
r-patched-linux-x86_64 | 1.0.0 | 100.63 | 102.93 | 203.56 | OK | |
r-release-linux-x86_64 | 1.0.0 | 102.13 | 100.22 | 202.35 | OK | |
r-release-macos-arm64 | 1.0.0 | 68.00 | NOTE | |||
r-release-macos-x86_64 | 1.0.0 | 92.00 | NOTE | |||
r-release-windows-x86_64 | 1.0.0 | 90.00 | 122.00 | 212.00 | OK | |
r-oldrel-macos-arm64 | 1.0.0 | 80.00 | NOTE | |||
r-oldrel-macos-x86_64 | 1.0.0 | 141.00 | NOTE | |||
r-oldrel-windows-x86_64 | 1.0.0 | 87.00 | 153.00 | 240.00 | OK |
Version: 1.0.0
Check: installed package size
Result: NOTE
installed size is 5.8Mb
sub-directories of 1Mb or more:
libs 5.1Mb
Flavors: r-release-macos-arm64, r-release-macos-x86_64, r-oldrel-macos-arm64, r-oldrel-macos-x86_64