Last updated on 2024-07-01 03:49:07 CEST.
Flavor | Version | Tinstall | Tcheck | Ttotal | Status | Flags |
---|---|---|---|---|---|---|
r-devel-linux-x86_64-debian-clang | 0.3.5 | 258.47 | 74.31 | 332.78 | NOTE | |
r-devel-linux-x86_64-debian-gcc | 0.3.5 | 221.88 | 54.57 | 276.45 | NOTE | |
r-devel-linux-x86_64-fedora-clang | 0.3.5 | 463.95 | NOTE | |||
r-devel-linux-x86_64-fedora-gcc | 0.3.5 | 589.47 | NOTE | |||
r-devel-windows-x86_64 | 0.3.5 | 216.00 | 115.00 | 331.00 | NOTE | |
r-patched-linux-x86_64 | 0.3.5 | 263.71 | 69.86 | 333.57 | NOTE | |
r-release-linux-x86_64 | 0.3.5 | 259.26 | 68.73 | 327.99 | NOTE | |
r-release-macos-arm64 | 0.3.5 | 114.00 | NOTE | |||
r-release-macos-x86_64 | 0.3.5 | 119.00 | NOTE | |||
r-release-windows-x86_64 | 0.3.5 | 213.00 | 112.00 | 325.00 | NOTE | |
r-oldrel-macos-arm64 | 0.3.5 | 130.00 | NOTE | |||
r-oldrel-macos-x86_64 | 0.3.5 | 127.00 | NOTE | |||
r-oldrel-windows-x86_64 | 0.3.5 | 259.00 | 139.00 | 398.00 | NOTE |
Version: 0.3.5
Check: C++ specification
Result: NOTE
Specified C++14: please drop specification unless essential
Flavors: r-devel-linux-x86_64-debian-clang, r-devel-linux-x86_64-debian-gcc, r-devel-linux-x86_64-fedora-clang, r-devel-linux-x86_64-fedora-gcc, r-devel-windows-x86_64, r-patched-linux-x86_64, r-release-linux-x86_64, r-release-macos-arm64, r-release-macos-x86_64, r-release-windows-x86_64, r-oldrel-macos-arm64, r-oldrel-macos-x86_64, r-oldrel-windows-x86_64
Version: 0.3.5
Check: compiled code
Result: NOTE
File ‘mapdeck/libs/mapdeck.so’:
Found non-API calls to R: ‘SET_TYPEOF’, ‘STRING_PTR’
Compiled code should not call non-API entry points in R.
See ‘Writing portable packages’ in the ‘Writing R Extensions’ manual.
See section ‘Moving into C API compliance’ in the ‘Writing R
Extensions’ manual for issues with use of non-API entry points.
Flavors: r-devel-linux-x86_64-debian-clang, r-devel-linux-x86_64-debian-gcc, r-devel-linux-x86_64-fedora-gcc
Version: 0.3.5
Check: installed package size
Result: NOTE
installed size is 9.4Mb
sub-directories of 1Mb or more:
data 1.3Mb
doc 1.6Mb
htmlwidgets 3.6Mb
libs 2.4Mb
Flavors: r-devel-linux-x86_64-fedora-clang, r-devel-windows-x86_64, r-release-macos-arm64, r-release-macos-x86_64, r-release-windows-x86_64, r-oldrel-macos-arm64, r-oldrel-macos-x86_64, r-oldrel-windows-x86_64
Version: 0.3.5
Check: compiled code
Result: NOTE
File ‘mapdeck/libs/mapdeck.so’:
Found non-API calls to R: ‘SET_TYPEOF’, ‘STRING_PTR’
Compiled code should not call non-API entry points in R.
See ‘Writing portable packages’ in the ‘Writing R Extensions’ manual,
and section ‘Moving into C API compliance’ for issues with the use of
non-API entry points.
Flavor: r-devel-linux-x86_64-fedora-clang
Version: 0.3.5
Check: compiled code
Result: NOTE
File 'mapdeck/libs/x64/mapdeck.dll':
Found non-API calls to R: 'SET_TYPEOF', 'STRING_PTR'
Compiled code should not call non-API entry points in R.
See 'Writing portable packages' in the 'Writing R Extensions' manual.
See section 'Moving into C API compliance' in the 'Writing R
Extensions' manual for issues with use of non-API entry points.
Flavor: r-devel-windows-x86_64