Last updated on 2024-07-01 03:49:07 CEST.
Flavor | Version | Tinstall | Tcheck | Ttotal | Status | Flags |
---|---|---|---|---|---|---|
r-devel-linux-x86_64-debian-clang | 0.11.1 | 6.64 | 72.15 | 78.79 | NOTE | |
r-devel-linux-x86_64-debian-gcc | 0.11.1 | 6.33 | 54.98 | 61.31 | NOTE | |
r-devel-linux-x86_64-fedora-clang | 0.11.1 | 101.57 | NOTE | |||
r-devel-linux-x86_64-fedora-gcc | 0.11.1 | 119.34 | NOTE | |||
r-devel-windows-x86_64 | 0.11.1 | 9.00 | 92.00 | 101.00 | NOTE | |
r-patched-linux-x86_64 | 0.11.1 | 8.23 | 70.77 | 79.00 | NOTE | |
r-release-linux-x86_64 | 0.11.1 | 5.91 | 69.89 | 75.80 | NOTE | |
r-release-macos-arm64 | 0.11.1 | 46.00 | NOTE | |||
r-release-macos-x86_64 | 0.11.1 | 69.00 | NOTE | |||
r-release-windows-x86_64 | 0.11.1 | 9.00 | 85.00 | 94.00 | NOTE | |
r-oldrel-macos-arm64 | 0.11.1 | 45.00 | OK | |||
r-oldrel-macos-x86_64 | 0.11.1 | 71.00 | OK | |||
r-oldrel-windows-x86_64 | 0.11.1 | 11.00 | 94.00 | 105.00 | OK |
Version: 0.11.1
Check: Rd files
Result: NOTE
checkRd: (-1) manipulateWidget.Rd:113-117: Lost braces in \itemize; meant \describe ?
checkRd: (-1) manipulateWidget.Rd:118-120: Lost braces in \itemize; meant \describe ?
checkRd: (-1) manipulateWidget.Rd:121-123: Lost braces in \itemize; meant \describe ?
checkRd: (-1) manipulateWidget.Rd:124-127: Lost braces in \itemize; meant \describe ?
Flavors: r-devel-linux-x86_64-debian-clang, r-devel-linux-x86_64-debian-gcc, r-devel-linux-x86_64-fedora-clang, r-devel-linux-x86_64-fedora-gcc, r-devel-windows-x86_64, r-patched-linux-x86_64, r-release-linux-x86_64, r-release-macos-arm64, r-release-macos-x86_64, r-release-windows-x86_64
Version: 0.11.1
Check: data for non-ASCII characters
Result: NOTE
Note: found 55 marked UTF-8 strings
Flavors: r-devel-linux-x86_64-fedora-clang, r-devel-linux-x86_64-fedora-gcc