Last updated on 2024-07-01 03:49:07 CEST.
Flavor | Version | Tinstall | Tcheck | Ttotal | Status | Flags |
---|---|---|---|---|---|---|
r-devel-linux-x86_64-debian-clang | 2.0 | 18.87 | 358.97 | 377.84 | OK | |
r-devel-linux-x86_64-debian-gcc | 2.0 | 15.55 | 253.11 | 268.66 | OK | |
r-devel-linux-x86_64-fedora-clang | 2.0 | 479.54 | NOTE | |||
r-devel-linux-x86_64-fedora-gcc | 2.0 | 489.92 | OK | |||
r-devel-windows-x86_64 | 2.0 | 17.00 | 266.00 | 283.00 | NOTE | |
r-patched-linux-x86_64 | 2.0 | 13.75 | 347.50 | 361.25 | OK | |
r-release-linux-x86_64 | 2.0 | 14.58 | 347.41 | 361.99 | OK | |
r-release-macos-arm64 | 2.0 | 110.00 | NOTE | |||
r-release-macos-x86_64 | 2.0 | 182.00 | NOTE | |||
r-release-windows-x86_64 | 2.0 | 17.00 | 274.00 | 291.00 | NOTE | |
r-oldrel-macos-arm64 | 2.0 | 144.00 | NOTE | |||
r-oldrel-macos-x86_64 | 2.0 | 264.00 | NOTE | |||
r-oldrel-windows-x86_64 | 2.0 | 23.00 | 320.00 | 343.00 | NOTE |
Version: 2.0
Check: installed package size
Result: NOTE
installed size is 7.4Mb
sub-directories of 1Mb or more:
doc 6.9Mb
Flavors: r-devel-linux-x86_64-fedora-clang, r-devel-windows-x86_64, r-release-macos-arm64, r-release-macos-x86_64, r-release-windows-x86_64, r-oldrel-macos-arm64, r-oldrel-macos-x86_64, r-oldrel-windows-x86_64