Last updated on 2024-07-01 03:49:07 CEST.
Flavor | Version | Tinstall | Tcheck | Ttotal | Status | Flags |
---|---|---|---|---|---|---|
r-devel-linux-x86_64-debian-clang | 0.1.4 | 3.40 | 43.17 | 46.57 | NOTE | |
r-devel-linux-x86_64-debian-gcc | 0.1.4 | 2.58 | 32.34 | 34.92 | NOTE | |
r-devel-linux-x86_64-fedora-clang | 0.1.4 | 58.04 | NOTE | |||
r-devel-linux-x86_64-fedora-gcc | 0.1.4 | 54.38 | NOTE | |||
r-devel-windows-x86_64 | 0.1.4 | 5.00 | 62.00 | 67.00 | NOTE | |
r-patched-linux-x86_64 | 0.1.4 | 8.53 | 41.81 | 50.34 | NOTE | |
r-release-linux-x86_64 | 0.1.4 | 2.01 | 42.14 | 44.15 | NOTE | |
r-release-macos-arm64 | 0.1.4 | 24.00 | NOTE | |||
r-release-macos-x86_64 | 0.1.4 | 32.00 | NOTE | |||
r-release-windows-x86_64 | 0.1.4 | 5.00 | 56.00 | 61.00 | NOTE | |
r-oldrel-macos-arm64 | 0.1.4 | 24.00 | NOTE | |||
r-oldrel-macos-x86_64 | 0.1.4 | 31.00 | NOTE | |||
r-oldrel-windows-x86_64 | 0.1.4 | 5.00 | 60.00 | 65.00 | NOTE |
Version: 0.1.4
Check: package subdirectories
Result: NOTE
Problems with news in ‘NEWS.md’:
No news entries found.
Flavors: r-devel-linux-x86_64-debian-clang, r-devel-linux-x86_64-debian-gcc, r-devel-linux-x86_64-fedora-clang, r-devel-linux-x86_64-fedora-gcc, r-devel-windows-x86_64, r-patched-linux-x86_64, r-release-linux-x86_64, r-release-macos-arm64, r-release-macos-x86_64, r-release-windows-x86_64, r-oldrel-macos-arm64, r-oldrel-macos-x86_64, r-oldrel-windows-x86_64