Last updated on 2024-07-01 03:49:07 CEST.
Flavor | Version | Tinstall | Tcheck | Ttotal | Status | Flags |
---|---|---|---|---|---|---|
r-devel-linux-x86_64-debian-clang | 1.1.0 | 22.44 | 223.16 | 245.60 | OK | |
r-devel-linux-x86_64-debian-gcc | 1.1.0 | 18.69 | 161.51 | 180.20 | OK | |
r-devel-linux-x86_64-fedora-clang | 1.1.0 | 302.89 | NOTE | |||
r-devel-linux-x86_64-fedora-gcc | 1.1.0 | 293.35 | NOTE | |||
r-devel-windows-x86_64 | 1.1.0 | 19.00 | 190.00 | 209.00 | OK | |
r-patched-linux-x86_64 | 1.1.0 | 15.05 | 213.28 | 228.33 | OK | |
r-release-linux-x86_64 | 1.1.0 | 15.45 | 207.93 | 223.38 | OK | |
r-release-macos-arm64 | 1.1.0 | 84.00 | OK | |||
r-release-macos-x86_64 | 1.1.0 | 138.00 | OK | |||
r-release-windows-x86_64 | 1.1.0 | 18.00 | 185.00 | 203.00 | OK | |
r-oldrel-macos-arm64 | 1.1.0 | 90.00 | OK | |||
r-oldrel-macos-x86_64 | 1.1.0 | 224.00 | OK | |||
r-oldrel-windows-x86_64 | 1.1.0 | 26.00 | 228.00 | 254.00 | OK |
Version: 1.1.0
Check: data for non-ASCII characters
Result: NOTE
Note: found 16 marked UTF-8 strings
Flavors: r-devel-linux-x86_64-fedora-clang, r-devel-linux-x86_64-fedora-gcc