Last updated on 2024-07-01 03:49:07 CEST.
Flavor | Version | Tinstall | Tcheck | Ttotal | Status | Flags |
---|---|---|---|---|---|---|
r-devel-linux-x86_64-debian-clang | 3.1.3 | 22.67 | 153.85 | 176.52 | NOTE | |
r-devel-linux-x86_64-debian-gcc | 3.1.3 | 16.00 | 113.45 | 129.45 | NOTE | |
r-devel-linux-x86_64-fedora-clang | 3.1.3 | 223.08 | NOTE | |||
r-devel-linux-x86_64-fedora-gcc | 3.1.3 | 227.57 | NOTE | |||
r-devel-windows-x86_64 | 3.1.3 | 20.00 | 219.00 | 239.00 | NOTE | |
r-patched-linux-x86_64 | 3.1.3 | 23.86 | 150.86 | 174.72 | NOTE | |
r-release-linux-x86_64 | 3.1.3 | 25.76 | 147.96 | 173.72 | NOTE | |
r-release-macos-arm64 | 3.1.3 | 79.00 | NOTE | |||
r-release-macos-x86_64 | 3.1.3 | 139.00 | NOTE | |||
r-release-windows-x86_64 | 3.1.3 | 21.00 | 203.00 | 224.00 | NOTE | |
r-oldrel-macos-arm64 | 3.1.3 | 76.00 | OK | |||
r-oldrel-macos-x86_64 | 3.1.3 | 198.00 | OK | |||
r-oldrel-windows-x86_64 | 3.1.3 | 25.00 | 189.00 | 214.00 | OK |
Version: 3.1.3
Check: Rd files
Result: NOTE
checkRd: (-1) mable.dr.Rd:23: Lost braces
23 | \item{x, y}{original two sample raw data, code{x}:"Control", \code{y}: "Case".}
| ^
checkRd: (-1) mable.dr.group.Rd:26: Lost braces
26 | specified by \code{t}. code{n0}:"Control", \code{n1}: "Case".}
| ^
checkRd: (-1) mable.reg.Rd:50: Lost braces
50 | Wrapping all code{mable} fit of regression models in one function.
| ^
checkRd: (-1) maple.dr.Rd:23: Lost braces
23 | \item{x, y}{original two sample raw data, code{x}:"Control", \code{y}: "Case".}
| ^
checkRd: (-1) maple.dr.group.Rd:27: Lost braces
27 | specified by \code{t}. code{n0}:"Control", \code{n1}: "Case".}
| ^
Flavors: r-devel-linux-x86_64-debian-clang, r-devel-linux-x86_64-debian-gcc, r-devel-linux-x86_64-fedora-clang, r-devel-linux-x86_64-fedora-gcc, r-devel-windows-x86_64, r-patched-linux-x86_64, r-release-linux-x86_64, r-release-macos-arm64, r-release-macos-x86_64, r-release-windows-x86_64