Last updated on 2024-07-01 03:49:07 CEST.
Flavor | Version | Tinstall | Tcheck | Ttotal | Status | Flags |
---|---|---|---|---|---|---|
r-devel-linux-x86_64-debian-clang | 0.3.2 | 28.80 | 93.47 | 122.27 | OK | |
r-devel-linux-x86_64-debian-gcc | 0.3.2 | 19.83 | 70.15 | 89.98 | OK | |
r-devel-linux-x86_64-fedora-clang | 0.3.2 | 165.31 | OK | |||
r-devel-linux-x86_64-fedora-gcc | 0.3.2 | 156.16 | OK | |||
r-devel-windows-x86_64 | 0.3.2 | 27.00 | 130.00 | 157.00 | NOTE | |
r-patched-linux-x86_64 | 0.3.2 | 23.48 | 91.09 | 114.57 | OK | |
r-release-linux-x86_64 | 0.3.2 | 25.15 | 87.66 | 112.81 | OK | |
r-release-macos-arm64 | 0.3.2 | 52.00 | NOTE | |||
r-release-macos-x86_64 | 0.3.2 | 86.00 | NOTE | |||
r-release-windows-x86_64 | 0.3.2 | 27.00 | 120.00 | 147.00 | NOTE | |
r-oldrel-macos-arm64 | 0.3.2 | 56.00 | NOTE | |||
r-oldrel-macos-x86_64 | 0.3.2 | 139.00 | NOTE | |||
r-oldrel-windows-x86_64 | 0.3.2 | 33.00 | 134.00 | 167.00 | NOTE |
Version: 0.3.2
Check: installed package size
Result: NOTE
installed size is 5.3Mb
sub-directories of 1Mb or more:
R 4.0Mb
libs 1.0Mb
Flavors: r-devel-windows-x86_64, r-release-macos-arm64, r-release-macos-x86_64, r-release-windows-x86_64, r-oldrel-macos-arm64, r-oldrel-macos-x86_64, r-oldrel-windows-x86_64