Last updated on 2024-07-01 03:49:06 CEST.
Flavor | Version | Tinstall | Tcheck | Ttotal | Status | Flags |
---|---|---|---|---|---|---|
r-devel-linux-x86_64-debian-clang | 0.5.6 | 6.84 | 65.09 | 71.93 | NOTE | |
r-devel-linux-x86_64-debian-gcc | 0.5.6 | 5.64 | 48.25 | 53.89 | NOTE | |
r-devel-linux-x86_64-fedora-clang | 0.5.6 | 92.85 | NOTE | |||
r-devel-linux-x86_64-fedora-gcc | 0.5.6 | 84.71 | NOTE | |||
r-devel-windows-x86_64 | 0.5.6 | 9.00 | 66.00 | 75.00 | NOTE | |
r-patched-linux-x86_64 | 0.5.6 | 8.62 | 60.86 | 69.48 | NOTE | |
r-release-linux-x86_64 | 0.5.6 | 6.31 | 60.98 | 67.29 | NOTE | |
r-release-macos-arm64 | 0.5.6 | 28.00 | NOTE | |||
r-release-macos-x86_64 | 0.5.6 | 48.00 | NOTE | |||
r-release-windows-x86_64 | 0.5.6 | 9.00 | 63.00 | 72.00 | NOTE | |
r-oldrel-macos-arm64 | 0.5.6 | 31.00 | NOTE | |||
r-oldrel-macos-x86_64 | 0.5.6 | 47.00 | NOTE | |||
r-oldrel-windows-x86_64 | 0.5.6 | 10.00 | 73.00 | 83.00 | NOTE |
Version: 0.5.6
Check: LazyData
Result: NOTE
'LazyData' is specified without a 'data' directory
Flavors: r-devel-linux-x86_64-debian-clang, r-devel-linux-x86_64-debian-gcc, r-devel-linux-x86_64-fedora-clang, r-devel-linux-x86_64-fedora-gcc, r-devel-windows-x86_64, r-patched-linux-x86_64, r-release-linux-x86_64, r-release-macos-arm64, r-release-macos-x86_64, r-release-windows-x86_64, r-oldrel-macos-arm64, r-oldrel-macos-x86_64, r-oldrel-windows-x86_64