Last updated on 2024-07-01 03:49:06 CEST.
Flavor | Version | Tinstall | Tcheck | Ttotal | Status | Flags |
---|---|---|---|---|---|---|
r-devel-linux-x86_64-debian-clang | 1.3.1 | 704.24 | 332.53 | 1036.77 | OK | |
r-devel-linux-x86_64-debian-gcc | 1.3.1 | 514.23 | 276.51 | 790.74 | OK | |
r-devel-linux-x86_64-fedora-clang | 1.3.1 | 1602.97 | OK | |||
r-devel-linux-x86_64-fedora-gcc | 1.3.1 | 1724.45 | OK | |||
r-devel-windows-x86_64 | 1.3.1 | 542.00 | 363.00 | 905.00 | OK | |
r-patched-linux-x86_64 | 1.3.1 | 448.89 | 343.76 | 792.65 | OK | |
r-release-linux-x86_64 | 1.3.1 | 476.89 | 333.33 | 810.22 | OK | |
r-release-macos-arm64 | 1.3.1 | 283.00 | NOTE | |||
r-release-macos-x86_64 | 1.3.1 | 325.00 | NOTE | |||
r-release-windows-x86_64 | 1.3.1 | 534.00 | 355.00 | 889.00 | OK | |
r-oldrel-macos-arm64 | 1.3.1 | 287.00 | NOTE | |||
r-oldrel-macos-x86_64 | 1.3.1 | 468.00 | NOTE | |||
r-oldrel-windows-x86_64 | 1.3.1 | 692.00 | 423.00 | 1115.00 | OK |
Version: 1.3.1
Check: installed package size
Result: NOTE
installed size is 17.2Mb
sub-directories of 1Mb or more:
libs 16.5Mb
Flavors: r-release-macos-arm64, r-release-macos-x86_64, r-oldrel-macos-arm64, r-oldrel-macos-x86_64