Last updated on 2024-07-01 03:49:06 CEST.
Flavor | Version | Tinstall | Tcheck | Ttotal | Status | Flags |
---|---|---|---|---|---|---|
r-devel-linux-x86_64-debian-clang | 5.5.2.0-17.11 | 30.07 | 36.64 | 66.71 | NOTE | |
r-devel-linux-x86_64-debian-gcc | 5.5.2.0-17.11 | 25.48 | 27.14 | 52.62 | NOTE | |
r-devel-linux-x86_64-fedora-clang | 5.5.2.0-17.11 | 89.48 | NOTE | |||
r-devel-linux-x86_64-fedora-gcc | 5.5.2.0-17.11 | 106.66 | NOTE | |||
r-devel-windows-x86_64 | 5.5.2.0-17.11 | 71.00 | 63.00 | 134.00 | NOTE | |
r-patched-linux-x86_64 | 5.5.2.0-17.11 | 32.97 | 34.66 | 67.63 | OK | |
r-release-linux-x86_64 | 5.5.2.0-17.11 | 35.10 | 34.60 | 69.70 | OK | |
r-release-macos-arm64 | 5.5.2.0-17.11 | 29.00 | OK | |||
r-release-macos-x86_64 | 5.5.2.0-17.11 | 35.00 | OK | |||
r-release-windows-x86_64 | 5.5.2.0-17.11 | 70.00 | 65.00 | 135.00 | OK | |
r-oldrel-macos-arm64 | 5.5.2.0-17.11 | 34.00 | OK | |||
r-oldrel-macos-x86_64 | 5.5.2.0-17.11 | 52.00 | OK | |||
r-oldrel-windows-x86_64 | 5.5.2.0-17.11 | 96.00 | 68.00 | 164.00 | OK |
Version: 5.5.2.0-17.11
Check: compiled code
Result: NOTE
File ‘lpSolveAPI/libs/lpSolveAPI.so’:
Found non-API call to R: ‘SETLENGTH’
Compiled code should not call non-API entry points in R.
See ‘Writing portable packages’ in the ‘Writing R Extensions’ manual.
See section ‘Moving into C API compliance’ in the ‘Writing R
Extensions’ manual for issues with use of non-API entry points.
Flavors: r-devel-linux-x86_64-debian-clang, r-devel-linux-x86_64-debian-gcc, r-devel-linux-x86_64-fedora-gcc
Version: 5.5.2.0-17.11
Check: compiled code
Result: NOTE
File ‘lpSolveAPI/libs/lpSolveAPI.so’:
Found non-API call to R: ‘SETLENGTH’
Compiled code should not call non-API entry points in R.
See ‘Writing portable packages’ in the ‘Writing R Extensions’ manual,
and section ‘Moving into C API compliance’ for issues with the use of
non-API entry points.
Flavor: r-devel-linux-x86_64-fedora-clang
Version: 5.5.2.0-17.11
Check: compiled code
Result: NOTE
File 'lpSolveAPI/libs/x64/lpSolveAPI.dll':
Found non-API call to R: 'SETLENGTH'
Compiled code should not call non-API entry points in R.
See 'Writing portable packages' in the 'Writing R Extensions' manual.
Flavor: r-devel-windows-x86_64