Last updated on 2024-07-01 03:49:06 CEST.
Flavor | Version | Tinstall | Tcheck | Ttotal | Status | Flags |
---|---|---|---|---|---|---|
r-devel-linux-x86_64-debian-clang | 1.3.1 | 206.21 | 177.45 | 383.66 | NOTE | --no-vignettes |
r-devel-linux-x86_64-debian-gcc | 1.3.1 | 161.47 | 134.06 | 295.53 | NOTE | --no-vignettes |
r-devel-linux-x86_64-fedora-clang | 1.3.1 | 529.73 | NOTE | --no-vignettes | ||
r-devel-linux-x86_64-fedora-gcc | 1.3.1 | 577.14 | NOTE | --no-vignettes | ||
r-devel-windows-x86_64 | 1.3.1 | 165.00 | 174.00 | 339.00 | NOTE | --no-vignettes |
r-patched-linux-x86_64 | 1.3.1 | 187.77 | 174.98 | 362.75 | OK | --no-vignettes |
r-release-linux-x86_64 | 1.3.1 | 182.77 | 170.41 | 353.18 | OK | --no-vignettes |
r-release-macos-arm64 | 1.3.1 | 1803.00 | NOTE | |||
r-release-macos-x86_64 | 1.3.1 | 1410.00 | NOTE | |||
r-release-windows-x86_64 | 1.3.1 | 164.00 | 194.00 | 358.00 | OK | --no-vignettes |
r-oldrel-macos-arm64 | 1.3.1 | 733.00 | NOTE | |||
r-oldrel-macos-x86_64 | 1.3.1 | 1624.00 | NOTE | |||
r-oldrel-windows-x86_64 | 1.3.1 | 208.00 | 244.00 | 452.00 | OK | --no-vignettes |
Version: 1.3.1
Flags: --no-vignettes
Check: compiled code
Result: NOTE
File ‘lolog/libs/lolog.so’:
Found non-API call to R: ‘SET_TYPEOF’
Compiled code should not call non-API entry points in R.
See ‘Writing portable packages’ in the ‘Writing R Extensions’ manual.
See section ‘Moving into C API compliance’ in the ‘Writing R
Extensions’ manual for issues with use of non-API entry points.
Flavors: r-devel-linux-x86_64-debian-clang, r-devel-linux-x86_64-debian-gcc, r-devel-linux-x86_64-fedora-gcc
Version: 1.3.1
Flags: --no-vignettes
Check: compiled code
Result: NOTE
File ‘lolog/libs/lolog.so’:
Found non-API call to R: ‘SET_TYPEOF’
Compiled code should not call non-API entry points in R.
See ‘Writing portable packages’ in the ‘Writing R Extensions’ manual,
and section ‘Moving into C API compliance’ for issues with the use of
non-API entry points.
Flavor: r-devel-linux-x86_64-fedora-clang
Version: 1.3.1
Flags: --no-vignettes
Check: compiled code
Result: NOTE
File 'lolog/libs/x64/lolog.dll':
Found non-API call to R: 'SET_TYPEOF'
Compiled code should not call non-API entry points in R.
See 'Writing portable packages' in the 'Writing R Extensions' manual.
See section 'Moving into C API compliance' in the 'Writing R
Extensions' manual for issues with use of non-API entry points.
Flavor: r-devel-windows-x86_64
Version: 1.3.1
Check: installed package size
Result: NOTE
installed size is 19.6Mb
sub-directories of 1Mb or more:
libs 18.0Mb
Flavors: r-release-macos-arm64, r-release-macos-x86_64, r-oldrel-macos-arm64, r-oldrel-macos-x86_64