Last updated on 2024-07-02 15:50:42 CEST.
Flavor | Version | Tinstall | Tcheck | Ttotal | Status | Flags |
---|---|---|---|---|---|---|
r-devel-linux-x86_64-debian-clang | 0.1.2 | 3.30 | 30.02 | 33.32 | NOTE | |
r-devel-linux-x86_64-debian-gcc | 0.1.2 | 1.90 | 22.54 | 24.44 | NOTE | |
r-devel-linux-x86_64-fedora-clang | 0.1.2 | 41.53 | NOTE | |||
r-devel-linux-x86_64-fedora-gcc | 0.1.2 | 40.53 | NOTE | |||
r-devel-windows-x86_64 | 0.1.2 | 5.00 | 45.00 | 50.00 | NOTE | |
r-patched-linux-x86_64 | 0.1.2 | 3.78 | 28.52 | 32.30 | NOTE | |
r-release-linux-x86_64 | 0.1.2 | 1.83 | 27.50 | 29.33 | NOTE | |
r-release-macos-arm64 | 0.1.2 | 18.00 | NOTE | |||
r-release-macos-x86_64 | 0.1.2 | 24.00 | NOTE | |||
r-release-windows-x86_64 | 0.1.2 | 4.00 | 46.00 | 50.00 | NOTE | |
r-oldrel-macos-arm64 | 0.1.2 | 18.00 | OK | |||
r-oldrel-macos-x86_64 | 0.1.2 | 20.00 | OK | |||
r-oldrel-windows-x86_64 | 0.1.2 | 5.00 | 48.00 | 53.00 | OK |
Version: 0.1.2
Check: Rd files
Result: NOTE
checkRd: (-1) analysis.Rd:61-62: Lost braces in \itemize; \value handles \item{}{} directly
checkRd: (-1) analysis.Rd:63-64: Lost braces in \itemize; \value handles \item{}{} directly
checkRd: (-1) analysis.Rd:65-66: Lost braces in \itemize; \value handles \item{}{} directly
checkRd: (-1) analysis.Rd:67-68: Lost braces in \itemize; \value handles \item{}{} directly
checkRd: (-1) analysis.Rd:69: Lost braces in \itemize; \value handles \item{}{} directly
Flavors: r-devel-linux-x86_64-debian-clang, r-devel-linux-x86_64-debian-gcc, r-devel-linux-x86_64-fedora-clang, r-devel-linux-x86_64-fedora-gcc, r-devel-windows-x86_64, r-patched-linux-x86_64, r-release-linux-x86_64, r-release-macos-arm64, r-release-macos-x86_64, r-release-windows-x86_64
Version: 0.1.2
Check: data for non-ASCII characters
Result: NOTE
Note: found 12 marked UTF-8 strings
Flavors: r-devel-linux-x86_64-fedora-clang, r-devel-linux-x86_64-fedora-gcc