Last updated on 2024-07-01 03:49:06 CEST.
Flavor | Version | Tinstall | Tcheck | Ttotal | Status | Flags |
---|---|---|---|---|---|---|
r-devel-linux-x86_64-debian-clang | 1.0.11 | 97.48 | 172.68 | 270.16 | OK | |
r-devel-linux-x86_64-debian-gcc | 1.0.11 | 75.48 | 122.67 | 198.15 | OK | |
r-devel-linux-x86_64-fedora-clang | 1.0.11 | 334.42 | OK | |||
r-devel-linux-x86_64-fedora-gcc | 1.0.11 | 382.62 | OK | |||
r-devel-windows-x86_64 | 1.0.11 | 70.00 | 154.00 | 224.00 | OK | |
r-patched-linux-x86_64 | 1.0.11 | 91.91 | 163.25 | 255.16 | OK | |
r-release-linux-x86_64 | 1.0.11 | 87.16 | 163.53 | 250.69 | OK | |
r-release-macos-arm64 | 1.0.11 | 84.00 | NOTE | |||
r-release-macos-x86_64 | 1.0.11 | 127.00 | NOTE | |||
r-release-windows-x86_64 | 1.0.11 | 68.00 | 157.00 | 225.00 | OK | |
r-oldrel-macos-arm64 | 1.0.11 | 112.00 | NOTE | |||
r-oldrel-macos-x86_64 | 1.0.11 | 296.00 | NOTE | |||
r-oldrel-windows-x86_64 | 1.0.11 | 68.00 | 183.00 | 251.00 | OK |
Version: 1.0.11
Check: installed package size
Result: NOTE
installed size is 33.7Mb
sub-directories of 1Mb or more:
doc 1.7Mb
libs 31.7Mb
Flavors: r-release-macos-arm64, r-release-macos-x86_64, r-oldrel-macos-arm64, r-oldrel-macos-x86_64