Last updated on 2024-07-01 03:49:06 CEST.
Flavor | Version | Tinstall | Tcheck | Ttotal | Status | Flags |
---|---|---|---|---|---|---|
r-devel-linux-x86_64-debian-clang | 1.9 | 82.00 | 104.70 | 186.70 | OK | |
r-devel-linux-x86_64-debian-gcc | 1.9 | 61.01 | 81.89 | 142.90 | OK | |
r-devel-linux-x86_64-fedora-clang | 1.9 | 236.88 | OK | |||
r-devel-linux-x86_64-fedora-gcc | 1.9 | 269.60 | OK | |||
r-devel-windows-x86_64 | 1.9 | 57.00 | 111.00 | 168.00 | OK | |
r-patched-linux-x86_64 | 1.9 | 53.61 | 103.80 | 157.41 | OK | |
r-release-linux-x86_64 | 1.9 | 58.99 | 102.41 | 161.40 | OK | |
r-release-macos-arm64 | 1.9 | 66.00 | NOTE | |||
r-release-macos-x86_64 | 1.9 | 91.00 | NOTE | |||
r-release-windows-x86_64 | 1.9 | 58.00 | 111.00 | 169.00 | OK | |
r-oldrel-macos-arm64 | 1.9 | 75.00 | NOTE | |||
r-oldrel-macos-x86_64 | 1.9 | 112.00 | NOTE | |||
r-oldrel-windows-x86_64 | 1.9 | 76.00 | 138.00 | 214.00 | OK |
Version: 1.9
Check: installed package size
Result: NOTE
installed size is 27.9Mb
sub-directories of 1Mb or more:
libs 27.8Mb
Flavors: r-release-macos-arm64, r-release-macos-x86_64, r-oldrel-macos-arm64, r-oldrel-macos-x86_64