Last updated on 2024-07-01 03:49:06 CEST.
Flavor | Version | Tinstall | Tcheck | Ttotal | Status | Flags |
---|---|---|---|---|---|---|
r-devel-linux-x86_64-debian-clang | 1.7-2 | 1.47 | 33.59 | 35.06 | OK | |
r-devel-linux-x86_64-debian-gcc | 1.7-2 | 1.60 | 26.52 | 28.12 | OK | |
r-devel-linux-x86_64-fedora-clang | 1.7-2 | 48.00 | OK | |||
r-devel-linux-x86_64-fedora-gcc | 1.7-2 | 58.03 | OK | |||
r-devel-windows-x86_64 | 1.7-2 | 2.00 | 72.00 | 74.00 | OK | |
r-patched-linux-x86_64 | 1.7-2 | 2.05 | 32.44 | 34.49 | OK | |
r-release-linux-x86_64 | 1.7-2 | 1.85 | 32.85 | 34.70 | OK | |
r-release-macos-arm64 | 1.7-2 | 26.00 | OK | |||
r-release-macos-x86_64 | 1.7-2 | 41.00 | WARN | |||
r-release-windows-x86_64 | 1.7-2 | 4.00 | 72.00 | 76.00 | OK | |
r-oldrel-macos-arm64 | 1.7-2 | 28.00 | OK | |||
r-oldrel-macos-x86_64 | 1.7-2 | 37.00 | OK | |||
r-oldrel-windows-x86_64 | 1.7-2 | 3.00 | 63.00 | 66.00 | OK |
Version: 1.7-2
Check: re-building of vignette outputs
Result: WARN
Error(s) in re-building vignettes:
--- re-building ‘comparison.Rnw’ using knitr
Error: processing vignette 'comparison.Rnw' failed with diagnostics:
Running 'texi2dvi' on 'comparison.tex' failed.
LaTeX errors:
! Undefined control sequence.
l.110 \hlkwd{lm.beta}\hldef
{(}\hlkwd{lm}\hldef{(y} \hlopt{~} \hldef{x,} \hlk...
?
! Emergency stop.
l.110
End of file on the terminal!
! ==> Fatal error occurred, no output PDF file produced!
--- failed re-building ‘comparison.Rnw’
--- re-building ‘implementation.Rnw’ using knitr
--- finished re-building ‘implementation.Rnw’
SUMMARY: processing the following file failed:
‘comparison.Rnw’
Error: Vignette re-building failed.
Execution halted
Flavor: r-release-macos-x86_64